000
CXUS51 KOKX 300703
CF6ISP
PRELIMINARY LOCAL CLIMATOLOGICAL DATA (WS FORM: F-6)

                                          STATION:   ISLIP NY
                                          MONTH:     JULY
                                          YEAR:      2015
                                          LATITUDE:   40 47 N
                                          LONGITUDE:  73  6 W

  TEMPERATURE IN F:       :PCPN:    SNOW:  WIND      :SUNSHINE: SKY     :PK WND
================================================================================
1   2   3   4   5  6A  6B    7    8   9   10  11  12  13   14  15   16   17  18
                                     12Z  AVG MX 2MIN
DY MAX MIN AVG DEP HDD CDD  WTR  SNW DPTH SPD SPD DIR MIN PSBL S-S WX    SPD DR
================================================================================

 1  80  70  75   3   0  10 0.05  0.0    0 10.7 22 210   M    M   5 13     29 240
 2  79  63  71  -2   0   6 0.05  0.0    0  3.3 12 190   M    M   7        14 190
 3  80  62  71  -2   0   6 0.00  0.0    0  7.1 14 360   M    M   5 1      17  10
 4  77  63  70  -3   0   5    T  0.0    0  5.7 14 340   M    M   6 8      17 350
 5  80  61  71  -2   0   6 0.00  0.0    0  6.7 15 190   M    M   7 8      20 190
 6  81  67  74   1   0   9 0.00  0.0    0  6.8 13 160   M    M   7 1      18 170
 7  81  73  77   4   0  12    T  0.0    0  9.8 20 200   M    M   9 1      24 210
 8  87  74  81   7   0  16 0.08  0.0    0  7.3 15 230   M    M   7 18     18 320
 9  74  69  72  -2   0   7 0.41  0.0    0  7.4 15 170   M    M   9 1      19 170
10  82  67  75   1   0  10 0.00  0.0    0  9.7 22 330   M    M   6        27 330
11  87  66  77   3   0  12 0.00  0.0    0  6.6 15 210   M    M   3        18 210
12  86  66  76   2   0  11 0.00  0.0    0  5.4 14 210   M    M   6        17 220
13  82  72  77   3   0  12 0.00  0.0    0  7.8 14 150   M    M   5        18 160
14  80  71  76   2   0  11 0.22  0.0    0  8.1 16 140   M    M   9 18     20 120
15  82  71  77   3   0  12    T  0.0    0  7.7 20  20   M    M   8 1      29  10
16  77  64  71  -3   0   6 0.00  0.0    0 10.3 23  30   M    M   4        29  20
17  77  60  69  -5   0   4 0.00  0.0    0  8.3 18 200   M    M   6        23 170
18  79  71  75   1   0  10 0.46  0.0    0 10.8 17 200   M    M   9 13     22 220
19  88  72  80   6   0  15 0.00  0.0    0  8.4 20 220   M    M   6 1      24 230
20  94  76  85  11   0  20 0.14  0.0    0  7.4 21 260   M    M   4 38     26 270
21  88  74  81   7   0  16    T  0.0    0  5.6 21 230   M    M   7        30 230
22  85  65  75   1   0  10 0.00  0.0    0 11.2 21 290   M    M   3        27 300
23  83  63  73  -1   0   8 0.00  0.0    0  7.1 17 210   M    M   2        22 210
24  84  64  74   0   0   9 0.00  0.0    0  7.2 15 330   M    M   3        21 350
25  81  63  72  -2   0   7 0.00  0.0    0  7.3 14 150   M    M   4        17 160
26  84  72  78   4   0  13    T  0.0    0 11.5 25 210   M    M   7        31 190
27  83  74  79   5   0  14 0.00  0.0    0  7.9 16 160   M    M   7 3      22 160
28  88  73  81   7   0  16 0.00  0.0    0  7.3 15 210   M    M   5        21 210
29  92  71  82   8   0  17 0.00  0.0    0  6.9 17 220   M    M   5 18     22 220
================================================================================
SM 2401 1977         0 310  1.41     0.0 227.3          M      171
================================================================================
AV 82.8 68.2                               7.8 FASTST   M    M   6    MAX(MPH)
                                 MISC ---->  # 25 210               # 31  190
================================================================================
NOTES:
# LAST OF SEVERAL OCCURRENCES

COLUMN 17 PEAK WIND IN M.P.H.

PRELIMINARY LOCAL CLIMATOLOGICAL DATA (WS FORM: F-6) , PAGE 2

                                          STATION:  ISLIP NY
                                          MONTH:    JULY
                                          YEAR:     2015
                                          LATITUDE:   40 47 N
                                          LONGITUDE:  73  6 W

[TEMPERATURE DATA]      [PRECIPITATION DATA]       SYMBOLS USED IN COLUMN 16

AVERAGE MONTHLY: 75.5   TOTAL FOR MONTH:   1.41    1 = FOG OR MIST
DPTR FM NORMAL:   1.8   DPTR FM NORMAL:   -1.77    2 = FOG REDUCING VISIBILITY
HIGHEST:    94 ON 20    GRTST 24HR  0.46 ON 18-18      TO 1/4 MILE OR LESS
LOWEST:     60 ON 17                               3 = THUNDER
                        SNOW, ICE PELLETS, HAIL    4 = ICE PELLETS
                        TOTAL MONTH:   0.0 INCH    5 = HAIL
                        GRTST 24HR     0.0         6 = FREEZING RAIN OR DRIZZLE
                        GRTST DEPTH:   0           7 = DUSTSTORM OR SANDSTORM:
                                                       VSBY 1/2 MILE OR LESS
                                                   8 = SMOKE OR HAZE
[NO. OF DAYS WITH]      [WEATHER - DAYS WITH]      9 = BLOWING SNOW
                                                   X = TORNADO
MAX 32 OR BELOW:   0    0.01 INCH OR MORE:   7
MAX 90 OR ABOVE:   2    0.10 INCH OR MORE:   4
MIN 32 OR BELOW:   0    0.50 INCH OR MORE:   0
MIN  0 OR BELOW:   0    1.00 INCH OR MORE:   0

[HDD (BASE 65) ]
TOTAL THIS MO.     0    CLEAR  (SCALE 0-3)   3
DPTR FM NORMAL     0    PTCLDY (SCALE 4-7)  22
TOTAL FM JUL 1     0    CLOUDY (SCALE 8-10)  4
DPTR FM NORMAL     0

[CDD (BASE 65) ]
TOTAL THIS MO.   310
DPTR FM NORMAL    56    [PRESSURE DATA]
TOTAL FM JAN 1   512    HIGHEST SLP M ON M
DPTR FM NORMAL    94    LOWEST  SLP 29.54 ON 14

[REMARKS]
