000
CXUS51 KOKX 210701
CF6ISP
PRELIMINARY LOCAL CLIMATOLOGICAL DATA (WS FORM: F-6)

                                          STATION:   ISLIP NY
                                          MONTH:     OCTOBER
                                          YEAR:      2014
                                          LATITUDE:   40 47 N
                                          LONGITUDE:  73  6 W

  TEMPERATURE IN F:       :PCPN:    SNOW:  WIND      :SUNSHINE: SKY     :PK WND
================================================================================
1   2   3   4   5  6A  6B    7    8   9   10  11  12  13   14  15   16   17  18
                                     12Z  AVG MX 2MIN
DY MAX MIN AVG DEP HDD CDD  WTR  SNW DPTH SPD SPD DIR MIN PSBL S-S WX    SPD DR
================================================================================

 1  65  59  62   2   3   0 0.05  0.0    0  9.6 16  20   M    M  10 1      21  40
 2  64  57  61   2   4   0    T  0.0    0  8.3 17  20   M    M  10 1      22 360
 3  68  50  59   0   6   0 0.00  0.0    0  4.7 14 120   M    M   4        18 150
 4  69  53  61   3   4   0 0.81  0.0    0 10.9 23 140   M    M   9 1      31 150
 5  61  43  52  -6  13   0 0.00  0.0    0  7.4 18 280   M    M   2        23 290
 6  68  40  54  -4  11   0 0.00  0.0    0  8.8 20 190   M    M   2        25 160
 7  71  64  68  11   0   3    T  0.0    0 13.5 22 210   M    M   8        30 210
 8  74  58  66   9   0   1 0.04  0.0    0 12.3 30 200   M    M   4 3      40 200
 9  66  49  58   2   7   0 0.00  0.0    0   M  17 270   M    M   5        25 270
10  65  43  54  -2  11   0    T  0.0    0  3.5  8 320   M    M   7         M  M
11  57  46  52  -4  13   0 0.50  0.0    0  6.6 14  30   M    M   7 1       M  M
12  63  42  53  -2  12   0 0.00  0.0    0  5.2 15  30   M    M   3        18  20
13  65  42  54  -1  11   0 0.02  0.0    0  5.3 14 160   M    M   8 1      18 160
14  75  63  69  14   0   4 0.00  0.0    0 11.5 21 170   M    M   6        27 170
15  76  68  72  18   0   7 0.09  0.0    0 14.8 20 160   M    M   9 1      32 140
16  71  60  66  12   0   1 1.02  0.0    0 10.7 26 190   M    M   7 1      36 190
17  70  56  63   9   2   0 0.00  0.0    0  9.8 18 200   M    M   3 1      22 220
18  72  56  64  11   1   0 0.00  0.0    0  9.1 21 280   M    M   6        26 280
19  58  42  50  -3  15   0 0.00  0.0    0 12.2 22 330   M    M   7        30 350
20  59  35  47  -6  18   0 0.00  0.0    0  7.4 18 190   M    M   6        26 240
================================================================================
SM 1337 1026       131  16  2.53     0.0 171.6          M      123
================================================================================
AV 66.8 51.3                               9.0 FASTST   M    M   6    MAX(MPH)
                                 MISC ---->  # 30 200               # 40  200
================================================================================
NOTES:
# LAST OF SEVERAL OCCURRENCES

COLUMN 17 PEAK WIND IN M.P.H.

PRELIMINARY LOCAL CLIMATOLOGICAL DATA (WS FORM: F-6) , PAGE 2

                                          STATION:  ISLIP NY
                                          MONTH:    OCTOBER
                                          YEAR:     2014
                                          LATITUDE:   40 47 N
                                          LONGITUDE:  73  6 W

[TEMPERATURE DATA]      [PRECIPITATION DATA]       SYMBOLS USED IN COLUMN 16

AVERAGE MONTHLY: 59.1   TOTAL FOR MONTH:   2.53    1 = FOG OR MIST
DPTR FM NORMAL:   3.1   DPTR FM NORMAL:    0.07    2 = FOG REDUCING VISIBILITY
HIGHEST:    76 ON 15    GRTST 24HR  1.02 ON 16-16      TO 1/4 MILE OR LESS
LOWEST:     35 ON 20                               3 = THUNDER
                        SNOW, ICE PELLETS, HAIL    4 = ICE PELLETS
                        TOTAL MONTH:   0.0 INCH    5 = HAIL
                        GRTST 24HR     0.0         6 = FREEZING RAIN OR DRIZZLE
                        GRTST DEPTH:   0           7 = DUSTSTORM OR SANDSTORM:
                                                       VSBY 1/2 MILE OR LESS
                                                   8 = SMOKE OR HAZE
[NO. OF DAYS WITH]      [WEATHER - DAYS WITH]      9 = BLOWING SNOW
                                                   X = TORNADO
MAX 32 OR BELOW:   0    0.01 INCH OR MORE:   7
MAX 90 OR ABOVE:   0    0.10 INCH OR MORE:   3
MIN 32 OR BELOW:   0    0.50 INCH OR MORE:   3
MIN  0 OR BELOW:   0    1.00 INCH OR MORE:   1

[HDD (BASE 65) ]
TOTAL THIS MO.   131    CLEAR  (SCALE 0-3)   3
DPTR FM NORMAL   -57    PTCLDY (SCALE 4-7)  12
TOTAL FM JUL 1   175    CLOUDY (SCALE 8-10)  5
DPTR FM NORMAL   -90

[CDD (BASE 65) ]
TOTAL THIS MO.    16
DPTR FM NORMAL     7    [PRESSURE DATA]
TOTAL FM JAN 1   887    HIGHEST SLP M ON M
DPTR FM NORMAL   101    LOWEST  SLP 29.50 ON  4

[REMARKS]
