000
CXUS51 KOKX 230702
CF6ISP
PRELIMINARY LOCAL CLIMATOLOGICAL DATA (WS FORM: F-6)

                                          STATION:   ISLIP NY
                                          MONTH:     SEPTEMBER
                                          YEAR:      2017
                                          LATITUDE:   40 47 N
                                          LONGITUDE:  73  6 W

  TEMPERATURE IN F:       :PCPN:    SNOW:  WIND      :SUNSHINE: SKY     :PK WND
================================================================================
1   2   3   4   5  6A  6B    7    8   9   10  11  12  13   14  15   16   17  18
                                     12Z  AVG MX 2MIN
DY MAX MIN AVG DEP HDD CDD  WTR  SNW DPTH SPD SPD DIR MIN PSBL S-S WX    SPD DR
================================================================================

 1  71  53  62  -8   3   0 0.00  0.0    0 10.0 21 340   M    M   4        25 340
 2  66  49  58 -12   7   0 0.52  0.0    0  6.3 15 100   M    M   7 1      20 100
 3  75  58  67  -3   0   2 0.37  0.0    0 11.4 21 290   M    M   8 1      27 290
 4  78  56  67  -3   0   2 0.00  0.0    0 11.6 20 200   M    M   2        27 200
 5  80  69  75   6   0  10 0.00  0.0    0 13.7 24 200   M    M   4 1      31 200
 6  75  61  68  -1   0   3 1.69  0.0    0  7.4 14  10   M    M   8 13     18 210
 7  75  58  67  -2   0   2    T  0.0    0  8.9 17 220   M    M   6        24 200
 8  75  53  64  -4   1   0 0.00  0.0    0  7.3 17 290   M    M   2        23 280
 9  70  54  62  -6   3   0 0.00  0.0    0  9.3 18 330   M    M   2        22 360
10  74  55  65  -3   0   0 0.00  0.0    0  9.1 16  10   M    M   2        24 350
11  77  53  65  -3   0   0 0.00  0.0    0  6.6 14 350   M    M   5        18 360
12  80  56  68   1   0   3 0.00  0.0    0  4.7 13 240   M    M   6        15 210
13  81  57  69   2   0   4    T  0.0    0  6.2 16 200   M    M   5 1      20 220
14  80  68  74   8   0   9    T  0.0    0  8.0 15 170   M    M   8 12     19 220
15  81  65  73   7   0   8 0.00  0.0    0  4.8 13 190   M    M   3 1      17 180
16  80  67  74   8   0   9 0.00  0.0    0  4.2 10 140   M    M   9 1      14 140
17  80  66  73   8   0   8 0.00  0.0    0  4.3 12 140   M    M   9 1      15 150
18  73  66  70   5   0   5    T  0.0    0  8.2 16  50   M    M  10 1      20  30
19  72  68  70   6   0   5 0.71  0.0    0 18.0 26  30   M    M  10 1      36  20
20  78  68  73   9   0   8    T  0.0    0 17.2 28  20   M    M  10 1      36  20
21  76  69  73   9   0   8 0.00  0.0    0 12.2 21 360   M    M   9        29 360
22  81  66  74  11   0   9 0.00  0.0    0 17.2 25 350   M    M   5        34 360
================================================================================
SM 1678 1335        14  95  3.29     0.0 206.6          M      134
================================================================================
AV 76.3 60.7                               9.4 FASTST   M    M   6    MAX(MPH)
                                 MISC ---->  # 28  20               # 36   20
================================================================================
NOTES:
# LAST OF SEVERAL OCCURRENCES

COLUMN 17 PEAK WIND IN M.P.H.

PRELIMINARY LOCAL CLIMATOLOGICAL DATA (WS FORM: F-6) , PAGE 2

                                          STATION:  ISLIP NY
                                          MONTH:    SEPTEMBER
                                          YEAR:     2017
                                          LATITUDE:   40 47 N
                                          LONGITUDE:  73  6 W

[TEMPERATURE DATA]      [PRECIPITATION DATA]       SYMBOLS USED IN COLUMN 16

AVERAGE MONTHLY: 68.5   TOTAL FOR MONTH:   3.29    1 = FOG OR MIST
DPTR FM NORMAL:   1.4   DPTR FM NORMAL:    0.71    2 = FOG REDUCING VISIBILITY
HIGHEST:    81 ON 22,15 GRTST 24HR  1.69 ON  6- 6      TO 1/4 MILE OR LESS
LOWEST:     49 ON  2                               3 = THUNDER
                        SNOW, ICE PELLETS, HAIL    4 = ICE PELLETS
                        TOTAL MONTH:   0.0 INCH    5 = HAIL
                        GRTST 24HR     0.0         6 = FREEZING RAIN OR DRIZZLE
                        GRTST DEPTH:   0           7 = DUSTSTORM OR SANDSTORM:
                                                       VSBY 1/2 MILE OR LESS
                                                   8 = SMOKE OR HAZE
[NO. OF DAYS WITH]      [WEATHER - DAYS WITH]      9 = BLOWING SNOW
                                                   X = TORNADO
MAX 32 OR BELOW:   0    0.01 INCH OR MORE:   4
MAX 90 OR ABOVE:   0    0.10 INCH OR MORE:   4
MIN 32 OR BELOW:   0    0.50 INCH OR MORE:   3
MIN  0 OR BELOW:   0    1.00 INCH OR MORE:   1

[HDD (BASE 65) ]
TOTAL THIS MO.    14    CLEAR  (SCALE 0-3)   5
DPTR FM NORMAL   -20    PTCLDY (SCALE 4-7)   9
TOTAL FM JUL 1    14    CLOUDY (SCALE 8-10)  8
DPTR FM NORMAL   -25

[CDD (BASE 65) ]
TOTAL THIS MO.    95
DPTR FM NORMAL    13    [PRESSURE DATA]
TOTAL FM JAN 1   863    HIGHEST SLP M ON M
DPTR FM NORMAL    95    LOWEST  SLP 29.70 ON  5

[REMARKS]
