000
CXUS52 TJSJ 270450
CF6ISX
PRELIMINARY LOCAL CLIMATOLOGICAL DATA (WS FORM: F-6)

                                          STATION:   HENRY E. ROHLSEN AP/ST CROIX
                                          MONTH:     SEPTEMBER
                                          YEAR:      2016
                                          LATITUDE:   17 42 N
                                          LONGITUDE:  64 48 W

  TEMPERATURE IN F:       :PCPN:    SNOW:  WIND      :SUNSHINE: SKY     :PK WND
================================================================================
1   2   3   4   5  6A  6B    7    8   9   10  11  12  13   14  15   16   17  18
                                     12Z  AVG MX 2MIN
DY MAX MIN AVG DEP HDD CDD  WTR  SNW DPTH SPD SPD DIR MIN PSBL S-S WX    SPD DR
================================================================================

 1  90  80  85   1   0  20 0.24  0.0    0 11.2 25  60   M    M   3 18     33  70
 2  92  79  86   2   0  21    T  0.0    0 12.3 21  90   M    M   3        26 100
 3  92  76  84   0   0  19 0.06  0.0    0 12.8 23  60   M    M   3 18     29  60
 4  93  81  87   3   0  22 0.12  0.0    0 15.0 24  70   M    M   6 1      32  70
 5  87  77  82  -2   0  17 0.32  0.0    0 14.3 37 100   M    M   7 1      49  80
 6  91  76  84   0   0  19 0.00  0.0    0 10.3 21 100   M    M   2        26 100
 7  90  77  84   0   0  19 0.08  0.0    0  8.4 20  80   M    M   4 18     25 120
 8  91  78  85   1   0  20    T  0.0    0  9.2 18 100   M    M   3        24  80
 9  91  78  85   2   0  20 0.01  0.0    0  8.5 15 110   M    M   3        19 100
10  91  78  85   2   0  20 0.09  0.0    0 10.4 20 100   M    M   4 1      24 100
11  90  77  84   1   0  19 0.21  0.0    0  6.4 25 100   M    M   3 18     30 100
12  87  77  82  -1   0  17 0.98  0.0    0  5.8 17  80   M    M   2 18     22  70
13  88  75  82  -1   0  17 0.58  0.0    0  7.5 14 110   M    M   2 1      18  70
14  90  75  83   0   0  18    T  0.0    0  7.3 16 120   M    M   1        21 100
15  89  77  83   0   0  18 0.00  0.0    0  8.4 16  90   M    M   3        22  90
16  89  75  82  -1   0  17 0.06  0.0    0  6.2 16  80   M    M   2        20  80
17  90  74  82  -1   0  17 0.00  0.0    0  7.1 16 120   M    M   2        22 100
18  86  75  81  -2   0  16 0.18  0.0    0  7.2 16 120   M    M   2 1      21 110
19  88  75  82  -1   0  17 0.17  0.0    0  7.5 15 100   M    M   3 1      18  90
20  87  75  81  -2   0  16 0.26  0.0    0  6.3 17  30   M    M   2 1      20  30
21  87  72  80  -3   0  15 0.11  0.0    0  3.5 10 230   M    M   2 1      15 360
22  86  74  80  -3   0  15    T  0.0    0  4.2 10 210   M    M   2        14 220
23  88  73  81  -2   0  16 0.00  0.0    0  5.5 13 110   M    M   2        16 110
24  88  76  82  -1   0  17    T  0.0    0  6.9 16 110   M    M   2        19 110
25  88  75  82  -1   0  17 0.08  0.0    0  5.7 14 100   M    M   3 18     23  90
26  87  73  80  -3   0  15 0.08  0.0    0  6.2 16  90   M    M   2 1      19  90
================================================================================
SM 2316 1978         0 464  3.63     0.0 214.1          M       73
================================================================================
AV 89.1 76.1                               8.2 FASTST   M    M   3    MAX(MPH)
                                 MISC ---->  # 37 100               # 49   80
================================================================================
NOTES:
# LAST OF SEVERAL OCCURRENCES

COLUMN 17 PEAK WIND IN M.P.H.

PRELIMINARY LOCAL CLIMATOLOGICAL DATA (WS FORM: F-6) , PAGE 2

                                          STATION:  HENRY E. ROHLSEN AP/ST CROIX
                                          MONTH:    SEPTEMBER
                                          YEAR:     2016
                                          LATITUDE:   17 42 N
                                          LONGITUDE:  64 48 W

[TEMPERATURE DATA]      [PRECIPITATION DATA]       SYMBOLS USED IN COLUMN 16

AVERAGE MONTHLY: 82.6   TOTAL FOR MONTH:   3.63    1 = FOG OR MIST
DPTR FM NORMAL:  -0.7   DPTR FM NORMAL:   -0.55    2 = FOG REDUCING VISIBILITY
HIGHEST:    93 ON  4    GRTST 24HR  1.27 ON 12-13      TO 1/4 MILE OR LESS
LOWEST:     72 ON 21                               3 = THUNDER
                        SNOW, ICE PELLETS, HAIL    4 = ICE PELLETS
                        TOTAL MONTH:   0.0 INCH    5 = HAIL
                        GRTST 24HR     0.0         6 = FREEZING RAIN OR DRIZZLE
                        GRTST DEPTH:   0           7 = DUSTSTORM OR SANDSTORM:
                                                       VSBY 1/2 MILE OR LESS
                                                   8 = SMOKE OR HAZE
[NO. OF DAYS WITH]      [WEATHER - DAYS WITH]      9 = BLOWING SNOW
                                                   X = TORNADO
MAX 32 OR BELOW:   0    0.01 INCH OR MORE:  17
MAX 90 OR ABOVE:  12    0.10 INCH OR MORE:  10
MIN 32 OR BELOW:   0    0.50 INCH OR MORE:   2
MIN  0 OR BELOW:   0    1.00 INCH OR MORE:   0

[HDD (BASE 65) ]
TOTAL THIS MO.     0    CLEAR  (SCALE 0-3)  21
DPTR FM NORMAL     0    PTCLDY (SCALE 4-7)   5
TOTAL FM JUL 1     0    CLOUDY (SCALE 8-10)  0
DPTR FM NORMAL     0

[CDD (BASE 65) ]
TOTAL THIS MO.   464
DPTR FM NORMAL   -10    [PRESSURE DATA]
TOTAL FM JAN 1  4594    HIGHEST SLP M ON M
DPTR FM NORMAL   267    LOWEST  SLP 29.85 ON M

[REMARKS]
