000
CXUS55 KGLD 280800
CF6ITR
PRELIMINARY LOCAL CLIMATOLOGICAL DATA (WS FORM: F-6)

                                          STATION:   BURLINGTON CO
                                          MONTH:     MARCH
                                          YEAR:      2015
                                          LATITUDE:   39 15 N
                                          LONGITUDE: 102 17 W

  TEMPERATURE IN F:       :PCPN:    SNOW:  WIND      :SUNSHINE: SKY     :PK WND
================================================================================
1   2   3   4   5  6A  6B    7    8   9   10  11  12  13   14  15   16   17  18
                                     12Z  AVG MX 2MIN
DY MAX MIN AVG DEP HDD CDD  WTR  SNW DPTH SPD SPD DIR MIN PSBL S-S WX    SPD DR
================================================================================

 1  32  16  24 -11  41   0    T    T    0  8.2 17 350   M    M   8        24  10
 2  41  22  32  -3  33   0 0.00  0.0    0 19.8 32 180   M    M   7 18     37 180
 3  41  18  30  -6  35   0    T    M    M 14.5 29 230   M    M   7 128    37 220
 4  26  14  20 -16  45   0    T    M    M  9.3 17  50   M    M   5 18     24 350
 5  44  12  28  -8  37   0 0.00    M    M 11.0 18 210   M    M   0        22 210
 6  57  24  41   4  24   0 0.00    M    M 10.3 18 240   M    M   0        22 230
 7  61  26  44   7  21   0 0.00    M    M  7.5 16 190   M    M   0        21 160
 8  56  29  43   6  22   0 0.00    M    M 12.3 20 360   M    M   0        24  30
 9  60  28  44   6  21   0 0.00    M    M 11.6 18 210   M    M   0        30 230
10  66  31  49  11  16   0 0.00    M    M  8.7 16  20   M    M   0        21 330
11  69  29  49  11  16   0 0.00    M    M 10.3 15 180   M    M   0        21 200
12  71  34  53  14  12   0 0.00    M    M  9.0 17 200   M    M   0        21 200
13  65  35  50  11  15   0 0.00    M    M 14.5 29  30   M    M   0        36  30
14  65  28  47   8  18   0 0.00    M    M  9.5 18 200   M    M   0        22 200
15  79  37  58  18   7   0 0.00    M    M 16.1 28 230   M    M   0        34 210
16  87  34  61  21   4   0 0.00    M    M 15.3 38  40   M    M   0 8      45  30
17  51  32  42   2  23   0 0.00    M    M 15.1 28  20   M    M   2        33  40
18  62  34  48   8  17   0 0.00    M    M 12.7 24 170   M    M   1        27 160
19  51  35  43   2  22   0 0.23    M    M  9.1 16 340   M    M   8 1      20 350
20  65  33  49   8  16   0 0.00    M  100  9.4 16 230   M    M   0        21 220
21  68  32  50   9  15   0 0.00    M  100 10.5 21 190   M    M   0        25 170
22  76  38  57  15   8   0 0.00    M    M 13.3 28 320   M    M   0        32 320
23  61  35  48   6  17   0 0.00    M    M 13.1 26 140   M    M   1        34 160
24  65  28  47   5  18   0 0.02    M    M 10.4 39 300   M    M   3 1      50 300
25  47  28  38  -4  27   0 0.07    M  100 12.8 26  20   M    M   5 1      33  10
26  61  26  44   1  21   0    T    M    M 12.9 26 310   M    M   4        36 320
27  70  31  51   8  14   0 0.00    M    M  9.8 24 320   M    M   5        30 300
================================================================================
SM 1597  769       565   0  0.32    T    317.0          M       56
================================================================================
AV 59.1 28.5                              11.7 FASTST   M    M   2    MAX(MPH)
                                 MISC ---->  # 39 300               # 50  300
================================================================================
NOTES:
# LAST OF SEVERAL OCCURRENCES

COLUMN 17 PEAK WIND IN M.P.H.

PRELIMINARY LOCAL CLIMATOLOGICAL DATA (WS FORM: F-6) , PAGE 2

                                          STATION:  BURLINGTON CO
                                          MONTH:    MARCH
                                          YEAR:     2015
                                          LATITUDE:   39 15 N
                                          LONGITUDE: 102 17 W

[TEMPERATURE DATA]      [PRECIPITATION DATA]       SYMBOLS USED IN COLUMN 16

AVERAGE MONTHLY: 43.8   TOTAL FOR MONTH:   0.32    1 = FOG OR MIST
DPTR FM NORMAL:   4.7   DPTR FM NORMAL:   -0.42    2 = FOG REDUCING VISIBILITY
HIGHEST:    87 ON 16    GRTST 24HR  0.23 ON 19-19      TO 1/4 MILE OR LESS
LOWEST:     12 ON  5                               3 = THUNDER
                        SNOW, ICE PELLETS, HAIL    4 = ICE PELLETS
                        TOTAL MONTH:    T          5 = HAIL
                        GRTST 24HR    T  ON  1- 1  6 = FREEZING RAIN OR DRIZZLE
                        GRTST DEPTH:  99 ON M      7 = DUSTSTORM OR SANDSTORM:
                                                       VSBY 1/2 MILE OR LESS
                                                   8 = SMOKE OR HAZE
[NO. OF DAYS WITH]      [WEATHER - DAYS WITH]      9 = BLOWING SNOW
                                                   X = TORNADO
MAX 32 OR BELOW:   2    0.01 INCH OR MORE:   3
MAX 90 OR ABOVE:   0    0.10 INCH OR MORE:   1
MIN 32 OR BELOW:  18    0.50 INCH OR MORE:   0
MIN  0 OR BELOW:   0    1.00 INCH OR MORE:   0

[HDD (BASE 65) ]
TOTAL THIS MO.   565    CLEAR  (SCALE 0-3)  19
DPTR FM NORMAL  -133    PTCLDY (SCALE 4-7)   8
TOTAL FM JUL 1  4830    CLOUDY (SCALE 8-10)  0
DPTR FM NORMAL  -415

[CDD (BASE 65) ]
TOTAL THIS MO.     0
DPTR FM NORMAL     0    [PRESSURE DATA]
TOTAL FM JAN 1     0    HIGHEST SLP M ON M
DPTR FM NORMAL     0    LOWEST  SLP 29.53 ON  2

[REMARKS]
