000
CXUS54 KMEG 290634
CF6JBR
PRELIMINARY LOCAL CLIMATOLOGICAL DATA (WS FORM: F-6)

                                          STATION:   JONESBORO
                                          MONTH:     AUGUST
                                          YEAR:      2015
                                          LATITUDE:   35 49 N
                                          LONGITUDE:  90 39 W

  TEMPERATURE IN F:       :PCPN:    SNOW:  WIND      :SUNSHINE: SKY     :PK WND
================================================================================
1   2   3   4   5  6A  6B    7    8   9   10  11  12  13   14  15   16   17  18
                                     12Z  AVG MX 2MIN
DY MAX MIN AVG DEP HDD CDD  WTR  SNW DPTH SPD SPD DIR MIN PSBL S-S WX    SPD DR
================================================================================

 1  92  68  80  -1   0  15 0.00  0.0    0  2.7  9  20   M    M   0        14 330
 2  92  68  80  -1   0  15 0.00  0.0    0  3.1  9 290   M    M   0        13 220
 3  96  69  83   2   0  18 0.00  0.0    0  4.1 12 210   M    M   0        16 260
 4  93  71  82   1   0  17 0.00  0.0    0  4.3 14 240   M    M   0        17 240
 5  84  68  76  -5   0  11 3.34  0.0    0  6.6 30 270   M    M   5 13     38 280
 6  86  68  77  -4   0  12 0.02  0.0    0  5.5 13 270   M    M   5 13     17 280
 7  86  69  78  -3   0  13 0.04  0.0    0  4.8 16 350   M    M   4 13     26 340
 8  86  72  79  -2   0  14 0.00  0.0    0  6.8 15 120   M    M   1 1      19 120
 9  90  69  80  -1   0  15 0.00  0.0    0  4.9 12 190   M    M   0 1      16 150
10  86  70  78  -3   0  13 1.16  0.0    0  6.0 25  20   M    M   2 13     34  10
11  87  72  80  -1   0  15 0.00  0.0    0  6.2 14  20   M    M   2        21  50
12  85  68  77  -3   0  12 0.00  0.0    0  6.6 14  70   M    M   1        19  50
13  84  63  74  -6   0   9 0.00  0.0    0  4.4 13  70   M    M   0        16  60
14  84  65  75  -5   0  10 0.00  0.0    0  6.6 16  70   M    M   0        20  70
15  87  68  78  -2   0  13 0.00  0.0    0  7.3 15  50   M    M   1        18  50
16  88  66  77  -3   0  12 0.00  0.0    0  6.5 14 110   M    M   1 1      17 120
17  87  67  77  -3   0  12 0.00  0.0    0  4.0 10 130   M    M   1        14  90
18  89  67  78  -2   0  13 0.00  0.0    0  6.9 17 170   M    M   1 1      23 170
19  77  64  71  -9   0   6 0.93  0.0    0  6.8 14 220   M    M   7 13     18 320
20  78  59  69 -11   0   4 0.00  0.0    0  3.3 13  80   M    M   0        17  50
21  82  60  71  -9   0   6 0.00  0.0    0  5.4 14 110   M    M   3        17 110
22  82  67  75  -4   0  10 0.06  0.0    0  4.6 18 200   M    M   5 13     22 200
23  85  68  77  -2   0  12 0.07  0.0    0  4.9 14 280   M    M   3 1      22 260
24  78  61  70  -9   0   5 0.00  0.0    0  4.7 13  50   M    M   0        19  10
25  82  58  70  -9   0   5 0.00  0.0    0  5.0 10 340   M    M   0        14 340
26  81  54  68 -11   0   3 0.00  0.0    0  5.0 13  20   M    M   0        18  40
27  80  57  69  -9   0   4 0.00  0.0    0  4.6 12  60   M    M   1        16  20
28  84  58  71  -7   0   6 0.00  0.0    0  4.2 12 150   M    M   1        19 140
================================================================================
SM 2391 1834         0 300  5.62     0.0 145.8          M       44
================================================================================
AV 85.4 65.5                               5.2 FASTST   M    M   2    MAX(MPH)
                                 MISC ---->  # 30 270               # 38  280
================================================================================
NOTES:
# LAST OF SEVERAL OCCURRENCES

COLUMN 17 PEAK WIND IN M.P.H.

PRELIMINARY LOCAL CLIMATOLOGICAL DATA (WS FORM: F-6) , PAGE 2

                                          STATION:  JONESBORO
                                          MONTH:    AUGUST
                                          YEAR:     2015
                                          LATITUDE:   35 49 N
                                          LONGITUDE:  90 39 W

[TEMPERATURE DATA]      [PRECIPITATION DATA]       SYMBOLS USED IN COLUMN 16

AVERAGE MONTHLY: 75.4   TOTAL FOR MONTH:   5.62    1 = FOG OR MIST
DPTR FM NORMAL:  -4.6   DPTR FM NORMAL:    3.34    2 = FOG REDUCING VISIBILITY
HIGHEST:    96 ON  3    GRTST 24HR  3.36 ON  5- 6      TO 1/4 MILE OR LESS
LOWEST:     54 ON 26                               3 = THUNDER
                        SNOW, ICE PELLETS, HAIL    4 = ICE PELLETS
                        TOTAL MONTH:   0.0 INCH    5 = HAIL
                        GRTST 24HR     0.0         6 = FREEZING RAIN OR DRIZZLE
                        GRTST DEPTH:   0           7 = DUSTSTORM OR SANDSTORM:
                                                       VSBY 1/2 MILE OR LESS
                                                   8 = SMOKE OR HAZE
[NO. OF DAYS WITH]      [WEATHER - DAYS WITH]      9 = BLOWING SNOW
                                                   X = TORNADO
MAX 32 OR BELOW:   0    0.01 INCH OR MORE:   7
MAX 90 OR ABOVE:   5    0.10 INCH OR MORE:   3
MIN 32 OR BELOW:   0    0.50 INCH OR MORE:   3
MIN  0 OR BELOW:   0    1.00 INCH OR MORE:   2

[HDD (BASE 65) ]
TOTAL THIS MO.     0    CLEAR  (SCALE 0-3)  23
DPTR FM NORMAL     0    PTCLDY (SCALE 4-7)   5
TOTAL FM JUL 1     0    CLOUDY (SCALE 8-10)  0
DPTR FM NORMAL     0

[CDD (BASE 65) ]
TOTAL THIS MO.   300
DPTR FM NORMAL  -122    [PRESSURE DATA]
TOTAL FM JAN 1  1437    HIGHEST SLP M ON M
DPTR FM NORMAL   -72    LOWEST  SLP 29.80 ON 18

[REMARKS]
