000
CXUS53 KBIS 271017
CF6JMS
PRELIMINARY LOCAL CLIMATOLOGICAL DATA (WS FORM: F-6)

                                          STATION:   JAMESTOWN ND
                                          MONTH:     APRIL
                                          YEAR:      2017
                                          LATITUDE:   46 55 N
                                          LONGITUDE:  98 40 W

  TEMPERATURE IN F:       :PCPN:    SNOW:  WIND      :SUNSHINE: SKY     :PK WND
================================================================================
1   2   3   4   5  6A  6B    7    8   9   10  11  12  13   14  15   16   17  18
                                     12Z  AVG MX 2MIN
DY MAX MIN AVG DEP HDD CDD  WTR  SNW DPTH SPD SPD DIR MIN PSBL S-S WX    SPD DR
================================================================================

 1  63  38  51  16  14   0    T    M    M  7.8 14 200   M    M   6 12     18 140
 2  60  36  48  12  17   0 0.00    M    M 12.2 21 190   M    M   2        25 180
 3  58  30  44   8  21   0 0.00    M    M  6.7 16 360   M    M   1        21  20
 4  56  30  43   6  22   0 0.03    M    M  6.3 23 330   M    M   6        27 310
 5  45  28  37   0  28   0 0.08    M    M  7.2 15  40   M    M   7 1      18  40
 6  53  23  38   0  27   0 0.00    M    M  6.0 12 140   M    M   0        18 150
 7  68  33  51  13  14   0 0.00    M    M 17.8 33 170   M    M   0        41 180
 8  71  38  55  16  10   0 0.00    M    M 10.4 28 340   M    M   2        33 340
 9  52  28  40   0  25   0 0.00    M    M 16.1 29  20   M    M   5        35  10
10  45  25  35  -5  30   0 0.00    M    M 15.5 25  10   M    M   4        35 360
11  61  22  42   2  23   0    T    M    M  6.5 16 150   M    M   2        22 200
12  64  29  47   6  18   0 0.00    M    M  4.9 12  60   M    M   0 12     14  60
13  64  30  47   5  18   0 0.00    M    M 14.8 29 140   M    M   1        38 150
14  75  48  62  20   3   0    T    M    M 18.1 36 180   M    M   8 128    44 180
15  65  39  52  10  13   0 0.00    M    M 10.0 31 290   M    M   5        40 300
16  56  30  43   0  22   0 0.00    M    M 16.7 29 320   M    M   2        35 310
17  50  26  38  -6  27   0 0.41    M    M 11.0 28 100   M    M   6 13     38 100
18  51  36  44   0  21   0 0.58    M    M 12.0 28 100   M    M   6 13     34 100
19  47  33  40  -4  25   0 0.06    M    M  5.7 13 110   M    M   4 1      16 130
20  57  38  48   3  17   0 0.11    M    M  8.6 15 300   M    M   8 1      19 300
21  61  32  47   2  18   0 0.00    M    M  3.0 10 250   M    M   2 12     13 230
22  68  34  51   5  14   0 0.00    M    M 12.8 26  40   M    M   3        33  40
23  36  28  32 -14  33   0    T    M    M 19.1 28  60   M    M  10        35  60
24  36  32  34 -13  31   0 0.13    M    M 14.9 22 360   M    M  10 1      28  70
25  32  29  31 -16  34   0 0.00    M    M 20.0 29  10   M    M  10        35  10
26  32  28  30 -18  35   0    T    M    M 15.7 23 360   M    M  10 1      27 360
================================================================================
SM 1426  823       560   0  1.40    M    299.8          M      120
================================================================================
AV 54.9 31.7                              11.5 FASTST   M    M   5    MAX(MPH)
                                 MISC ---->  # 36 180               # 44  180
================================================================================
NOTES:
# LAST OF SEVERAL OCCURRENCES

COLUMN 17 PEAK WIND IN M.P.H.

PRELIMINARY LOCAL CLIMATOLOGICAL DATA (WS FORM: F-6) , PAGE 2

                                          STATION:  JAMESTOWN ND
                                          MONTH:    APRIL
                                          YEAR:     2017
                                          LATITUDE:   46 55 N
                                          LONGITUDE:  98 40 W

[TEMPERATURE DATA]      [PRECIPITATION DATA]       SYMBOLS USED IN COLUMN 16

AVERAGE MONTHLY: 43.3   TOTAL FOR MONTH:   1.40    1 = FOG OR MIST
DPTR FM NORMAL:   1.6   DPTR FM NORMAL:    0.44    2 = FOG REDUCING VISIBILITY
HIGHEST:    75 ON 14    GRTST 24HR  0.58 ON 18-18      TO 1/4 MILE OR LESS
LOWEST:     22 ON 11                               3 = THUNDER
                        SNOW, ICE PELLETS, HAIL    4 = ICE PELLETS
                        TOTAL MONTH:    M          5 = HAIL
                        GRTST 24HR    M  ON   M    6 = FREEZING RAIN OR DRIZZLE
                        GRTST DEPTH:  M  ON   M    7 = DUSTSTORM OR SANDSTORM:
                                                       VSBY 1/2 MILE OR LESS
                                                   8 = SMOKE OR HAZE
[NO. OF DAYS WITH]      [WEATHER - DAYS WITH]      9 = BLOWING SNOW
                                                   X = TORNADO
MAX 32 OR BELOW:   2    0.01 INCH OR MORE:   7
MAX 90 OR ABOVE:   0    0.10 INCH OR MORE:   4
MIN 32 OR BELOW:  16    0.50 INCH OR MORE:   1
MIN  0 OR BELOW:   0    1.00 INCH OR MORE:   0

[HDD (BASE 65) ]
TOTAL THIS MO.   560    CLEAR  (SCALE 0-3)  10
DPTR FM NORMAL   -51    PTCLDY (SCALE 4-7)  11
TOTAL FM JUL 1  7724    CLOUDY (SCALE 8-10)  5
DPTR FM NORMAL  -807

[CDD (BASE 65) ]
TOTAL THIS MO.     0
DPTR FM NORMAL     0    [PRESSURE DATA]
TOTAL FM JAN 1     0    HIGHEST SLP M ON M
DPTR FM NORMAL     0    LOWEST  SLP 29.43 ON  8

[REMARKS]
