000
CXUS53 KBIS 260726
CF6JMS
PRELIMINARY LOCAL CLIMATOLOGICAL DATA (WS FORM: F-6)

                                          STATION:   JAMESTOWN ND
                                          MONTH:     JULY
                                          YEAR:      2016
                                          LATITUDE:   46 55 N
                                          LONGITUDE:  98 40 W

  TEMPERATURE IN F:       :PCPN:    SNOW:  WIND      :SUNSHINE: SKY     :PK WND
================================================================================
1   2   3   4   5  6A  6B    7    8   9   10  11  12  13   14  15   16   17  18
                                     12Z  AVG MX 2MIN
DY MAX MIN AVG DEP HDD CDD  WTR  SNW DPTH SPD SPD DIR MIN PSBL S-S WX    SPD DR
================================================================================

 1  73  45  59  -9   6   0    T    M    M  5.7 14 180   M    M   2 8      21 180
 2  77  56  67  -1   0   2 0.00    M    M  6.4 14 160   M    M   6        17 170
 3  80  56  68   0   0   3 0.08    M    M 13.1 26 170   M    M   2 3      34 170
 4  90  61  76   7   0  11 0.00    M    M  7.1 24 210   M    M   0 3      32 210
 5  80  58  69   0   0   4 0.00    M    M  7.4 26 350   M    M   1        34 360
 6  78  57  68  -1   0   3 0.65    M    M  6.2 13  80   M    M   1 1      16  80
 7  76  59  68  -1   0   3 0.26    M    M  9.2 29 320   M    M   6 1      35 310
 8  77  56  67  -2   0   2 0.00    M    M  7.1 15 320   M    M   3 1      17 330
 9  82  54  68  -1   0   3 0.96    M    M 10.7 35  30   M    M   2 13     53  30
10  83  61  72   2   0   7 0.98    M    M  9.7 40 230   M    M   3 13     53 250
11  74  60  67  -3   0   2 0.86    M    M  9.5 28 150   M    M   8 13     37 290
12  79  60  70   0   0   5 0.00    M    M 18.2 31 260   M    M   2        41 250
13  77  62  70   0   0   5    T    M    M 19.7 36 310   M    M   7        44 310
14  70  57  64  -6   1   0 0.00    M    M 10.7 22 320   M    M   7 1      27 330
15  77  52  65  -5   0   0    T    M    M  3.5 10 130   M    M   3        13 170
16  76  55  66  -4   0   1 0.08    M    M  9.0 33 320   M    M   5 13     41 320
17  80  59  70   0   0   5 0.00    M    M 11.0 21 310   M    M   3        25 330
18  84  56  70   0   0   5 0.00    M    M  5.4 15 170   M    M   0        20 170
19  89  63  76   6   0  11 0.00    M    M 10.7 23 180   M    M   3        30 170
20  92  69  81  11   0  16 0.00    M    M  8.9 33 360   M    M   4 123    48 350
21  89  67  78   8   0  13 0.00    M    M  3.8 12 340   M    M   0        13 340
22  88  66  77   7   0  12 0.01    M    M  6.8 35 230   M    M   1        44 220
23  79  65  72   2   0   7 0.01    M    M  8.4 35 320   M    M   4 13     39 310
24  80  60  70   0   0   5 0.00    M    M 12.0 26 310   M    M   0        33 290
25  90  58  74   3   0   9    T    M    M  6.4 21 190   M    M   0        26 200
================================================================================
SM 2020 1472         7 134  3.89    M    226.6          M       73
================================================================================
AV 80.8 58.9                               9.1 FASTST   M    M   3    MAX(MPH)
                                 MISC ---->  # 40 230               # 53   30
================================================================================
NOTES:
# LAST OF SEVERAL OCCURRENCES

COLUMN 17 PEAK WIND IN M.P.H.

PRELIMINARY LOCAL CLIMATOLOGICAL DATA (WS FORM: F-6) , PAGE 2

                                          STATION:  JAMESTOWN ND
                                          MONTH:    JULY
                                          YEAR:     2016
                                          LATITUDE:   46 55 N
                                          LONGITUDE:  98 40 W

[TEMPERATURE DATA]      [PRECIPITATION DATA]       SYMBOLS USED IN COLUMN 16

AVERAGE MONTHLY: 69.8   TOTAL FOR MONTH:   3.89    1 = FOG OR MIST
DPTR FM NORMAL:   0.3   DPTR FM NORMAL:    1.04    2 = FOG REDUCING VISIBILITY
HIGHEST:    92 ON 20    GRTST 24HR  1.78 ON 10-11      TO 1/4 MILE OR LESS
LOWEST:     45 ON  1                               3 = THUNDER
                        SNOW, ICE PELLETS, HAIL    4 = ICE PELLETS
                        TOTAL MONTH:    M          5 = HAIL
                        GRTST 24HR    M  ON   M    6 = FREEZING RAIN OR DRIZZLE
                        GRTST DEPTH:  M  ON   M    7 = DUSTSTORM OR SANDSTORM:
                                                       VSBY 1/2 MILE OR LESS
                                                   8 = SMOKE OR HAZE
[NO. OF DAYS WITH]      [WEATHER - DAYS WITH]      9 = BLOWING SNOW
                                                   X = TORNADO
MAX 32 OR BELOW:   0    0.01 INCH OR MORE:   9
MAX 90 OR ABOVE:   3    0.10 INCH OR MORE:   5
MIN 32 OR BELOW:   0    0.50 INCH OR MORE:   4
MIN  0 OR BELOW:   0    1.00 INCH OR MORE:   0

[HDD (BASE 65) ]
TOTAL THIS MO.     7    CLEAR  (SCALE 0-3)  17
DPTR FM NORMAL   -12    PTCLDY (SCALE 4-7)   8
TOTAL FM JUL 1     7    CLOUDY (SCALE 8-10)  0
DPTR FM NORMAL   -12

[CDD (BASE 65) ]
TOTAL THIS MO.   134
DPTR FM NORMAL    -5    [PRESSURE DATA]
TOTAL FM JAN 1   252    HIGHEST SLP M ON M
DPTR FM NORMAL    13    LOWEST  SLP 29.46 ON M

[REMARKS]
