000
CXUS53 KBIS 280730
CF6JMS
PRELIMINARY LOCAL CLIMATOLOGICAL DATA (WS FORM: F-6)

                                          STATION:   JAMESTOWN ND
                                          MONTH:     FEBRUARY
                                          YEAR:      2015
                                          LATITUDE:   46 55 N
                                          LONGITUDE:  98 40 W

  TEMPERATURE IN F:       :PCPN:    SNOW:  WIND      :SUNSHINE: SKY     :PK WND
================================================================================
1   2   3   4   5  6A  6B    7    8   9   10  11  12  13   14  15   16   17  18
                                     12Z  AVG MX 2MIN
DY MAX MIN AVG DEP HDD CDD  WTR  SNW DPTH SPD SPD DIR MIN PSBL S-S WX    SPD DR
================================================================================

 1   5  -9  -2 -13  67   0 0.00    M    M 11.2 21  10   M    M   4        26  10
 2  19  -2   9  -2  56   0 0.00    M    M  8.6 22 350   M    M   2        25 330
 3  15   0   8  -4  57   0 0.03    M    M  4.6 12 310   M    M  10 1      14 310
 4   4 -12  -4 -16  69   0 0.00    M    M 10.5 17 180   M    M   1        21 180
 5  27  -4  12   0  53   0 0.00    M    M  8.7 22 200   M    M   2        27 200
 6  25  13  19   7  46   0 0.00    M    M 10.4 18  70   M    M   5 1      23  70
 7  37  13  25  13  40   0 0.00    M    M  6.2 13  10   M    M   5 18     16  30
 8  23  12  18   5  47   0    T    M    M  8.8 17  20   M    M  10 16     19  20
 9  21  13  17   4  48   0 0.00    M    M  8.0 16 110   M    M  10 16     21 100
10  31  12  22   9  43   0 0.05    M    M 16.4 33 320   M    M  10 168    45 320
11  13  -9   2 -12  63   0    T    M    M 18.5 31 340   M    M   4 89     38 350
12  13 -12   1 -13  64   0 0.01    M    M  9.9 23 180   M    M   5 8      27 180
13  24  10  17   3  48   0    T    M    M 13.0 25  20   M    M   8 89     31  20
14  10 -12  -1 -16  66   0 0.01    M    M 11.9 29  10   M    M   5 89     35  20
15  18  -5   7  -8  58   0    T    M    M 11.5 18 300   M    M  10 18     25 130
16  19   5  12  -3  53   0    T    M    M 12.7 23 330   M    M   8 18     28 340
17   6  -9  -1 -17  66   0    T    M    M 17.5 30 310   M    M   7 189    36 310
18   4 -15  -5 -21  70   0 0.00    M    M  9.1 17 320   M    M   2 8      24 310
19  17 -16   1 -15  64   0    T    M    M 11.6 22 180   M    M   6 8      26 170
20  30  13  22   5  43   0    T    M    M 11.2 21 340   M    M  10 1      24 360
21  13 -10   2 -15  63   0    T    M    M 13.9 22 330   M    M   6 18     26 330
22  -4 -22 -13 -31  78   0 0.00    M    M  9.7 17 300   M    M   0        22 310
23  32 -16   8 -10  57   0 0.00    M    M 15.8 28 230   M    M   3        37 220
24  31  12  22   4  43   0    T    M    M 13.9 31 360   M    M   9 1      37 360
25  12  -9   2 -17  63   0 0.05    M    M 13.4 22 350   M    M   6 19     26 350
26   3 -15  -6 -25  71   0 0.00    M    M 11.1 20 320   M    M   0        24 330
27  16 -13   2 -18  63   0 0.00    M    M  9.2 15 190   M    M   0        18 190
================================================================================
SM  464  -87      1559   0  0.15    M    307.3          M      148
================================================================================
AV 17.2 -3.2                              11.4 FASTST   M    M   5    MAX(MPH)
                                 MISC ---->  # 33 320               # 45  320
================================================================================
NOTES:
# LAST OF SEVERAL OCCURRENCES

COLUMN 17 PEAK WIND IN M.P.H.

PRELIMINARY LOCAL CLIMATOLOGICAL DATA (WS FORM: F-6) , PAGE 2

                                          STATION:  JAMESTOWN ND
                                          MONTH:    FEBRUARY
                                          YEAR:     2015
                                          LATITUDE:   46 55 N
                                          LONGITUDE:  98 40 W

[TEMPERATURE DATA]      [PRECIPITATION DATA]       SYMBOLS USED IN COLUMN 16

AVERAGE MONTHLY:  7.0   TOTAL FOR MONTH:   0.15    1 = FOG OR MIST
DPTR FM NORMAL:  -7.9   DPTR FM NORMAL:   -0.23    2 = FOG REDUCING VISIBILITY
HIGHEST:    37 ON  7    GRTST 24HR  0.05 ON 25-25      TO 1/4 MILE OR LESS
LOWEST:    -22 ON 22                               3 = THUNDER
                        SNOW, ICE PELLETS, HAIL    4 = ICE PELLETS
                        TOTAL MONTH:    M          5 = HAIL
                        GRTST 24HR    M  ON   M    6 = FREEZING RAIN OR DRIZZLE
                        GRTST DEPTH:  M  ON   M    7 = DUSTSTORM OR SANDSTORM:
                                                       VSBY 1/2 MILE OR LESS
                                                   8 = SMOKE OR HAZE
[NO. OF DAYS WITH]      [WEATHER - DAYS WITH]      9 = BLOWING SNOW
                                                   X = TORNADO
MAX 32 OR BELOW:  26    0.01 INCH OR MORE:   5
MAX 90 OR ABOVE:   0    0.10 INCH OR MORE:   0
MIN 32 OR BELOW:  27    0.50 INCH OR MORE:   0
MIN  0 OR BELOW:  18    1.00 INCH OR MORE:   0

[HDD (BASE 65) ]
TOTAL THIS MO.  1559    CLEAR  (SCALE 0-3)   7
DPTR FM NORMAL   207    PTCLDY (SCALE 4-7)  12
TOTAL FM JUL 1  6684    CLOUDY (SCALE 8-10)  8
DPTR FM NORMAL   -30

[CDD (BASE 65) ]
TOTAL THIS MO.     0
DPTR FM NORMAL     0    [PRESSURE DATA]
TOTAL FM JAN 1     0    HIGHEST SLP M ON M
DPTR FM NORMAL     0    LOWEST  SLP 29.57 ON  7

[REMARKS]
