000
CXUS53 KBIS 270728
CF6JMS
PRELIMINARY LOCAL CLIMATOLOGICAL DATA (WS FORM: F-6)

                                          STATION:   JAMESTOWN ND
                                          MONTH:     JANUARY
                                          YEAR:      2015
                                          LATITUDE:   46 55 N
                                          LONGITUDE:  98 40 W

  TEMPERATURE IN F:       :PCPN:    SNOW:  WIND      :SUNSHINE: SKY     :PK WND
================================================================================
1   2   3   4   5  6A  6B    7    8   9   10  11  12  13   14  15   16   17  18
                                     12Z  AVG MX 2MIN
DY MAX MIN AVG DEP HDD CDD  WTR  SNW DPTH SPD SPD DIR MIN PSBL S-S WX    SPD DR
================================================================================

 1  28  16  22  11  43   0    T    M    M 11.6 23 300   M    M  10        30 270
 2  36  17  27  17  38   0 0.00    M    M 11.0 23 170   M    M   8        28 180
 3  24 -10   7  -3  58   0 0.04    M    M 19.4 33 360   M    M   6 189    42 360
 4  -8 -13 -10 -20  75   0    T    M    M 14.9 26 310   M    M   2 8      34 300
 5  -1 -15  -8 -18  73   0 0.02    M    M  8.7 20 290   M    M   4        24 300
 6   3  -8  -2 -12  67   0 0.00    M    M 19.9 30 320   M    M   2 9      37 330
 7   1 -12  -5 -15  70   0 0.00    M    M 14.0 23 180   M    M   0        29 320
 8  14  -1   7  -3  58   0 0.02    M    M 25.7 39 330   M    M  10 1289   49 330
 9   5  -4   1  -9  64   0 0.00    M    M 16.5 29 310   M    M   2 8      38 320
10   8 -11  -1 -11  66   0    T    M    M  6.3 15 340   M    M   1        18 340
11  12  -4   4  -6  61   0    T    M    M  8.0 18 330   M    M   5        24 320
12   1 -19  -9 -19  74   0 0.00    M    M  7.0 14 350   M    M   0        17 340
13  17 -10   4  -6  61   0 0.00    M    M 11.9 21 180   M    M   2        25 180
14  31  12  22  12  43   0    T    M    M  9.7 21 300   M    M   6        24 300
15  35  21  28  18  37   0 0.00    M    M 10.5 21 290   M    M   1 1      25 300
16  32  14  23  13  42   0    T    M    M 11.9 21  80   M    M  10 126    25  90
17  39  30  35  25  30   0    T    M    M 22.0 37 320   M    M   3 16     43 330
18  37  20  29  19  36   0 0.00    M    M  7.9 16 300   M    M   1        21 300
19  38  21  30  20  35   0 0.00    M    M  6.9 15 310   M    M   8 1      19 310
20  30  26  28  18  37   0 0.04    M    M  6.6 14 350   M    M  10 16     16 350
21  27   5  16   6  49   0 0.00    M    M  8.2 16 350   M    M   9 1      19 360
22  37   5  21  11  44   0 0.00    M    M 13.3 24 220   M    M   3        31 220
23  42  26  34  24  31   0 0.00    M    M 12.6 21 300   M    M   1        26 270
24  34  24  29  19  36   0 0.14    M    M 10.9 16 360   M    M   6 16     20 280
25  36  19  28  18  37   0 0.01    M    M  6.8 16 200   M    M   9 1      20 190
26  41  25  33  23  32   0 0.00    M    M 12.9 24 330   M    M   2        32 320
================================================================================
SM  599  174      1297   0  0.27    M    315.1          M      121
================================================================================
AV 23.0  6.7                              12.1 FASTST   M    M   5    MAX(MPH)
                                 MISC ---->  # 39 330               # 49  330
================================================================================
NOTES:
# LAST OF SEVERAL OCCURRENCES

COLUMN 17 PEAK WIND IN M.P.H.

PRELIMINARY LOCAL CLIMATOLOGICAL DATA (WS FORM: F-6) , PAGE 2

                                          STATION:  JAMESTOWN ND
                                          MONTH:    JANUARY
                                          YEAR:     2015
                                          LATITUDE:   46 55 N
                                          LONGITUDE:  98 40 W

[TEMPERATURE DATA]      [PRECIPITATION DATA]       SYMBOLS USED IN COLUMN 16

AVERAGE MONTHLY: 14.9   TOTAL FOR MONTH:   0.27    1 = FOG OR MIST
DPTR FM NORMAL:   4.8   DPTR FM NORMAL:   -0.12    2 = FOG REDUCING VISIBILITY
HIGHEST:    42 ON 23    GRTST 24HR  0.15 ON 24-25      TO 1/4 MILE OR LESS
LOWEST:    -19 ON 12                               3 = THUNDER
                        SNOW, ICE PELLETS, HAIL    4 = ICE PELLETS
                        TOTAL MONTH:    M          5 = HAIL
                        GRTST 24HR    M  ON   M    6 = FREEZING RAIN OR DRIZZLE
                        GRTST DEPTH:  M  ON   M    7 = DUSTSTORM OR SANDSTORM:
                                                       VSBY 1/2 MILE OR LESS
                                                   8 = SMOKE OR HAZE
[NO. OF DAYS WITH]      [WEATHER - DAYS WITH]      9 = BLOWING SNOW
                                                   X = TORNADO
MAX 32 OR BELOW:  16    0.01 INCH OR MORE:   6
MAX 90 OR ABOVE:   0    0.10 INCH OR MORE:   1
MIN 32 OR BELOW:  26    0.50 INCH OR MORE:   0
MIN  0 OR BELOW:  11    1.00 INCH OR MORE:   0

[HDD (BASE 65) ]
TOTAL THIS MO.  1297    CLEAR  (SCALE 0-3)  12
DPTR FM NORMAL  -131    PTCLDY (SCALE 4-7)   7
TOTAL FM JUL 1  4923    CLOUDY (SCALE 8-10)  7
DPTR FM NORMAL  -165

[CDD (BASE 65) ]
TOTAL THIS MO.     0
DPTR FM NORMAL     0    [PRESSURE DATA]
TOTAL FM JAN 1     0    HIGHEST SLP M ON M
DPTR FM NORMAL     0    LOWEST  SLP 29.57 ON 17

[REMARKS]
