000
CXUS52 TJSJ 170609
CF6JSJ
PRELIMINARY LOCAL CLIMATOLOGICAL DATA (WS FORM: F-6)

                                          STATION:   SAN JUAN/P.R.
                                          MONTH:     APRIL
                                          YEAR:      2014
                                          LATITUDE:   18 25 N
                                          LONGITUDE:  66  0 W

  TEMPERATURE IN F:       :PCPN:    SNOW:  WIND      :SUNSHINE: SKY     :PK WND
================================================================================
1   2   3   4   5  6A  6B    7    8   9   10  11  12  13   14  15   16   17  18
                                     12Z  AVG MX 2MIN
DY MAX MIN AVG DEP HDD CDD  WTR  SNW DPTH SPD SPD DIR MIN PSBL S-S WX    SPD DR
================================================================================

 1  89  76  83   3   0  18 0.00  0.0    0  6.7 20  70   M    M   4        24  60
 2  87  77  82   2   0  17    T  0.0    0  6.0 15  30   M    M   4        22  60
 3  88  76  82   2   0  17 0.58  0.0    0  8.8 23  70   M    M   5 18     28  70
 4  85  75  80   0   0  15 0.32  0.0    0 12.2 22  80   M    M   7        28  80
 5  86  76  81   1   0  16 0.19  0.0    0 13.4 28  70   M    M   4        32  70
 6  90  76  83   3   0  18    T  0.0    0 13.2 24  70   M    M   5        30  70
 7  87  76  82   2   0  17 0.00  0.0    0 13.1 25  80   M    M   4        30  60
 8  89  76  83   3   0  18 0.00  0.0    0 12.6 25  70   M    M   4        32  70
 9  86  77  82   2   0  17 0.10  0.0    0  5.8 16  90   M    M   5 8      21 100
10  88  75  82   2   0  17 0.00  0.0    0  8.2 20  70   M    M   3        24  50
11  88  76  82   2   0  17    T  0.0    0  9.4 24  90   M    M   5        29  90
12  87  75  81   1   0  16 0.00  0.0    0  9.9 23  60   M    M   4        30  70
13  86  76  81   1   0  16 0.02  0.0    0  9.0 17  90   M    M   5 8      22  90
14  87  75  81   1   0  16 0.01  0.0    0  9.5 22  60   M    M   4        26  60
15  88  76  82   2   0  17 0.00  0.0    0 10.0 22  60   M    M   4        27  60
16  87  77  82   2   0  17    T  0.0    0  8.3 18  60   M    M   4        23  70
================================================================================
SM 1398 1215         0 269  1.22     0.0 156.1          M       71
================================================================================
AV 87.4 75.9                               9.8 FASTST   M    M   4    MAX(MPH)
                                 MISC ---->  # 28  70               # 32   70
================================================================================
NOTES:
# LAST OF SEVERAL OCCURRENCES

COLUMN 17 PEAK WIND IN M.P.H.

PRELIMINARY LOCAL CLIMATOLOGICAL DATA (WS FORM: F-6) , PAGE 2

                                          STATION:  SAN JUAN/P.R.
                                          MONTH:    APRIL
                                          YEAR:     2014
                                          LATITUDE:   18 25 N
                                          LONGITUDE:  66  0 W

[TEMPERATURE DATA]      [PRECIPITATION DATA]       SYMBOLS USED IN COLUMN 16

AVERAGE MONTHLY: 81.7   TOTAL FOR MONTH:   1.22    1 = FOG OR MIST
DPTR FM NORMAL:   1.7   DPTR FM NORMAL:   -0.88    2 = FOG REDUCING VISIBILITY
HIGHEST:    90 ON  6    GRTST 24HR  0.71 ON  3- 4      TO 1/4 MILE OR LESS
LOWEST:     75 ON 14,12                            3 = THUNDER
                        SNOW, ICE PELLETS, HAIL    4 = ICE PELLETS
                        TOTAL MONTH:   0.0 INCH    5 = HAIL
                        GRTST 24HR     0.0         6 = FREEZING RAIN OR DRIZZLE
                        GRTST DEPTH:   0           7 = DUSTSTORM OR SANDSTORM:
                                                       VSBY 1/2 MILE OR LESS
                                                   8 = SMOKE OR HAZE
[NO. OF DAYS WITH]      [WEATHER - DAYS WITH]      9 = BLOWING SNOW
                                                   X = TORNADO
MAX 32 OR BELOW:   0    0.01 INCH OR MORE:   6
MAX 90 OR ABOVE:   1    0.10 INCH OR MORE:   4
MIN 32 OR BELOW:   0    0.50 INCH OR MORE:   1
MIN  0 OR BELOW:   0    1.00 INCH OR MORE:   0

[HDD (BASE 65) ]
TOTAL THIS MO.     0    CLEAR  (SCALE 0-3)   0
DPTR FM NORMAL     0    PTCLDY (SCALE 4-7)  16
TOTAL FM JUL 1     0    CLOUDY (SCALE 8-10)  0
DPTR FM NORMAL     0

[CDD (BASE 65) ]
TOTAL THIS MO.   269
DPTR FM NORMAL    29    [PRESSURE DATA]
TOTAL FM JAN 1  1635    HIGHEST SLP M ON M
DPTR FM NORMAL   213    LOWEST  SLP 29.91 ON 14

[REMARKS]
