000
CXUS52 TJSJ 270446
CF6JSJ
PRELIMINARY LOCAL CLIMATOLOGICAL DATA (WS FORM: F-6)

                                          STATION:   SAN JUAN AREA/PR
                                          MONTH:     FEBRUARY
                                          YEAR:      2015
                                          LATITUDE:   18 25 N
                                          LONGITUDE:  66  0 W

  TEMPERATURE IN F:       :PCPN:    SNOW:  WIND      :SUNSHINE: SKY     :PK WND
================================================================================
1   2   3   4   5  6A  6B    7    8   9   10  11  12  13   14  15   16   17  18
                                     12Z  AVG MX 2MIN
DY MAX MIN AVG DEP HDD CDD  WTR  SNW DPTH SPD SPD DIR MIN PSBL S-S WX    SPD DR
================================================================================

 1  82  75  79   1   0  14    T  0.0    0 12.8 20  60   M    M   5 1      28  70
 2  83  74  79   1   0  14 0.00  0.0    0 11.3 24  80   M    M   4        30  60
 3  85  73  79   1   0  14    T  0.0    0  7.0 18  70   M    M   4        23  70
 4  84  74  79   1   0  14 0.03  0.0    0  7.2 20  70   M    M   4 1      23  70
 5  85  73  79   1   0  14 0.00  0.0    0  7.9 21  70   M    M   3        24  90
 6  86  71  79   1   0  14 0.22  0.0    0  4.3 16  60   M    M   3 1      21  50
 7  83  71  77  -1   0  12 0.00  0.0    0  5.7 16  70   M    M   3        21  40
 8  83  73  78   0   0  13 0.01  0.0    0  7.2 18  70   M    M   5 1      25  60
 9  87  73  80   2   0  15 0.00  0.0    0  5.1 18  80   M    M   4        23  90
10  89  75  82   4   0  17 0.00  0.0    0  5.9 16 180   M    M   3        23 170
11  91  77  84   6   0  19 0.00  0.0    0  5.0 13 310   M    M   3        21 210
12  82  72  77  -1   0  12 0.64  0.0    0  5.3 21 280   M    M   7 1      24 280
13  84  74  79   1   0  14 0.67  0.0    0  5.5 17  90   M    M   7 1      22  80
14  84  75  80   2   0  15 0.29  0.0    0  3.8 15  90   M    M   6 1      20 120
15  82  75  79   1   0  14 0.04  0.0    0  5.2 14  10   M    M   7 8      20  10
16  81  73  77  -1   0  12 0.22  0.0    0 11.5 18  30   M    M   9 1      26  10
17  87  73  80   2   0  15 0.21  0.0    0  8.5 23  90   M    M   5 1      28  80
18  87  74  81   3   0  16 0.12  0.0    0  9.1 22  80   M    M   3 1      29  90
19  88  75  82   4   0  17 0.00  0.0    0  5.9 18  90   M    M   4        22  90
20  86  73  80   2   0  15 0.00  0.0    0  8.1 22  60   M    M   3        25  70
21  83  74  79   1   0  14 0.55  0.0    0  9.9 23  70   M    M   5 18     29  80
22  83  74  79   1   0  14 0.06  0.0    0  9.2 28  70   M    M   5 1      36  70
23  83  72  78   0   0  13    T  0.0    0  6.5 26  90   M    M   4        32  90
24  85  73  79   1   0  14 0.01  0.0    0  7.0 20  50   M    M   3        24  60
25  87  72  80   2   0  15 0.00  0.0    0  7.5 22  80   M    M   M        26  70
26  87  72  80   2   0  15 0.10  0.0    0 11.1 25  80   M    M   3        32  90
================================================================================
SM 2207 1910         0 375  3.17     0.0 193.5          M      112
================================================================================
AV 84.9 73.5                               7.4 FASTST   M    M   4    MAX(MPH)
                                 MISC ---->  # 28  70               # 36   70
================================================================================
NOTES:
# LAST OF SEVERAL OCCURRENCES

COLUMN 17 PEAK WIND IN M.P.H.

PRELIMINARY LOCAL CLIMATOLOGICAL DATA (WS FORM: F-6) , PAGE 2

                                          STATION:  SAN JUAN AREA/PR
                                          MONTH:    FEBRUARY
                                          YEAR:     2015
                                          LATITUDE:   18 25 N
                                          LONGITUDE:  66  0 W

[TEMPERATURE DATA]      [PRECIPITATION DATA]       SYMBOLS USED IN COLUMN 16

AVERAGE MONTHLY: 79.2   TOTAL FOR MONTH:   3.17    1 = FOG OR MIST
DPTR FM NORMAL:   1.2   DPTR FM NORMAL:    0.93    2 = FOG REDUCING VISIBILITY
HIGHEST:    91 ON 11    GRTST 24HR  0.96 ON 13-14      TO 1/4 MILE OR LESS
LOWEST:     71 ON  7, 6                            3 = THUNDER
                        SNOW, ICE PELLETS, HAIL    4 = ICE PELLETS
                        TOTAL MONTH:   0.0 INCH    5 = HAIL
                        GRTST 24HR     0.0         6 = FREEZING RAIN OR DRIZZLE
                        GRTST DEPTH:   0           7 = DUSTSTORM OR SANDSTORM:
                                                       VSBY 1/2 MILE OR LESS
                                                   8 = SMOKE OR HAZE
[NO. OF DAYS WITH]      [WEATHER - DAYS WITH]      9 = BLOWING SNOW
                                                   X = TORNADO
MAX 32 OR BELOW:   0    0.01 INCH OR MORE:  14
MAX 90 OR ABOVE:   1    0.10 INCH OR MORE:   9
MIN 32 OR BELOW:   0    0.50 INCH OR MORE:   3
MIN  0 OR BELOW:   0    1.00 INCH OR MORE:   0

[HDD (BASE 65) ]
TOTAL THIS MO.     0    CLEAR  (SCALE 0-3)   5
DPTR FM NORMAL     0    PTCLDY (SCALE 4-7)  19
TOTAL FM JUL 1     0    CLOUDY (SCALE 8-10)  1
DPTR FM NORMAL     0

[CDD (BASE 65) ]
TOTAL THIS MO.   375
DPTR FM NORMAL    37    [PRESSURE DATA]
TOTAL FM JAN 1   813    HIGHEST SLP M ON M
DPTR FM NORMAL    84    LOWEST  SLP 29.78 ON 10

[REMARKS]
