000
CXUS55 KPUB 281159
CF6LAA
PRELIMINARY LOCAL CLIMATOLOGICAL DATA (WS FORM: F-6)

                                          STATION:   LAMAR CO
                                          MONTH:     DECEMBER
                                          YEAR:      2014
                                          LATITUDE:   38  4 N
                                          LONGITUDE: 102 41 W

  TEMPERATURE IN F:       :PCPN:    SNOW:  WIND      :SUNSHINE: SKY     :PK WND
================================================================================
1   2   3   4   5  6A  6B    7    8   9   10  11  12  13   14  15   16   17  18
                                     12Z  AVG MX 2MIN
DY MAX MIN AVG DEP HDD CDD  WTR  SNW DPTH SPD SPD DIR MIN PSBL S-S WX    SPD DR
================================================================================

 1  34   8  21 -13  44   0 0.00  0.0    0  5.7 15 140   M    M   1        19 140
 2  57   9  33   0  32   0 0.00  0.0    0  6.4 16 160   M    M   0        18 160
 3  44  22  33   0  32   0 0.00  0.0    0  7.8 20 140   M    M   1        24 140
 4  48  21  35   3  30   0 0.00  0.0    0  4.8 14 170   M    M   2        17 160
 5  66  22  44  12  21   0 0.00  0.0    0  7.5 18  10   M    M   1        23 360
 6  51  20  36   4  29   0 0.00  0.0    0  7.6 21 150   M    M   1        27 160
 7  64  23  44  13  21   0 0.00  0.0    0  5.5 12 200   M    M   0        13  40
 8  56  18  37   6  28   0 0.00  0.0    0  5.8 12 220   M    M   0        12 340
 9  53  14  34   3  31   0 0.00  0.0    0  5.0 13  80   M    M   0 1      17  80
10  62  20  41  11  24   0 0.00  0.0    0  6.9 15 290   M    M   0 1      18 250
11  64  17  41  11  24   0 0.00  0.0    0  7.4 13 100   M    M   0 12     16 120
12  53  15  34   4  31   0 0.00  0.0    0  6.2 16 110   M    M   6 12     21 120
13  56  32  44  14  21   0 0.00  0.0    0  8.5 29 190   M    M   5 12     37 190
14  55  32  44  15  21   0 0.32    M    0 17.7 31 360   M    M   6 13     40 350
15  41  27  34   5  31   0 0.00  0.0    0 14.5 28 350   M    M   5        35 360
16  40  19  30   1  35   0 0.00  0.0    0  6.9 17 130   M    M   0        22 130
17  30  23  27  -2  38   0 0.00  0.0    0  5.6 12  30   M    M   7 1      13  30
18  46  22  34   5  31   0    T    M    M  2.4  9 300   M    M   3 1      10 290
19  47  18  33   5  32   0 0.00  0.0    M  3.4  9 170   M    M   1 1      11 260
20  47  18  33   5  32   0 0.00  0.0    0  5.1 15 280   M    M   0        19 280
21  55  20  38  10  27   0    T    M    0  6.7 24 360   M    M   3 1      31  10
22  48  34  41  13  24   0 0.00  0.0    0 11.4 26 330   M    M   6        33 330
23  36  20  28   0  37   0 0.00  0.0    0 21.9 41 350   M    M   6 8      53 350
24  50  15  33   5  32   0 0.00  0.0    0  7.4 15 210   M    M   0        22 310
25  62  27  45  17  20   0 0.00  0.0    0 11.4 28 260   M    M   1        34 260
26  30   7  19  -9  46   0 0.02    M    0  9.5 21  30   M    M   9 18     26  30
27  31   3  17 -11  48   0 0.00  0.0    0  6.4 15 280   M    M   0        18 280
================================================================================
SM 1326  526       822   0  0.34     0.0 215.4          M       64
================================================================================
AV 49.1 19.5                               8.0 FASTST   M    M   2    MAX(MPH)
                                 MISC ---->  # 41 350               # 53  350
================================================================================
NOTES:
# LAST OF SEVERAL OCCURRENCES

COLUMN 17 PEAK WIND IN M.P.H.

PRELIMINARY LOCAL CLIMATOLOGICAL DATA (WS FORM: F-6) , PAGE 2

                                          STATION:  LAMAR CO
                                          MONTH:    DECEMBER
                                          YEAR:     2014
                                          LATITUDE:   38  4 N
                                          LONGITUDE: 102 41 W

[TEMPERATURE DATA]      [PRECIPITATION DATA]       SYMBOLS USED IN COLUMN 16

AVERAGE MONTHLY: 34.3   TOTAL FOR MONTH:   0.34    1 = FOG OR MIST
DPTR FM NORMAL:   4.4   DPTR FM NORMAL:   -0.01    2 = FOG REDUCING VISIBILITY
HIGHEST:    66 ON  5    GRTST 24HR  0.32 ON 14-14      TO 1/4 MILE OR LESS
LOWEST:      3 ON 27                               3 = THUNDER
                        SNOW, ICE PELLETS, HAIL    4 = ICE PELLETS
                        TOTAL MONTH:   0.0 INCH    5 = HAIL
                        GRTST 24HR     0.0         6 = FREEZING RAIN OR DRIZZLE
                        GRTST DEPTH:   0           7 = DUSTSTORM OR SANDSTORM:
                                                       VSBY 1/2 MILE OR LESS
                                                   8 = SMOKE OR HAZE
[NO. OF DAYS WITH]      [WEATHER - DAYS WITH]      9 = BLOWING SNOW
                                                   X = TORNADO
MAX 32 OR BELOW:   3    0.01 INCH OR MORE:   2
MAX 90 OR ABOVE:   0    0.10 INCH OR MORE:   1
MIN 32 OR BELOW:  26    0.50 INCH OR MORE:   0
MIN  0 OR BELOW:   0    1.00 INCH OR MORE:   0

[HDD (BASE 65) ]
TOTAL THIS MO.   822    CLEAR  (SCALE 0-3)  18
DPTR FM NORMAL  -127    PTCLDY (SCALE 4-7)   8
TOTAL FM JUL 1  1982    CLOUDY (SCALE 8-10)  1
DPTR FM NORMAL  -183

[CDD (BASE 65) ]
TOTAL THIS MO.     0
DPTR FM NORMAL     0    [PRESSURE DATA]
TOTAL FM JAN 1  1322    HIGHEST SLP M ON M
DPTR FM NORMAL   201    LOWEST  SLP 29.58 ON 22

[REMARKS]
