000
CXUS53 KIND 010730
CF6LAF
PRELIMINARY LOCAL CLIMATOLOGICAL DATA (WS FORM: F-6)

                                          STATION:   LAFAYETTE IN
                                          MONTH:     AUGUST
                                          YEAR:      2014
                                          LATITUDE:   40 25 N
                                          LONGITUDE:  86 56 W

  TEMPERATURE IN F:       :PCPN:    SNOW:  WIND      :SUNSHINE: SKY     :PK WND
================================================================================
1   2   3   4   5  6A  6B    7    8   9   10  11  12  13   14  15   16   17  18
                                     12Z  AVG MX 2MIN
DY MAX MIN AVG DEP HDD CDD  WTR  SNW DPTH SPD SPD DIR MIN PSBL S-S WX    SPD DR
================================================================================

 1  83  56  70  -4   0   5 0.43    M    M  2.3 26 320   M    M   2 123    39 320
 2  81  58  70  -4   0   5 0.00    M    M  3.3 10  10   M    M   1 1      15 350
 3  84  56  70  -4   0   5 0.00    M    M  2.4 10 270   M    M   2 128    13 310
 4  83  60  72  -2   0   7 0.00    M    M  2.0  8 290   M    M   2 128    12 280
 5  79  64  72  -2   0   7 0.00    M    M  1.0 16 310   M    M   4 18     20 320
 6  79  61  70  -4   0   5 0.00    M    M  3.1 10  20   M    M   2 18     14  30
 7  78  59  69  -5   0   4 0.00    M    M  8.2 16 100   M    M   0        19 120
 8  82  63  73  -1   0   8    T    M    M  8.6 18  90   M    M   5        22 100
 9  81  63  72  -2   0   7 0.00    M    M 11.1 17  60   M    M   7        22  80
10  81  67  74   0   0   9 0.22    M    M  5.1 15  70   M    M   7 13     18  80
11  78  68  73  -1   0   8 0.55    M    M  4.4 16 290   M    M   8 138    20 280
12  68  60  64 -10   1   0 0.03    M    M  8.7 20 300   M    M   9 1      27 310
13  79  55  67  -7   0   2    T    M    M  6.2 16 270   M    M   4 12     23 280
14  76  53  65  -9   0   0 0.00    M    M  5.5 14  10   M    M   2 1      19  10
15  75  44  60 -14   5   0 0.00    M    M  1.7  8 240   M    M   0 12     11 230
16  75  56  66  -8   0   1 0.58    M    M  3.2 15 270   M    M   8 1      18 270
17  77  64  71  -3   0   6 0.02    M    M  6.4 13  90   M    M   9 1      16 100
18  82  64  73   0   0   8 0.00    M    M  3.7  9 300   M    M   6 18     11 290
19  82  61  72  -1   0   7 0.30    M    M  4.6 30 290   M    M   5 1238   44 280
20  82  60  71  -2   0   6 0.00    M    M  3.5 15 250   M    M   2 12     20 260
21  86  69  78   5   0  13 0.10    M    M  4.8 22  20   M    M   6 13     29  10
22  83  70  77   4   0  12 0.46    M    M  3.7 20  40   M    M   5 13     26  40
23  86  67  77   4   0  12 0.73    M    M  4.6 26 330   M    M   5 123    37 320
24  87  69  78   5   0  13 0.00    M    M  3.8  9 150   M    M   5 18     13 100
25  89  70  80   7   0  15 0.11    M    M  3.4 23 360   M    M   2 138    28 360
26  87  65  76   4   0  11 0.14    M    M  3.9 30 350   M    M   3 13     38  10
27  84  65  75   3   0  10 0.02    M    M  4.5 13 350   M    M   2 13     16  10
28  82  63  73   1   0   8 0.00    M    M  6.4 12  70   M    M   2        14 110
29  86  67  77   5   0  12 0.04    M    M  6.0 21 230   M    M   2 13     26 240
30  82  71  77   5   0  12    T    M    M  8.2 17 210   M    M   4 3      26 230
31  83  67  75   3   0  10 0.30    M    M  4.7 13 220   M    M   7 13     17 230
================================================================================
SM 2520 1935         6 228  4.03    M    149.0          M      128
================================================================================
AV 81.3 62.4                               4.8 FASTST   M    M   4    MAX(MPH)
                                 MISC ---->  # 30 290               # 44  280
================================================================================
NOTES:
# LAST OF SEVERAL OCCURRENCES

COLUMN 17 PEAK WIND IN M.P.H.

PRELIMINARY LOCAL CLIMATOLOGICAL DATA (WS FORM: F-6) , PAGE 2

                                          STATION:  LAFAYETTE IN
                                          MONTH:    AUGUST
                                          YEAR:     2014
                                          LATITUDE:   40 25 N
                                          LONGITUDE:  86 56 W

[TEMPERATURE DATA]      [PRECIPITATION DATA]       SYMBOLS USED IN COLUMN 16

AVERAGE MONTHLY: 71.9   TOTAL FOR MONTH:   4.03    1 = FOG OR MIST
DPTR FM NORMAL:  -1.3   DPTR FM NORMAL:    0.57    2 = FOG REDUCING VISIBILITY
HIGHEST:    89 ON 25    GRTST 24HR  0.73 ON 23-23      TO 1/4 MILE OR LESS
LOWEST:     44 ON 15                               3 = THUNDER
                        SNOW, ICE PELLETS, HAIL    4 = ICE PELLETS
                        TOTAL MONTH:    M          5 = HAIL
                        GRTST 24HR    M  ON   M    6 = FREEZING RAIN OR DRIZZLE
                        GRTST DEPTH:  M  ON   M    7 = DUSTSTORM OR SANDSTORM:
                                                       VSBY 1/2 MILE OR LESS
                                                   8 = SMOKE OR HAZE
[NO. OF DAYS WITH]      [WEATHER - DAYS WITH]      9 = BLOWING SNOW
                                                   X = TORNADO
MAX 32 OR BELOW:   0    0.01 INCH OR MORE:  15
MAX 90 OR ABOVE:   0    0.10 INCH OR MORE:  11
MIN 32 OR BELOW:   0    0.50 INCH OR MORE:   3
MIN  0 OR BELOW:   0    1.00 INCH OR MORE:   0

[HDD (BASE 65) ]
TOTAL THIS MO.     6    CLEAR  (SCALE 0-3)  14
DPTR FM NORMAL     1    PTCLDY (SCALE 4-7)  15
TOTAL FM JUL 1    24    CLOUDY (SCALE 8-10)  2
DPTR FM NORMAL    18

[CDD (BASE 65) ]
TOTAL THIS MO.   228
DPTR FM NORMAL   -33    [PRESSURE DATA]
TOTAL FM JAN 1   676    HIGHEST SLP 30.17 ON  3
DPTR FM NORMAL  -176    LOWEST  SLP 29.74 ON 19

[REMARKS]
#FINAL-08-14#
