000
CXUS55 KCYS 301000
CF6LAR
PRELIMINARY LOCAL CLIMATOLOGICAL DATA (WS FORM: F-6)

                                          STATION:   LARAMIE WYOMING AIRPORT
                                          MONTH:     APRIL
                                          YEAR:      2016
                                          LATITUDE:   41 18 N
                                          LONGITUDE: 105 40 W

  TEMPERATURE IN F:       :PCPN:    SNOW:  WIND      :SUNSHINE: SKY     :PK WND
================================================================================
1   2   3   4   5  6A  6B    7    8   9   10  11  12  13   14  15   16   17  18
                                     12Z  AVG MX 2MIN
DY MAX MIN AVG DEP HDD CDD  WTR  SNW DPTH SPD SPD DIR MIN PSBL S-S WX    SPD DR
================================================================================

 1  35  15  25  -9  40   0 0.00    M    M 15.9 35 320   M    M   1        42 310
 2  48  19  34   0  31   0 0.00    M    M  8.3 21 250   M    M   2        24 250
 3  54  28  41   6  24   0 0.00    M    M 10.4 25 310   M    M   2        30 300
 4  62  30  46  11  19   0 0.00    M    M 12.5 26 270   M    M   3        36 230
 5  44  25  35   0  30   0 0.00    M    M 20.7 45 300   M    M   3        53 290
 6  60  23  42   7  23   0 0.00    M    M 19.1 39 270   M    M   0        48 260
 7  55  26  41   5  24   0 0.00    M    M 12.5 25 350   M    M   0        33 360
 8  59  22  41   5  24   0 0.00    M    M  9.6 23 160   M    M   0        29 160
 9  64  32  48  12  17   0    T    M    M 17.2 37 230   M    M   3        49 230
10  52  32  42   6  23   0 0.30    M    M  9.9 30 260   M    M  10 1      35 250
11  54  32  43   7  22   0 0.02    M    M  9.2 20 320   M    M   6 1      26  10
12  57  31  44   7  21   0 0.07    M    M  8.0 18  50   M    M   5 3      27  60
13  64  29  47  10  18   0 0.00    M    M  9.0 29 240   M    M   3        35 240
14  65  32  49  12  16   0    T    M    M 15.6 36 220   M    M   3        46 220
15  37  28  33  -5  32   0 0.13    M    M 10.2 20 360   M    M  10 12     24  20
16  30  25  28 -10  37   0 0.07    M    M 19.3 30 360   M    M  10 12     35 360
17  31  23  27 -11  38   0 0.18    M    M 11.1 25 340   M    M  10 12     31 350
18  34  22  28 -10  37   0 0.00    M    M  7.2 16 330   M    M   8        19 330
19  43  17  30  -9  35   0    T    M    M  5.4 13 200   M    M   5        14 200
20  54  29  42   3  23   0    T    M    M 10.8 25 310   M    M   8 12     33 300
21  60  25  43   4  22   0 0.00    M    M  5.6 15 180   M    M   0        18 150
22  70  30  50  10  15   0 0.00    M    M 11.9 20 240   M    M   1        32 230
23  69  34  52  12  13   0 0.05    M    M 11.1 39 300   M    M   3 13     54 220
24  49  31  40   0  25   0    T    M    M 18.7 33 270   M    M   6 18     38 270
25  59  28  44   3  21   0 0.09    M    M 14.5 36  70   M    M   4 3      43  80
26  37  23  30 -11  35   0 0.57    M    M  9.8 24 320   M    M  10 123    32 230
27  34  10  22 -19  43   0    T    M    M 11.2 26 340   M    M   7 12     33 340
28  33  24  29 -13  36   0 0.03    M    M 10.8 23 140   M    M  10 1      27 140
29  34  27  31 -11  34   0 0.09    M    M 11.8 26 140   M    M  10 1      29 140
================================================================================
SM 1447  752       778   0  1.60    M    347.3          M      143
================================================================================
AV 49.9 25.9                              12.0 FASTST   M    M   5    MAX(MPH)
                                 MISC ---->  # 45 300               # 54  220
================================================================================
NOTES:
# LAST OF SEVERAL OCCURRENCES

COLUMN 17 PEAK WIND IN M.P.H.

PRELIMINARY LOCAL CLIMATOLOGICAL DATA (WS FORM: F-6) , PAGE 2

                                          STATION:  LARAMIE WYOMING AIRPORT
                                          MONTH:    APRIL
                                          YEAR:     2016
                                          LATITUDE:   41 18 N
                                          LONGITUDE: 105 40 W

[TEMPERATURE DATA]      [PRECIPITATION DATA]       SYMBOLS USED IN COLUMN 16

AVERAGE MONTHLY: 37.9   TOTAL FOR MONTH:   1.60    1 = FOG OR MIST
DPTR FM NORMAL:   0.2   DPTR FM NORMAL:    0.58    2 = FOG REDUCING VISIBILITY
HIGHEST:    70 ON 22    GRTST 24HR  0.66 ON 25-26      TO 1/4 MILE OR LESS
LOWEST:     10 ON 27                               3 = THUNDER
                        SNOW, ICE PELLETS, HAIL    4 = ICE PELLETS
                        TOTAL MONTH:    M          5 = HAIL
                        GRTST 24HR    M  ON   M    6 = FREEZING RAIN OR DRIZZLE
                        GRTST DEPTH:  M  ON   M    7 = DUSTSTORM OR SANDSTORM:
                                                       VSBY 1/2 MILE OR LESS
                                                   8 = SMOKE OR HAZE
[NO. OF DAYS WITH]      [WEATHER - DAYS WITH]      9 = BLOWING SNOW
                                                   X = TORNADO
MAX 32 OR BELOW:   2    0.01 INCH OR MORE:  11
MAX 90 OR ABOVE:   0    0.10 INCH OR MORE:   4
MIN 32 OR BELOW:  28    0.50 INCH OR MORE:   1
MIN  0 OR BELOW:   0    1.00 INCH OR MORE:   0

[HDD (BASE 65) ]
TOTAL THIS MO.   778    CLEAR  (SCALE 0-3)  13
DPTR FM NORMAL   -14    PTCLDY (SCALE 4-7)   7
TOTAL FM JUL 1  7628    CLOUDY (SCALE 8-10)  9
DPTR FM NORMAL  -399

[CDD (BASE 65) ]
TOTAL THIS MO.     0
DPTR FM NORMAL     0    [PRESSURE DATA]
TOTAL FM JAN 1     0    HIGHEST SLP M ON M
DPTR FM NORMAL     0    LOWEST  SLP 29.40 ON 14

[REMARKS]
