000
CXUS55 KCYS 301000
CF6LAR
PRELIMINARY LOCAL CLIMATOLOGICAL DATA (WS FORM: F-6)

                                          STATION:   LARAMIE WYOMING AIRPORT
                                          MONTH:     JUNE
                                          YEAR:      2015
                                          LATITUDE:   41 18 N
                                          LONGITUDE: 105 40 W

  TEMPERATURE IN F:       :PCPN:    SNOW:  WIND      :SUNSHINE: SKY     :PK WND
================================================================================
1   2   3   4   5  6A  6B    7    8   9   10  11  12  13   14  15   16   17  18
                                     12Z  AVG MX 2MIN
DY MAX MIN AVG DEP HDD CDD  WTR  SNW DPTH SPD SPD DIR MIN PSBL S-S WX    SPD DR
================================================================================

 1  76  43  60   7   5   0 0.03    M    M 11.1 31 250   M    M   0 3      41 210
 2  77  40  59   6   6   0 0.00    M    M 10.3 24 240   M    M   1 8      35 260
 3  73  37  55   2  10   0 0.00    M    M 17.7 35 150   M    M   0        43 150
 4  76  40  58   4   7   0 0.00    M    M 12.2 31 130   M    M   1 3      39 130
 5  68  44  56   2   9   0 0.00    M    M 19.6 36 150   M    M   2        44 130
 6  69  42  56   2   9   0 0.01    M    M  6.6 23 300   M    M   2 3      32 290
 7  67  39  53  -1  12   0 0.02    M    M  6.3 23 360   M    M   2 3      29 360
 8  76  39  58   3   7   0 0.00    M    M  6.4 15 350   M    M   0        21 330
 9  79  43  61   6   4   0 0.00    M    M  7.7 17 170   M    M   1 3      23 170
10  68  48  58   3   7   0 0.03    M    M  9.4 22 200   M    M   7        27 200
11  60  47  54  -2  11   0 0.26    M    M  6.3 22 330   M    M   8 1      25 330
12  72  41  57   1   8   0 0.00    M    M  6.4 15 330   M    M   3 12     24 330
13  78  45  62   6   3   0 0.00    M    M  7.4 15 130   M    M   1        23 290
14  77  44  61   4   4   0 0.00    M    M  7.8 24  70   M    M   3        33  80
15  70  47  59   2   6   0 0.15    M    M 17.0 30 160   M    M   4 13     34 160
16  75  50  63   6   2   0 0.17    M    M 12.9 21 220   M    M   M 3      35 310
17  78  46  62   4   3   0 0.07    M    M  9.2 22 150   M    M   2 3      26 150
18  80  46  63   5   2   0 0.00    M    M 10.4 26 150   M    M   0        32 150
19  88  50  69  11   0   4 0.00    M    M 11.6 24 230   M    M   0 1      36 230
20  81  46  64   5   1   0    T    M    M  8.1 22 140   M    M   0        25 150
21  89  45  67   8   0   2 0.00    M    M 13.8 35 240   M    M   0        42 250
22  78  47  63   4   2   0 0.00    M    M 12.9 30 150   M    M   0        42 150
23  86  46  66   6   0   1    T    M    M 10.4 22 150   M    M   0        26 150
24  81  49  65   5   0   0    T    M    M  9.7 31 230   M    M   1 3      45 220
25  85  47  66   6   0   1    T    M    M  9.9 25  60   M    M   1        33 330
26  77  48  63   2   2   0 0.00    M    M  8.0 16 360   M    M   2        22 360
27  83  49  66   5   0   1 0.00    M    M  8.6 17  80   M    M   0        29 320
28  86  49  68   7   0   3    T    M    M  7.6 24  70   M    M   1 3      32  30
29  81  48  65   4   0   0 0.00    M    M  7.4 23  70   M    M   1        28  50
================================================================================
SM 2234 1305       120  12  0.74    M    292.7          M       43
================================================================================
AV 77.0 45.0                              10.1 FASTST   M    M   2    MAX(MPH)
                                 MISC ---->  # 36 150               # 45  220
================================================================================
NOTES:
# LAST OF SEVERAL OCCURRENCES

COLUMN 17 PEAK WIND IN M.P.H.

PRELIMINARY LOCAL CLIMATOLOGICAL DATA (WS FORM: F-6) , PAGE 2

                                          STATION:  LARAMIE WYOMING AIRPORT
                                          MONTH:    JUNE
                                          YEAR:     2015
                                          LATITUDE:   41 18 N
                                          LONGITUDE: 105 40 W

[TEMPERATURE DATA]      [PRECIPITATION DATA]       SYMBOLS USED IN COLUMN 16

AVERAGE MONTHLY: 61.0   TOTAL FOR MONTH:   0.74    1 = FOG OR MIST
DPTR FM NORMAL:   4.0   DPTR FM NORMAL:   -0.76    2 = FOG REDUCING VISIBILITY
HIGHEST:    89 ON 21    GRTST 24HR  0.31 ON 15-16      TO 1/4 MILE OR LESS
LOWEST:     37 ON  3                               3 = THUNDER
                        SNOW, ICE PELLETS, HAIL    4 = ICE PELLETS
                        TOTAL MONTH:    M          5 = HAIL
                        GRTST 24HR    M  ON   M    6 = FREEZING RAIN OR DRIZZLE
                        GRTST DEPTH:  M  ON   M    7 = DUSTSTORM OR SANDSTORM:
                                                       VSBY 1/2 MILE OR LESS
                                                   8 = SMOKE OR HAZE
[NO. OF DAYS WITH]      [WEATHER - DAYS WITH]      9 = BLOWING SNOW
                                                   X = TORNADO
MAX 32 OR BELOW:   0    0.01 INCH OR MORE:   8
MAX 90 OR ABOVE:   0    0.10 INCH OR MORE:   3
MIN 32 OR BELOW:   0    0.50 INCH OR MORE:   0
MIN  0 OR BELOW:   0    1.00 INCH OR MORE:   0

[HDD (BASE 65) ]
TOTAL THIS MO.   120    CLEAR  (SCALE 0-3)  25
DPTR FM NORMAL  -116    PTCLDY (SCALE 4-7)   3
TOTAL FM JUL 1  8057    CLOUDY (SCALE 8-10)  0
DPTR FM NORMAL  -768

[CDD (BASE 65) ]
TOTAL THIS MO.    12
DPTR FM NORMAL     9    [PRESSURE DATA]
TOTAL FM JAN 1    12    HIGHEST SLP  0.00 ON 16
DPTR FM NORMAL     9    LOWEST  SLP  0.00 ON 16

[REMARKS]
