000
CXUS55 KCYS 011901
CF6LAR
PRELIMINARY LOCAL CLIMATOLOGICAL DATA (WS FORM: F-6)     ...CORRECTED...

                                          STATION:   LARAMIE WYOMING AIRPORT
                                          MONTH:     AUGUST
                                          YEAR:      2014
                                          LATITUDE:   41 18 N
                                          LONGITUDE: 105 40 W

  TEMPERATURE IN F:       :PCPN:    SNOW:  WIND      :SUNSHINE: SKY     :PK WND
================================================================================
1   2   3   4   5  6A  6B    7    8   9   10  11  12  13   14  15   16   17  18
                                     12Z  AVG MX 2MIN
DY MAX MIN AVG DEP HDD CDD  WTR  SNW DPTH SPD SPD DIR MIN PSBL S-S WX    SPD DR
================================================================================

 1  74  43  59  -5   6   0 0.00    M    M  8.4 21 160   M    M   0        25 150
 2  78  43  61  -3   4   0 0.00    M    M  8.1 17 150   M    M   0        22 130
 3  82  45  64   0   1   0 0.00    M    M  8.4 18 150   M    M   0        22 140
 4  76  53  65   1   0   0 0.03    M    M  7.7 23 330   M    M   3 3      29 330
 5  76  51  64   0   1   0 0.08    M    M  7.2 25 160   M    M   5 3      36 310
 6  76  48  62  -2   3   0 0.01    M    M 11.5 30 300   M    M   3        36 300
 7  76  44  60  -4   5   0 0.04    M    M  7.3 28 260   M    M   3 3      41 280
 8  73  41  57  -7   8   0 0.05    M    M  6.7 31 250   M    M   4 3      39 240
 9  75  51  63  -1   2   0 0.05    M    M  9.2 24 320   M    M   5 3      30 330
10  75  43  59  -5   6   0 0.00    M    M  5.5 15 100   M    M   1 1      20  90
11  79  42  61  -2   4   0 0.00    M    M  7.1 14 120   M    M   0        19 140
12  84  45  65   2   0   0 0.00    M    M  7.6 20 130   M    M   1        24 120
13  83  50  67   4   0   2    T    M    M  7.8 31 220   M    M   3 3      38 230
14  76  54  65   2   0   0 0.17    M    M  7.9 28 310   M    M   7 13     35 310
15  77  49  63   0   2   0    T    M    M 11.3 26 280   M    M   1 3      32 280
16  82  47  65   2   0   0 0.00    M    M 10.2 22 290   M    M   1        29 300
17  82  44  63   1   2   0 0.00    M    M 10.8 22 320   M    M   0        28 300
18  83  44  64   2   1   0    T    M    M  8.2 23 330   M    M   1        28 340
19  80  44  62   0   3   0 0.06    M    M 10.7 32 220   M    M   2 1      38 220
20  75  51  63   1   2   0 0.04    M    M 12.8 29 250   M    M   3        36 250
21  73  49  61  -1   4   0 0.00    M    M 10.0 24 250   M    M   1        29 250
22  71  50  61   0   4   0    T    M    M 13.6 28 150   M    M   6        33 150
23  65  45  55  -6  10   0    T    M    M 13.0 29 280   M    M   4        37 270
24  72  44  58  -3   7   0 0.00    M    M 14.9 31 250   M    M   1        40 260
25  76  47  62   1   3   0 0.21    M    M 12.5 30 290   M    M   4 13     42 290
26  75  45  60   0   5   0    T    M    M  8.0 25 150   M    M   1 13     31 150
27  66  45  56  -4   9   0 0.13    M    M  6.6 20 290   M    M   5 13     23 290
28  68  43  56  -4   9   0 0.46    M    M  7.2 23 320   M    M   5 1      29 320
29  69  43  56  -4   9   0    T    M    M  7.8 16 140   M    M   4 3      19 150
30  78  44  61   2   4   0 0.09    M    M 12.3 39 230   M    M   2 3      52 230
31  64  45  55  -4  10   0 0.21    M    M 13.9 33 260   M    M   4 1      46 260
================================================================================
SM 2339 1432       124   2  1.63    M    294.2          M       80
================================================================================
AV 75.5 46.2                               9.5 FASTST   M    M   3    MAX(MPH)
                                 MISC ---->    39 230                 52  230
================================================================================
NOTES:
# LAST OF SEVERAL OCCURRENCES

COLUMN 17 PEAK WIND IN M.P.H.

PRELIMINARY LOCAL CLIMATOLOGICAL DATA (WS FORM: F-6) , PAGE 2

                                          STATION:  LARAMIE WYOMING AIRPORT
                                          MONTH:    AUGUST
                                          YEAR:     2014
                                          LATITUDE:   41 18 N
                                          LONGITUDE: 105 40 W

[TEMPERATURE DATA]      [PRECIPITATION DATA]       SYMBOLS USED IN COLUMN 16

AVERAGE MONTHLY: 60.8   TOTAL FOR MONTH:   1.63    1 = FOG OR MIST
DPTR FM NORMAL:  -1.5   DPTR FM NORMAL:    0.40    2 = FOG REDUCING VISIBILITY
HIGHEST:    84 ON 12    GRTST 24HR  0.54 ON 27-28      TO 1/4 MILE OR LESS
LOWEST:     41 ON  8                               3 = THUNDER
                        SNOW, ICE PELLETS, HAIL    4 = ICE PELLETS
                        TOTAL MONTH:    M          5 = HAIL
                        GRTST 24HR    M  ON   M    6 = FREEZING RAIN OR DRIZZLE
                        GRTST DEPTH:  M  ON   M    7 = DUSTSTORM OR SANDSTORM:
                                                       VSBY 1/2 MILE OR LESS
                                                   8 = SMOKE OR HAZE
[NO. OF DAYS WITH]      [WEATHER - DAYS WITH]      9 = BLOWING SNOW
                                                   X = TORNADO
MAX 32 OR BELOW:   0    0.01 INCH OR MORE:  14
MAX 90 OR ABOVE:   0    0.10 INCH OR MORE:   5
MIN 32 OR BELOW:   0    0.50 INCH OR MORE:   0
MIN  0 OR BELOW:   0    1.00 INCH OR MORE:   0

[HDD (BASE 65) ]
TOTAL THIS MO.   124    CLEAR  (SCALE 0-3)  17
DPTR FM NORMAL    21    PTCLDY (SCALE 4-7)  14
TOTAL FM JUL 1   179    CLOUDY (SCALE 8-10)  0
DPTR FM NORMAL     7

[CDD (BASE 65) ]
TOTAL THIS MO.     2
DPTR FM NORMAL   -17    [PRESSURE DATA]
TOTAL FM JAN 1    67    HIGHEST SLP 30.22 ON 11
DPTR FM NORMAL     1    LOWEST  SLP 29.66 ON 31

[REMARKS]
NEW RECORD DAILY PRECIPITATION AMOUNT OF 0.46 INCH SET ON THE 28TH. THE OLD
 RECORD WAS 0.28 INCH SET IN 1952.
#FINAL-08-14#
