000
CXUS55 KVEF 260940
CF6LAS
PRELIMINARY LOCAL CLIMATOLOGICAL DATA (WS FORM: F-6)

                                          STATION:   LAS VEGAS NV
                                          MONTH:     AUGUST
                                          YEAR:      2016
                                          LATITUDE:   36  4 N
                                          LONGITUDE: 115 10 W

  TEMPERATURE IN F:       :PCPN:    SNOW:  WIND      :SUNSHINE: SKY     :PK WND
================================================================================
1   2   3   4   5  6A  6B    7    8   9   10  11  12  13   14  15   16   17  18
                                     12Z  AVG MX 2MIN
DY MAX MIN AVG DEP HDD CDD  WTR  SNW DPTH SPD SPD DIR MIN PSBL S-S WX    SPD DR
================================================================================

 1 103  83  93   1   0  28 0.00  0.0    0  6.3 17  80   M    M   5        25  80
 2 103  86  95   3   0  30 0.00  0.0    0  7.4 16 170   M    M   3        20 190
 3 106  78  92   0   0  27 0.01  0.0    0 10.4 44  30   M    M   4 38     51  20
 4  85  73  79 -13   0  14 0.04    M    0  4.4 22  70   M    M   8 3      26  70
 5 101  79  90  -2   0  25 0.00  0.0    0  7.8 21 170   M    M   4        28 140
 6 104  84  94   2   0  29 0.00  0.0    0  7.9 17 130   M    M   2        23 120
 7 106  84  95   3   0  30 0.00  0.0    0 10.1 23 210   M    M   1        34 260
 8 106  84  95   3   0  30 0.00  0.0    0  8.6 21 170   M    M   0        29 180
 9 103  82  93   1   0  28 0.00  0.0    0 11.0 22 180   M    M   1        30 200
10 103  82  93   1   0  28 0.00  0.0    0 10.3 23 190   M    M   2 8      30 210
11 102  80  91  -1   0  26 0.00  0.0    0  7.9 17 180   M    M   1        24 180
12 105  79  92   1   0  27 0.00  0.0    0  3.8 13  80   M    M   1        15  80
13 108  81  95   4   0  30 0.00  0.0    0  3.9 13  50   M    M   1        17  20
14 111  82  97   6   0  32 0.00  0.0    0  5.9 16 230   M    M   1        24 210
15 108  86  97   6   0  32 0.00  0.0    0  9.6 26 230   M    M   1        36 210
16 108  84  96   5   0  31 0.00  0.0    0  7.5 21 220   M    M   1        29 260
17 107  82  95   4   0  30 0.00  0.0    0  6.6 22 240   M    M   2        31 250
18 102  83  93   2   0  28 0.08  0.0    0  5.9 24  80   M    M   5 3      29 150
19 100  81  91   1   0  26 0.00  0.0    0  4.7 14 260   M    M   6        17 270
20 106  85  96   6   0  31 0.00  0.0    0  7.4 20 170   M    M   4        28 150
21 101  81  91   1   0  26 0.00  0.0    0 10.7 30  20   M    M   7        38  20
22  99  72  86  -4   0  21    T  0.0    0  7.0 37 340   M    M   7 3      45 350
23  93  71  82  -8   0  17 0.03  0.0    0  4.3 13  50   M    M   5 3       M  M
24 102  76  89  -1   0  24 0.00  0.0    0  5.8 16 270   M    M   2 3      20 270
25 101  82  92   3   0  27 0.00  0.0    0  9.6 24 240   M    M   2        35 240
================================================================================
SM 2573 2020         0 677  0.16     0.0 184.8          M       76
================================================================================
AV102.9 80.8                               7.4 FASTST   M    M   3    MAX(MPH)
                                 MISC ---->  # 44  30               # 51   20
================================================================================
NOTES:
# LAST OF SEVERAL OCCURRENCES

COLUMN 17 PEAK WIND IN M.P.H.

PRELIMINARY LOCAL CLIMATOLOGICAL DATA (WS FORM: F-6) , PAGE 2

                                          STATION:  LAS VEGAS NV
                                          MONTH:    AUGUST
                                          YEAR:     2016
                                          LATITUDE:   36  4 N
                                          LONGITUDE: 115 10 W

[TEMPERATURE DATA]      [PRECIPITATION DATA]       SYMBOLS USED IN COLUMN 16

AVERAGE MONTHLY: 91.9   TOTAL FOR MONTH:   0.16    1 = FOG OR MIST
DPTR FM NORMAL:   0.7   DPTR FM NORMAL:   -0.11    2 = FOG REDUCING VISIBILITY
HIGHEST:   111 ON 14    GRTST 24HR  0.08 ON 18-18      TO 1/4 MILE OR LESS
LOWEST:     71 ON 23                               3 = THUNDER
                        SNOW, ICE PELLETS, HAIL    4 = ICE PELLETS
                        TOTAL MONTH:   0.0 INCH    5 = HAIL
                        GRTST 24HR     0.0         6 = FREEZING RAIN OR DRIZZLE
                        GRTST DEPTH:   0           7 = DUSTSTORM OR SANDSTORM:
                                                       VSBY 1/2 MILE OR LESS
                                                   8 = SMOKE OR HAZE
[NO. OF DAYS WITH]      [WEATHER - DAYS WITH]      9 = BLOWING SNOW
                                                   X = TORNADO
MAX 32 OR BELOW:   0    0.01 INCH OR MORE:   4
MAX 90 OR ABOVE:  24    0.10 INCH OR MORE:   0
MIN 32 OR BELOW:   0    0.50 INCH OR MORE:   0
MIN  0 OR BELOW:   0    1.00 INCH OR MORE:   0

[HDD (BASE 65) ]
TOTAL THIS MO.     0    CLEAR  (SCALE 0-3)  15
DPTR FM NORMAL     0    PTCLDY (SCALE 4-7)   9
TOTAL FM JUL 1     0    CLOUDY (SCALE 8-10)  1
DPTR FM NORMAL     0

[CDD (BASE 65) ]
TOTAL THIS MO.   677
DPTR FM NORMAL    24    [PRESSURE DATA]
TOTAL FM JAN 1  3004    HIGHEST SLP M ON M
DPTR FM NORMAL   297    LOWEST  SLP 29.54 ON  8

[REMARKS]
