000
CXUS55 KVEF 300940
CF6LAS
PRELIMINARY LOCAL CLIMATOLOGICAL DATA (WS FORM: F-6)

                                          STATION:   LAS VEGAS NV
                                          MONTH:     MARCH
                                          YEAR:      2015
                                          LATITUDE:   36  4 N
                                          LONGITUDE: 115 10 W

  TEMPERATURE IN F:       :PCPN:    SNOW:  WIND      :SUNSHINE: SKY     :PK WND
================================================================================
1   2   3   4   5  6A  6B    7    8   9   10  11  12  13   14  15   16   17  18
                                     12Z  AVG MX 2MIN
DY MAX MIN AVG DEP HDD CDD  WTR  SNW DPTH SPD SPD DIR MIN PSBL S-S WX    SPD DR
================================================================================

 1  57  47  52  -4  13   0 0.22  0.0    0  4.5 12  90   M    M   9        15  80
 2  59  45  52  -5  13   0 0.05  0.0    0 11.7 26 220   M    M   6        36 230
 3  58  41  50  -7  15   0 0.01  0.0    0  6.0 18 300   M    M   4 3      25 300
 4  60  44  52  -5  13   0 0.00  0.0    0  8.3 20 320   M    M   0        26 330
 5  65  41  53  -5  12   0 0.00  0.0    0  5.5 12 210   M    M   0        13 200
 6  73  44  59   1   6   0 0.00  0.0    0  6.9 16  60   M    M   0        20  70
 7  75  48  62   4   3   0 0.00  0.0    0  6.3 14 200   M    M   0        15 200
 8  78  50  64   6   1   0 0.00  0.0    0  6.5 13 200   M    M   1        13 200
 9  77  52  65   7   0   0 0.00  0.0    0  5.8 13 200   M    M   0        14  90
10  77  52  65   6   0   0 0.00  0.0    0  6.6 13 200   M    M   3        14 200
11  72  57  65   6   0   0 0.00  0.0    0  6.4 23 280   M    M   9        28 270
12  79  58  69  10   0   4 0.00  0.0    0  8.5 20  50   M    M   4        26  50
13  80  60  70  11   0   5 0.00  0.0    0  7.7 17  40   M    M   1        26  60
14  82  57  70  10   0   5 0.00  0.0    0  6.8 14 200   M    M   4        15 200
15  83  58  71  11   0   6 0.00  0.0    0  6.3 13 120   M    M   6        18 120
16  84  60  72  12   0   7 0.00  0.0    0  7.0 15  80   M    M   8        19  90
17  84  61  73  13   0   8 0.00  0.0    0  7.9 17 220   M    M   8        22 230
18  78  65  72  12   0   7 0.00  0.0    0  7.9 18 200   M    M   9        24 210
19  80  62  71  10   0   6 0.00  0.0    0  8.0 21  60   M    M   4        28  60
20  81  55  68   7   0   3 0.00  0.0    0  6.8 13 200   M    M   2        15 200
21  85  56  71  10   0   6 0.00  0.0    0 10.8 23 220   M    M   6        29 210
22  80  62  71  10   0   6 0.00  0.0    0 13.0 26 230   M    M   7        33 210
23  80  60  70   9   0   5 0.00  0.0    0 12.6 28 210   M    M   3        39 210
24  81  57  69   7   0   4 0.00  0.0    0  8.1 20 300   M    M   6        28 300
25  77  64  71   9   0   6 0.00  0.0    0  8.2 21 330   M    M   2        26 340
26  81  57  69   7   0   4 0.00  0.0    0  6.6 15  80   M    M   3        23  70
27  88  59  74  12   0   9 0.00  0.0    0  6.1 13 200   M    M   0 8      14 190
28  91  62  77  15   0  12 0.00  0.0    0  8.8 20 210   M    M   0        28 210
29  89  62  76  14   0  11 0.00  0.0    0  6.5 14 200   M    M   3        14 200
================================================================================
SM 2234 1596        76 114  0.28     0.0 222.1          M      108
================================================================================
AV 77.0 55.0                               7.7 FASTST   M    M   4    MAX(MPH)
                                 MISC ---->  # 28 210               # 39  210
================================================================================
NOTES:
# LAST OF SEVERAL OCCURRENCES

COLUMN 17 PEAK WIND IN M.P.H.

PRELIMINARY LOCAL CLIMATOLOGICAL DATA (WS FORM: F-6) , PAGE 2

                                          STATION:  LAS VEGAS NV
                                          MONTH:    MARCH
                                          YEAR:     2015
                                          LATITUDE:   36  4 N
                                          LONGITUDE: 115 10 W

[TEMPERATURE DATA]      [PRECIPITATION DATA]       SYMBOLS USED IN COLUMN 16

AVERAGE MONTHLY: 66.0   TOTAL FOR MONTH:   0.28    1 = FOG OR MIST
DPTR FM NORMAL:   6.4   DPTR FM NORMAL:   -0.14    2 = FOG REDUCING VISIBILITY
HIGHEST:    91 ON 28    GRTST 24HR  0.22 ON  1- 1      TO 1/4 MILE OR LESS
LOWEST:     41 ON  3, 5                            3 = THUNDER
                        SNOW, ICE PELLETS, HAIL    4 = ICE PELLETS
                        TOTAL MONTH:   0.0 INCH    5 = HAIL
                        GRTST 24HR     0.0         6 = FREEZING RAIN OR DRIZZLE
                        GRTST DEPTH:   0           7 = DUSTSTORM OR SANDSTORM:
                                                       VSBY 1/2 MILE OR LESS
                                                   8 = SMOKE OR HAZE
[NO. OF DAYS WITH]      [WEATHER - DAYS WITH]      9 = BLOWING SNOW
                                                   X = TORNADO
MAX 32 OR BELOW:   0    0.01 INCH OR MORE:   3
MAX 90 OR ABOVE:   1    0.10 INCH OR MORE:   1
MIN 32 OR BELOW:   0    0.50 INCH OR MORE:   0
MIN  0 OR BELOW:   0    1.00 INCH OR MORE:   0

[HDD (BASE 65) ]
TOTAL THIS MO.    76    CLEAR  (SCALE 0-3)  13
DPTR FM NORMAL  -105    PTCLDY (SCALE 4-7)  13
TOTAL FM JUL 1  1183    CLOUDY (SCALE 8-10)  3
DPTR FM NORMAL  -689

[CDD (BASE 65) ]
TOTAL THIS MO.   114
DPTR FM NORMAL    90    [PRESSURE DATA]
TOTAL FM JAN 1   124    HIGHEST SLP M ON M
DPTR FM NORMAL    99    LOWEST  SLP 29.71 ON  2

[REMARKS]
