000
CXUS54 KOUN 240700
CF6LAW
PRELIMINARY LOCAL CLIMATOLOGICAL DATA (WS FORM: F-6)

                                          STATION:   LAWTON MUNICIPAL
                                          MONTH:     AUGUST
                                          YEAR:      2016
                                          LATITUDE:   34 34 N
                                          LONGITUDE:  98 25 W

  TEMPERATURE IN F:       :PCPN:    SNOW:  WIND      :SUNSHINE: SKY     :PK WND
================================================================================
1   2   3   4   5  6A  6B    7    8   9   10  11  12  13   14  15   16   17  18
                                     12Z  AVG MX 2MIN
DY MAX MIN AVG DEP HDD CDD  WTR  SNW DPTH SPD SPD DIR MIN PSBL S-S WX    SPD DR
================================================================================

 1 104  76  90   4   0  25 0.00  0.0    0 11.4 21 190   M    M   0        28 200
 2 104  68  86   0   0  21 0.00  0.0    0  8.2 16 140   M    M   0 8      22 180
 3 107  71  89   3   0  24 0.00  0.0    0  8.9 21 140   M    M   0        25 130
 4 104  76  90   4   0  25 0.00  0.0    0  9.2 18 130   M    M   1        22 190
 5 103  81  92   6   0  27 0.00  0.0    0  8.6 16 160   M    M   1        23 160
 6 102  74  88   2   0  23 0.00  0.0    0  5.8 16 140   M    M   1        19 140
 7 105  73  89   3   0  24 0.00  0.0    0  6.9 17 150   M    M   0        22 160
 8  96  76  86   1   0  21 0.00  0.0    0  6.5 15 350   M    M   1        19 350
 9  91  74  83  -2   0  18 0.13  0.0    0  6.4 18 200   M    M   1 1      26 190
10 102  77  90   5   0  25 0.00  0.0    0  7.2 18 150   M    M   1        24 180
11 105  75  90   5   0  25 0.00  0.0    0  9.2 20 190   M    M   0        27 190
12  97  75  86   1   0  21    T  0.0    0  9.0 22  20   M    M   1        29 360
13  96  74  85   0   0  20 0.00  0.0    0 14.2 24  40   M    M   0        30  50
14  94  70  82  -3   0  17 0.00  0.0    0 12.9 24  40   M    M   0        30  40
15  95  70  83  -2   0  18 0.00  0.0    0  5.8 16 140   M    M   1        21 140
16  96  61  79  -5   0  14 0.00  0.0    0  4.2 15 110   M    M   0 8      19 130
17  95  64  80  -4   0  15 0.00  0.0    0  5.2 18 150   M    M   4 1      25 150
18  88  70  79  -5   0  14 0.00  0.0    0  8.2 17 180   M    M   5 1      22 190
19  87  65  76  -8   0  11 0.00  0.0    0  9.2 25 160   M    M   4 12     32 150
20  86  66  76  -8   0  11 0.75  0.0    0  7.1 18 360   M    M   6 1      24 360
21  89  61  75  -9   0  10 0.00  0.0    0  6.9 15  70   M    M   0        19  50
22  90  58  74  -9   0   9 0.00  0.0    0  7.1 20 160   M    M   2        24 160
23  94  75  85   2   0  20 0.12  0.0    0 13.1 24 190   M    M   4 1      33 200
================================================================================
SM 2230 1630         0 438  1.00     0.0 191.2          M       33
================================================================================
AV 97.0 70.9                               8.3 FASTST   M    M   1    MAX(MPH)
                                 MISC ---->  # 25 160               # 33  200
================================================================================
NOTES:
# LAST OF SEVERAL OCCURRENCES

COLUMN 17 PEAK WIND IN M.P.H.

PRELIMINARY LOCAL CLIMATOLOGICAL DATA (WS FORM: F-6) , PAGE 2

                                          STATION:  LAWTON MUNICIPAL
                                          MONTH:    AUGUST
                                          YEAR:     2016
                                          LATITUDE:   34 34 N
                                          LONGITUDE:  98 25 W

[TEMPERATURE DATA]      [PRECIPITATION DATA]       SYMBOLS USED IN COLUMN 16

AVERAGE MONTHLY: 83.9   TOTAL FOR MONTH:   1.00    1 = FOG OR MIST
DPTR FM NORMAL:  -1.0   DPTR FM NORMAL:   -0.91    2 = FOG REDUCING VISIBILITY
HIGHEST:   107 ON  3    GRTST 24HR  0.75 ON 20-20      TO 1/4 MILE OR LESS
LOWEST:     58 ON 22                               3 = THUNDER
                        SNOW, ICE PELLETS, HAIL    4 = ICE PELLETS
                        TOTAL MONTH:   0.0 INCH    5 = HAIL
                        GRTST 24HR     0.0         6 = FREEZING RAIN OR DRIZZLE
                        GRTST DEPTH:   0           7 = DUSTSTORM OR SANDSTORM:
                                                       VSBY 1/2 MILE OR LESS
                                                   8 = SMOKE OR HAZE
[NO. OF DAYS WITH]      [WEATHER - DAYS WITH]      9 = BLOWING SNOW
                                                   X = TORNADO
MAX 32 OR BELOW:   0    0.01 INCH OR MORE:   3
MAX 90 OR ABOVE:  19    0.10 INCH OR MORE:   3
MIN 32 OR BELOW:   0    0.50 INCH OR MORE:   1
MIN  0 OR BELOW:   0    1.00 INCH OR MORE:   0

[HDD (BASE 65) ]
TOTAL THIS MO.     0    CLEAR  (SCALE 0-3)  18
DPTR FM NORMAL     0    PTCLDY (SCALE 4-7)   5
TOTAL FM JUL 1     0    CLOUDY (SCALE 8-10)  0
DPTR FM NORMAL     0

[CDD (BASE 65) ]
TOTAL THIS MO.   438
DPTR FM NORMAL   -17    [PRESSURE DATA]
TOTAL FM JAN 1  1774    HIGHEST SLP M ON M
DPTR FM NORMAL    -8    LOWEST  SLP 29.70 ON 19

[REMARKS]
