000
CXUS54 KLUB 300755
CF6LBB
PRELIMINARY LOCAL CLIMATOLOGICAL DATA (WS FORM: F-6)

                                          STATION:   LUBBOCK
                                          MONTH:     MAY
                                          YEAR:      2016
                                          LATITUDE:   33 39 N
                                          LONGITUDE: 101 49 W

  TEMPERATURE IN F:       :PCPN:    SNOW:  WIND      :SUNSHINE: SKY     :PK WND
================================================================================
1   2   3   4   5  6A  6B    7    8   9   10  11  12  13   14  15   16   17  18
                                     12Z  AVG MX 2MIN
DY MAX MIN AVG DEP HDD CDD  WTR  SNW DPTH SPD SPD DIR MIN PSBL S-S WX    SPD DR
================================================================================

 1  55  44  50 -15  15   0    T  0.0    0 19.0 31  30   M    M   9        38  20
 2  69  39  54 -12  11   0 0.00  0.0    0  9.2 20 360   M    M   3        24  10
 3  73  43  58  -8   7   0 0.04  0.0    0  6.6 25  20   M    M   3 3      37 260
 4  84  40  62  -4   3   0 0.00  0.0    0  7.4 17 340   M    M   0        24 330
 5  88  51  70   3   0   5 0.00  0.0    0  8.7 17 160   M    M   2        23 190
 6  89  57  73   6   0   8 0.00  0.0    0 20.7 33 150   M    M   3        45 140
 7  95  59  77  10   0  12    T  0.0    0 19.1 29 190   M    M   3 3      39 210
 8  90  58  74   6   0   9 0.00  0.0    0 15.6 36 230   M    M   3        49 250
 9  85  56  71   3   0   6 0.00  0.0    0 18.3 38 250   M    M   4 8      48 250
10  94  54  74   6   0   9 0.00  0.0    0 11.7 29 230   M    M   1        37 210
11  87  52  70   2   0   5 0.00  0.0    0  8.4 20  40   M    M   3        24  40
12  80  58  69   0   0   4 0.00  0.0    0 15.0 24  60   M    M   6        31  60
13  89  53  71   2   0   6    T  0.0    0 12.4 26 120   M    M   4 38     32 110
14  64  50  57 -12   8   0 1.88  0.0    0 13.8 29 150   M    M   7 135    38 330
15  55  49  52 -18  13   0 0.13  0.0    0 12.5 22 130   M    M  10 1      24 130
16  85  54  70   0   0   5 0.02  0.0    0 13.4 25 160   M    M   6 123    30 160
17  69  49  59 -11   6   0 0.45  0.0    0 20.2 30  40   M    M   9 13     39  40
18  59  48  54 -16  11   0 0.75  0.0    0 11.2 37  50   M    M  10 13     43  50
19  64  48  56 -15   9   0    T  0.0    0  6.5 16  80   M    M   7 1      20  80
20  82  52  67  -4   0   2    T  0.0    0 14.0 22 160   M    M   5 12     28 180
21  83  63  73   2   0   8 0.00  0.0    0 16.7 25 140   M    M   5 1      31 200
22  87  67  77   5   0  12 0.01  0.0    0 17.0 39 140   M    M   7 138    46 160
23  90  65  78   6   0  13 0.00  0.0    0 16.1 28 160   M    M   4 138    36 170
24  89  68  79   7   0  14 0.00  0.0    0 15.4 25 160   M    M   6 18     32 150
25  93  67  80   8   0  15 0.00  0.0    0 13.4 24 230   M    M   1 18     33 220
26  92  67  80   7   0  15 0.00  0.0    0 15.3 26 230   M    M   3 8      34 240
27  85  50  68  -5   0   3 0.00  0.0    0 12.2 29 270   M    M   2        38 250
28  89  54  72  -1   0   7 0.00  0.0    0  9.6 28 360   M    M   1 3      37 350
29  87  57  72  -2   0   7 0.26  0.0    0 18.4 48  20   M    M   6 1378   58  20
================================================================================
SM 2351 1572        83 165  3.54     0.0 397.8          M      133
================================================================================
AV 81.1 54.2                              13.7 FASTST   M    M   5    MAX(MPH)
                                 MISC ---->  # 48  20               # 58   20
================================================================================
NOTES:
# LAST OF SEVERAL OCCURRENCES

COLUMN 17 PEAK WIND IN M.P.H.

PRELIMINARY LOCAL CLIMATOLOGICAL DATA (WS FORM: F-6) , PAGE 2

                                          STATION:  LUBBOCK
                                          MONTH:    MAY
                                          YEAR:     2016
                                          LATITUDE:   33 39 N
                                          LONGITUDE: 101 49 W

[TEMPERATURE DATA]      [PRECIPITATION DATA]       SYMBOLS USED IN COLUMN 16

AVERAGE MONTHLY: 67.6   TOTAL FOR MONTH:   3.54    1 = FOG OR MIST
DPTR FM NORMAL:  -1.9   DPTR FM NORMAL:    1.43    2 = FOG REDUCING VISIBILITY
HIGHEST:    95 ON  7    GRTST 24HR  1.88 ON 14-14      TO 1/4 MILE OR LESS
LOWEST:     39 ON  2                               3 = THUNDER
                        SNOW, ICE PELLETS, HAIL    4 = ICE PELLETS
                        TOTAL MONTH:   0.0 INCH    5 = HAIL
                        GRTST 24HR     0.0         6 = FREEZING RAIN OR DRIZZLE
                        GRTST DEPTH:   0           7 = DUSTSTORM OR SANDSTORM:
                                                       VSBY 1/2 MILE OR LESS
                                                   8 = SMOKE OR HAZE
[NO. OF DAYS WITH]      [WEATHER - DAYS WITH]      9 = BLOWING SNOW
                                                   X = TORNADO
MAX 32 OR BELOW:   0    0.01 INCH OR MORE:   8
MAX 90 OR ABOVE:   6    0.10 INCH OR MORE:   5
MIN 32 OR BELOW:   0    0.50 INCH OR MORE:   2
MIN  0 OR BELOW:   0    1.00 INCH OR MORE:   1

[HDD (BASE 65) ]
TOTAL THIS MO.    83    CLEAR  (SCALE 0-3)  10
DPTR FM NORMAL    44    PTCLDY (SCALE 4-7)  15
TOTAL FM JUL 1  2854    CLOUDY (SCALE 8-10)  4
DPTR FM NORMAL  -522

[CDD (BASE 65) ]
TOTAL THIS MO.   165
DPTR FM NORMAL    -6    [PRESSURE DATA]
TOTAL FM JAN 1   216    HIGHEST SLP M ON M
DPTR FM NORMAL   -11    LOWEST  SLP 29.47 ON  8

[REMARKS]
