000
CXUS55 KLBF 011431
CF6LBF
PRELIMINARY LOCAL CLIMATOLOGICAL DATA (WS FORM: F-6)

                                          STATION:   NORTH PLATTE NE
                                          MONTH:     FEBRUARY
                                          YEAR:      2015
                                          LATITUDE:   41  7 N
                                          LONGITUDE: 100 41 W

  TEMPERATURE IN F:       :PCPN:    SNOW:  WIND      :SUNSHINE: SKY     :PK WND
================================================================================
1   2   3   4   5  6A  6B    7    8   9   10  11  12  13   14  15   16   17  18
                                     12Z  AVG MX 2MIN
DY MAX MIN AVG DEP HDD CDD  WTR  SNW DPTH SPD SPD DIR MIN PSBL S-S WX    SPD DR
================================================================================

 1  19  -7   6 -20  59   0 0.01  0.2    2 16.1 31 340   M    M   6 189    39 340
 2  41  -9  16 -10  49   0 0.00  0.0    1  5.1 13 260   M    M   0        16 260
 3  57  21  39  13  26   0 0.00  0.0    T  6.4 16 190   M    M   2        21 180
 4  31  -3  14 -12  51   0 0.42  5.9    4 10.0 24  30   M    M   6 128    31  20
 5  45   1  23  -4  42   0 0.00  0.0    6  6.3 16 250   M    M   0 18     23 180
 6  58  23  41  14  24   0 0.00  0.0    5  4.9 10 270   M    M   0        12 270
 7  71  23  47  20  18   0 0.00  0.0    3  7.1 16 260   M    M   0        21 330
 8  67  26  47  20  18   0 0.00  0.0    0  7.3 21 310   M    M   0        27 320
 9  67  23  45  18  20   0 0.00  0.0    0  7.7 17 170   M    M   0        22 130
10  67  31  49  21  16   0 0.00  0.0    0  9.0 20 330   M    M   2 1      25 330
11  52  25  39  11  26   0 0.00  0.0    0 11.0 23  50   M    M   4        29  40
12  32  19  26  -2  39   0 0.00  0.0    0  8.6 18 190   M    M   7        24 180
13  61  21  41  13  24   0 0.00  0.0    0  6.9 16 280   M    M   0        20 290
14  34  20  27  -2  38   0 0.00  0.0    0 11.2 22  60   M    M   5        27  60
15  30  17  24  -5  41   0    T    T    0  4.6 10 160   M    M   7        14 130
16  43  16  30   1  35   0 0.01    T    T  7.6 23 330   M    M   6 18     30 320
17  30  10  20  -9  45   0    T    T    T 13.1 31  10   M    M   3        40 320
18  30   7  19 -11  46   0 0.00  0.0    0  7.7 17 320   M    M   6        23 330
19  41  15  28  -2  37   0 0.00  0.0    0  8.0 16 170   M    M   2        20 180
20  54  20  37   7  28   0    T  0.0    0  6.7 18  40   M    M   7        24  50
21  37  18  28  -3  37   0    T    T    0 11.8 22  10   M    M   9        29  20
22  22   6  14 -17  51   0 0.01  0.2    T  9.0 17 360   M    M   5        23 360
23  30   3  17 -14  48   0 0.00  0.0    0  9.5 18 240   M    M   0        24 220
24  55  13  34   2  31   0 0.00  0.0    0  8.7 23 320   M    M   0        29 320
25  45  15  30  -2  35   0 0.01    T    0 15.1 31 360   M    M   6        39 360
26  21  -1  10 -22  55   0 0.00  0.0    0 10.8 22 350   M    M   3        29 350
27  25  -5  10 -22  55   0    T    T    0  9.5 20 190   M    M   6        25 180
28  30  13  22 -11  43   0    T    T    0  9.3 17 180   M    M   7        23 170
================================================================================
SM 1195  361      1037   0  0.46     6.3 249.0          M       99
================================================================================
AV 42.7 12.9                               8.9 FASTST   M    M   4    MAX(MPH)
                                 MISC ---->  # 31 340               # 40  320
================================================================================
NOTES:
# LAST OF SEVERAL OCCURRENCES

COLUMN 17 PEAK WIND IN M.P.H.

PRELIMINARY LOCAL CLIMATOLOGICAL DATA (WS FORM: F-6) , PAGE 2

                                          STATION:  NORTH PLATTE NE
                                          MONTH:    FEBRUARY
                                          YEAR:     2015
                                          LATITUDE:   41  7 N
                                          LONGITUDE: 100 41 W

[TEMPERATURE DATA]      [PRECIPITATION DATA]       SYMBOLS USED IN COLUMN 16

AVERAGE MONTHLY: 27.8   TOTAL FOR MONTH:   0.46    1 = FOG OR MIST
DPTR FM NORMAL:  -1.2   DPTR FM NORMAL:   -0.04    2 = FOG REDUCING VISIBILITY
HIGHEST:    71 ON  7    GRTST 24HR  0.42 ON  4- 4      TO 1/4 MILE OR LESS
LOWEST:     -9 ON  2                               3 = THUNDER
                        SNOW, ICE PELLETS, HAIL    4 = ICE PELLETS
                        TOTAL MONTH:   6.3 INCHES  5 = HAIL
                        GRTST 24HR   5.9 ON   M    6 = FREEZING RAIN OR DRIZZLE
                        GRTST DEPTH:   6 ON  5     7 = DUSTSTORM OR SANDSTORM:
                                                       VSBY 1/2 MILE OR LESS
                                                   8 = SMOKE OR HAZE
[NO. OF DAYS WITH]      [WEATHER - DAYS WITH]      9 = BLOWING SNOW
                                                   X = TORNADO
MAX 32 OR BELOW:  11    0.01 INCH OR MORE:   5
MAX 90 OR ABOVE:   0    0.10 INCH OR MORE:   1
MIN 32 OR BELOW:  28    0.50 INCH OR MORE:   0
MIN  0 OR BELOW:   5    1.00 INCH OR MORE:   0

[HDD (BASE 65) ]
TOTAL THIS MO.  1037    CLEAR  (SCALE 0-3)  13
DPTR FM NORMAL    29    PTCLDY (SCALE 4-7)  14
TOTAL FM JUL 1  4889    CLOUDY (SCALE 8-10)  1
DPTR FM NORMAL  -139

[CDD (BASE 65) ]
TOTAL THIS MO.     0
DPTR FM NORMAL     0    [PRESSURE DATA]
TOTAL FM JAN 1     0    HIGHEST SLP 30.81 ON 22
DPTR FM NORMAL     0    LOWEST  SLP 29.65 ON  7

[REMARKS]
#FINAL-02-15#
