000
CXUS54 KLCH 200914
CF6LCH
PRELIMINARY LOCAL CLIMATOLOGICAL DATA (WS FORM: F-6)

                                          STATION:   LAKE CHARLES
                                          MONTH:     JANUARY
                                          YEAR:      2018
                                          LATITUDE:   30  7 N
                                          LONGITUDE:  93 13 W

  TEMPERATURE IN F:       :PCPN:    SNOW:  WIND      :SUNSHINE: SKY     :PK WND
================================================================================
1   2   3   4   5  6A  6B    7    8   9   10  11  12  13   14  15   16   17  18
                                     12Z  AVG MX 2MIN
DY MAX MIN AVG DEP HDD CDD  WTR  SNW DPTH SPD SPD DIR MIN PSBL S-S WX    SPD DR
================================================================================

 1  38  26  32 -20  33   0 0.00  0.0    0 16.4 28  10   M    M   0        34  10
 2  35  24  30 -22  35   0 0.00  0.0    0 11.5 22  50   M    M   9        25  40
 3  44  28  36 -16  29   0 0.00  0.0    0  8.0 16  10   M    M   2        22 340
 4  51  25  38 -14  27   0 0.00  0.0    0  4.0 13  80   M    M   0        15  90
 5  51  31  41 -11  24   0 0.00  0.0    0  2.9 10  90   M    M   0        13  90
 6  60  32  46  -6  19   0 0.00  0.0    0  4.2 12 120   M    M   1        15  90
 7  66  40  53   1  12   0 0.32    M    0  9.9 24 140   M    M   6 13     29 130
 8  62  53  58   6   7   0 1.50  0.0    0  9.9 20 350   M    M   9 13     27 340
 9  56  50  53   1  12   0 0.00  0.0    0  7.7 14  10   M    M  10 1      19  20
10  69  52  61   9   4   0 0.00  0.0    0  6.0 12 140   M    M   7 1      14 140
11  71  46  59   7   6   0 0.36    M    0  9.6 25 320   M    M   9 13     34 310
12  47  34  41 -11  24   0 0.00  0.0    0 15.8 28 320   M    M   5        39 320
13  51  31  41 -11  24   0 0.00  0.0    0  9.3 17  20   M    M   0        22  30
14  50  27  39 -13  26   0 0.00  0.0    0  5.0 16  50   M    M   0        19  70
15  61  31  46  -6  19   0 0.00  0.0    0  4.6 10 150   M    M   0        14 200
16  49  27  38 -14  27   0 0.20  0.1    0 14.3 28  20   M    M  10 146    36  10
17  38  19  29 -23  36   0 0.00  0.0    0 11.9 22  20   M    M   0        27  30
18  44  20  32 -20  33   0 0.00  0.0    0  5.1 16  50   M    M   3        18  50
19  54  33  44  -8  21   0 0.00  0.0    0  6.3 15 120   M    M   6        18 130
================================================================================
SM  997  629       418   0  2.38     0.1 162.4          M       77
================================================================================
AV 52.5 33.1                               8.5 FASTST   M    M   4    MAX(MPH)
                                 MISC ---->  # 28  10               # 39  320
================================================================================
NOTES:
# LAST OF SEVERAL OCCURRENCES

COLUMN 17 PEAK WIND IN M.P.H.

PRELIMINARY LOCAL CLIMATOLOGICAL DATA (WS FORM: F-6) , PAGE 2

                                          STATION:  LAKE CHARLES
                                          MONTH:    JANUARY
                                          YEAR:     2018
                                          LATITUDE:   30  7 N
                                          LONGITUDE:  93 13 W

[TEMPERATURE DATA]      [PRECIPITATION DATA]       SYMBOLS USED IN COLUMN 16

AVERAGE MONTHLY: 42.8   TOTAL FOR MONTH:   2.38    1 = FOG OR MIST
DPTR FM NORMAL:  -9.2   DPTR FM NORMAL:   -0.95    2 = FOG REDUCING VISIBILITY
HIGHEST:    71 ON 11    GRTST 24HR  1.50 ON  8- 8      TO 1/4 MILE OR LESS
LOWEST:     19 ON 17                               3 = THUNDER
                        SNOW, ICE PELLETS, HAIL    4 = ICE PELLETS
                        TOTAL MONTH:   0.1 INCH    5 = HAIL
                        GRTST 24HR   0.1 ON 16-16  6 = FREEZING RAIN OR DRIZZLE
                        GRTST DEPTH:   0           7 = DUSTSTORM OR SANDSTORM:
                                                       VSBY 1/2 MILE OR LESS
                                                   8 = SMOKE OR HAZE
[NO. OF DAYS WITH]      [WEATHER - DAYS WITH]      9 = BLOWING SNOW
                                                   X = TORNADO
MAX 32 OR BELOW:   0    0.01 INCH OR MORE:   4
MAX 90 OR ABOVE:   0    0.10 INCH OR MORE:   4
MIN 32 OR BELOW:  12    0.50 INCH OR MORE:   1
MIN  0 OR BELOW:   0    1.00 INCH OR MORE:   1

[HDD (BASE 65) ]
TOTAL THIS MO.   418    CLEAR  (SCALE 0-3)  10
DPTR FM NORMAL   152    PTCLDY (SCALE 4-7)   4
TOTAL FM JUL 1   933    CLOUDY (SCALE 8-10)  5
DPTR FM NORMAL    93

[CDD (BASE 65) ]
TOTAL THIS MO.     0
DPTR FM NORMAL     0    [PRESSURE DATA]
TOTAL FM JAN 1     0    HIGHEST SLP M ON M
DPTR FM NORMAL     0    LOWEST  SLP 29.73 ON 11

[REMARKS]
