000
CXUS52 KMLB 222023
CF6LEE
PRELIMINARY LOCAL CLIMATOLOGICAL DATA (WS FORM: F-6)

                                          STATION:   LEESBURG
                                          MONTH:     MAY
                                          YEAR:      2015
                                          LATITUDE:   28 49 N
                                          LONGITUDE:  81 49 W

  TEMPERATURE IN F:       :PCPN:    SNOW:  WIND      :SUNSHINE: SKY     :PK WND
================================================================================
1   2   3   4   5  6A  6B    7    8   9   10  11  12  13   14  15   16   17  18
                                     12Z  AVG MX 2MIN
DY MAX MIN AVG DEP HDD CDD  WTR  SNW DPTH SPD SPD DIR MIN PSBL S-S WX    SPD DR
================================================================================

 1  84  61  73  -1   0   8 0.00  0.0    0  8.0 16  70   M    M   3        23 340
 2  82  57  70  -4   0   5 0.00  0.0    0  7.5 14  80   M    M   0        20  40
 3  85  58  72  -2   0   7 0.00  0.0    0  6.9 16  80   M    M   0        23 110
 4  85  60  73  -2   0   8 0.00  0.0    0  9.6 20 100   M    M   3        27  50
 5  84  67  76   1   0  11    T  0.0    0  9.9 21  90   M    M   5 1      26  70
 6  88  67  78   3   0  13 0.00  0.0    0  7.3 17  40   M    M   5        22  40
 7  88  65  77   2   0  12 0.00  0.0    0  6.8 15 340   M    M   0        23 360
 8  89  62  76   0   0  11 0.00  0.0    0  4.0 14 330   M    M   2        26 340
 9  92  66  79   3   0  14 0.00  0.0    0  3.9 10 320   M    M   3        14 210
10  94  71  83   7   0  18 0.00  0.0    0  4.7 13 140   M    M   2 1      15 180
11  93  70  82   6   0  17 0.40  0.0    0  6.8 28 350   M    M   1 13     35 320
12  92  74  83   7   0  18 0.00  0.0    0  5.8 18  80   M    M   0 3      27  80
13  91  73  82   5   0  17 0.00  0.0    0  5.4 20 360   M    M   1 3      25  10
14  93  71  82   5   0  17 0.00  0.0    0  7.3 17  60   M    M   2        21  50
15  88  72  80   3   0  15    T  0.0    0  9.5 18  60   M    M   3        24 110
16  88  68  78   1   0  13 0.00  0.0    0  8.2 17  80   M    M   1        22  80
17  89  73  81   3   0  16 0.00  0.0    0  8.2 17 110   M    M   3        21 120
18  91  71  81   3   0  16 0.00  0.0    0  6.1 14 120   M    M   2        17 120
19  93  73  83   5   0  18 0.00  0.0    0  5.7 12 270   M    M   2        19 270
20  94  73  84   6   0  19 0.00  0.0    0  4.6 14 330   M    M   1 3      16 340
21  94  72  83   5   0  18 0.00  0.0    0  6.4 15 290   M    M   1 8      19 290
================================================================================
SM 1877 1424         0 291  0.40     0.0 142.6          M       40
================================================================================
AV 89.4 67.8                               6.8 FASTST   M    M   2    MAX(MPH)
                                 MISC ---->  # 28 350               # 35  320
================================================================================
NOTES:
# LAST OF SEVERAL OCCURRENCES

COLUMN 17 PEAK WIND IN M.P.H.

PRELIMINARY LOCAL CLIMATOLOGICAL DATA (WS FORM: F-6) , PAGE 2

                                          STATION:  LEESBURG
                                          MONTH:    MAY
                                          YEAR:     2015
                                          LATITUDE:   28 49 N
                                          LONGITUDE:  81 49 W

[TEMPERATURE DATA]      [PRECIPITATION DATA]       SYMBOLS USED IN COLUMN 16

AVERAGE MONTHLY: 78.6   TOTAL FOR MONTH:   0.40    1 = FOG OR MIST
DPTR FM NORMAL:   2.4   DPTR FM NORMAL:   -1.18    2 = FOG REDUCING VISIBILITY
HIGHEST:    94 ON 21,20 GRTST 24HR  0.40 ON 11-11      TO 1/4 MILE OR LESS
LOWEST:     57 ON  2                               3 = THUNDER
                        SNOW, ICE PELLETS, HAIL    4 = ICE PELLETS
                        TOTAL MONTH:   0.0 INCH    5 = HAIL
                        GRTST 24HR     0.0         6 = FREEZING RAIN OR DRIZZLE
                        GRTST DEPTH:   0           7 = DUSTSTORM OR SANDSTORM:
                                                       VSBY 1/2 MILE OR LESS
                                                   8 = SMOKE OR HAZE
[NO. OF DAYS WITH]      [WEATHER - DAYS WITH]      9 = BLOWING SNOW
                                                   X = TORNADO
MAX 32 OR BELOW:   0    0.01 INCH OR MORE:   1
MAX 90 OR ABOVE:  10    0.10 INCH OR MORE:   1
MIN 32 OR BELOW:   0    0.50 INCH OR MORE:   0
MIN  0 OR BELOW:   0    1.00 INCH OR MORE:   0

[HDD (BASE 65) ]
TOTAL THIS MO.     0    CLEAR  (SCALE 0-3)  18
DPTR FM NORMAL     0    PTCLDY (SCALE 4-7)   3
TOTAL FM JUL 1   685    CLOUDY (SCALE 8-10)  0
DPTR FM NORMAL   -16

[CDD (BASE 65) ]
TOTAL THIS MO.   291
DPTR FM NORMAL    55    [PRESSURE DATA]
TOTAL FM JAN 1   917    HIGHEST SLP M ON M
DPTR FM NORMAL   311    LOWEST  SLP 29.86 ON  1

[REMARKS]
