046
CXUS53 KLMK 250800
CF6LEX
PRELIMINARY LOCAL CLIMATOLOGICAL DATA (WS FORM: F-6)

                                          STATION:   LEXINGTON KY
                                          MONTH:     MAY
                                          YEAR:      2016
                                          LATITUDE:   38  1 N
                                          LONGITUDE:  84 36 W

  TEMPERATURE IN F:       :PCPN:    SNOW:  WIND      :SUNSHINE: SKY     :PK WND
================================================================================
1   2   3   4   5  6A  6B    7    8   9   10  11  12  13   14  15   16   17  18
                                     12Z  AVG MX 2MIN
DY MAX MIN AVG DEP HDD CDD  WTR  SNW DPTH SPD SPD DIR MIN PSBL S-S WX    SPD DR
================================================================================

 1  79  62  71  11   0   6 0.34  0.0    0  8.1 30 230   M    M   6 13     38 230
 2  70  57  64   4   1   0 0.10  0.0    0  6.0 16 200   M    M   5 1      20 200
 3  62  52  57  -3   8   0 0.00  0.0    0  6.2 15 270   M    M  10        18 270
 4  63  45  54  -7  11   0 0.09  0.0    0  9.4 21 290   M    M   6 13     26 320
 5  57  42  50 -11  15   0    T  0.0    0  8.1 18 350   M    M   9        24 330
 6  70  45  58  -3   7   0 0.00  0.0    0  7.7 18 340   M    M   3 1      25 320
 7  80  50  65   3   0   0 0.35  0.0    0  9.5 21 270   M    M   5 13     29 270
 8  68  53  61  -1   4   0 0.01  0.0    0  4.7 13 320   M    M   7        17 320
 9  73  56  65   3   0   0 0.02  0.0    0  5.0 16 100   M    M   5 8      19  90
10  79  59  69   7   0   4 1.94  0.0    0 10.3 25 190   M    M   6 138    31 180
11  82  59  71   8   0   6 0.30  0.0    0  8.5 28 290   M    M   3 13     37 300
12  80  60  70   7   0   5 0.55  0.0    0  6.6 16 200   M    M   6 13     21 330
13  70  52  61  -2   4   0 0.00  0.0    0  8.0 16 260   M    M   1        20 280
14  58  45  52 -12  13   0 0.04    M    0 11.8 24 300   M    M   8 1      33 280
15  62  41  52 -12  13   0 0.00  0.0    0  9.2 21 280   M    M   4        27 280
16  60  38  49 -15  16   0 0.01  0.0    0  6.3 16 110   M    M   4        20 120
17  53  48  51 -13  14   0 0.56  0.0    0 10.8 16  60   M    M  10 1      20  60
18  65  50  58  -7   7   0 0.25  0.0    0  8.5 17  50   M    M  10 1      22  50
19  71  45  58  -7   7   0 0.00  0.0    0  6.7 16  70   M    M   2 1      23  80
20  66  54  60  -5   5   0 0.99  0.0    0  7.2 18  60   M    M   5 1      22  60
21  64  53  59  -7   6   0 0.05  0.0    0  6.6 17 350   M    M   9 1      22 350
22  77  48  63  -3   2   0 0.00  0.0    0  6.8 17 320   M    M   0 1      24 350
23  76  46  61  -5   4   0 0.00  0.0    0  3.8 13  50   M    M   1        18  50
24  81  51  66   0   0   1 0.00  0.0    0  5.0 12 210   M    M   0        15 220
================================================================================
SM 1666 1211       137  22  5.60     0.0 180.8          M      125
================================================================================
AV 69.4 50.5                               7.5 FASTST   M    M   5    MAX(MPH)
                                 MISC ---->  # 30 230               # 38  230
================================================================================
NOTES:
# LAST OF SEVERAL OCCURRENCES

COLUMN 17 PEAK WIND IN M.P.H.

PRELIMINARY LOCAL CLIMATOLOGICAL DATA (WS FORM: F-6) , PAGE 2

                                          STATION:  LEXINGTON KY
                                          MONTH:    MAY
                                          YEAR:     2016
                                          LATITUDE:   38  1 N
                                          LONGITUDE:  84 36 W

[TEMPERATURE DATA]      [PRECIPITATION DATA]       SYMBOLS USED IN COLUMN 16

AVERAGE MONTHLY: 59.9   TOTAL FOR MONTH:   5.60    1 = FOG OR MIST
DPTR FM NORMAL:  -3.2   DPTR FM NORMAL:    1.57    2 = FOG REDUCING VISIBILITY
HIGHEST:    82 ON 11    GRTST 24HR  2.05 ON 10-11      TO 1/4 MILE OR LESS
LOWEST:     38 ON 16                               3 = THUNDER
                        SNOW, ICE PELLETS, HAIL    4 = ICE PELLETS
                        TOTAL MONTH:   0.0 INCH    5 = HAIL
                        GRTST 24HR     0.0         6 = FREEZING RAIN OR DRIZZLE
                        GRTST DEPTH:   0           7 = DUSTSTORM OR SANDSTORM:
                                                       VSBY 1/2 MILE OR LESS
                                                   8 = SMOKE OR HAZE
[NO. OF DAYS WITH]      [WEATHER - DAYS WITH]      9 = BLOWING SNOW
                                                   X = TORNADO
MAX 32 OR BELOW:   0    0.01 INCH OR MORE:  15
MAX 90 OR ABOVE:   0    0.10 INCH OR MORE:   9
MIN 32 OR BELOW:   0    0.50 INCH OR MORE:   4
MIN  0 OR BELOW:   0    1.00 INCH OR MORE:   1

[HDD (BASE 65) ]
TOTAL THIS MO.   137    CLEAR  (SCALE 0-3)   7
DPTR FM NORMAL    38    PTCLDY (SCALE 4-7)  12
TOTAL FM JUL 1  3764    CLOUDY (SCALE 8-10)  5
DPTR FM NORMAL  -824

[CDD (BASE 65) ]
TOTAL THIS MO.    22
DPTR FM NORMAL   -31    [PRESSURE DATA]
TOTAL FM JAN 1    50    HIGHEST SLP M ON M
DPTR FM NORMAL   -25    LOWEST  SLP 29.66 ON  4

[REMARKS]
