000
CXUS54 KLCH 310710
CF6LFT
PRELIMINARY LOCAL CLIMATOLOGICAL DATA (WS FORM: F-6)

                                          STATION:   LAFAYETTE
                                          MONTH:     AUGUST
                                          YEAR:      2015
                                          LATITUDE:   30 12 N
                                          LONGITUDE:  92  0 W

  TEMPERATURE IN F:       :PCPN:    SNOW:  WIND      :SUNSHINE: SKY     :PK WND
================================================================================
1   2   3   4   5  6A  6B    7    8   9   10  11  12  13   14  15   16   17  18
                                     12Z  AVG MX 2MIN
DY MAX MIN AVG DEP HDD CDD  WTR  SNW DPTH SPD SPD DIR MIN PSBL S-S WX    SPD DR
================================================================================

 1  96  71  84   0   0  19 0.00  0.0    0  6.6 17  30   M    M   0        22  30
 2  98  70  84   0   0  19 0.00  0.0    0  3.3 13 360   M    M   0        17  40
 3  98  74  86   2   0  21 0.00  0.0    0  2.9 14 190   M    M   0        19 160
 4  98  75  87   3   0  22 0.00  0.0    0  4.6 13 240   M    M   1        15 230
 5  97  79  88   4   0  23    T  0.0    0  8.3 22 200   M    M   1 3      27 210
 6  97  77  87   3   0  22 0.00  0.0    0  9.8 20 220   M    M   1        26 230
 7  99  78  89   5   0  24 0.00  0.0    0  7.7 16 240   M    M   2        21 210
 8  99  80  90   6   0  25 0.00  0.0    0  8.1 15 250   M    M   1        20 260
 9 100  81  91   7   0  26 0.00  0.0    0  6.6 15 320   M    M   0        18 290
10 102  81  92   8   0  27 0.00  0.0    0  6.8 13  10   M    M   1        21  20
11  95  79  87   3   0  22    T  0.0    0  5.4 20  40   M    M   2 3      25  50
12 100  75  88   4   0  23 0.00  0.0    0  5.9 16  30   M    M   0        22  40
13  98  76  87   3   0  22 0.00  0.0    0  5.6 16  20   M    M   1        21  20
14  97  74  86   2   0  21    T  0.0    0  3.0 14 220   M    M   4 3      20 150
15  96  76  86   2   0  21 0.00  0.0    0  3.4 10  30   M    M   3        14  50
16  91  75  83  -1   0  18 0.67  0.0    0  4.6 15  70   M    M   3 13     23  70
17  93  75  84   0   0  19    T  0.0    0  5.8 14 180   M    M   4        19 190
18  88  76  82  -2   0  17 0.66  0.0    0  3.1 18 200   M    M   2 13     25 200
19  86  74  80  -4   0  15 0.96  0.0    0  3.8 23 220   M    M   3 13     30 220
20  87  76  82  -2   0  17 0.13  0.0    0  3.2 10 250   M    M   2 3      16 140
21  87  73  80  -4   0  15 0.43  0.0    0  2.4 23 200   M    M   2 138    29 190
22  91  73  82  -2   0  17 0.02  0.0    0  2.7 18 190   M    M   2 3      25 190
23  96  74  85   1   0  20 0.00  0.0    0  3.0 13 330   M    M   3        17 100
24  97  80  89   6   0  24 0.00  0.0    0  7.0 21 310   M    M   1        27 310
25  90  72  81  -2   0  16 0.00  0.0    0  6.3 16  10   M    M   0        19 310
26  88  64  76  -7   0  11 0.00  0.0    0  6.2 20  30   M    M   0        25  30
27  89  64  77  -6   0  12 0.00  0.0    0  5.4 20  20   M    M   0        26  10
28  90  64  77  -6   0  12 0.00  0.0    0  1.3 10 360   M    M   0        13  10
29  91  67  79  -4   0  14 0.00  0.0    0  2.4  9 340   M    M   1        13 350
30   M   M   M   M   M   M    M    M    M   M   M   M   M    M   M         M  M
================================================================================
SM 2734 2153         0 564  2.87     0.0 145.2          M       40
================================================================================
AV 94.3 74.2                               5.0 FASTST   M    M   1    MAX(MPH)
                                 MISC ---->  # 23 220               # 30  220
================================================================================
NOTES:
# LAST OF SEVERAL OCCURRENCES

COLUMN 17 PEAK WIND IN M.P.H.

PRELIMINARY LOCAL CLIMATOLOGICAL DATA (WS FORM: F-6) , PAGE 2

                                          STATION:  LAFAYETTE
                                          MONTH:    AUGUST
                                          YEAR:     2015
                                          LATITUDE:   30 12 N
                                          LONGITUDE:  92  0 W

[TEMPERATURE DATA]      [PRECIPITATION DATA]       SYMBOLS USED IN COLUMN 16

AVERAGE MONTHLY: 84.3   TOTAL FOR MONTH:   2.87    1 = FOG OR MIST
DPTR FM NORMAL:   0.5   DPTR FM NORMAL:   -1.60    2 = FOG REDUCING VISIBILITY
HIGHEST:   102 ON 10    GRTST 24HR  1.40 ON 18-19      TO 1/4 MILE OR LESS
LOWEST:     64 ON 28,27                            3 = THUNDER
                        SNOW, ICE PELLETS, HAIL    4 = ICE PELLETS
                        TOTAL MONTH:   0.0 INCH    5 = HAIL
                        GRTST 24HR     0.0         6 = FREEZING RAIN OR DRIZZLE
                        GRTST DEPTH:   0           7 = DUSTSTORM OR SANDSTORM:
                                                       VSBY 1/2 MILE OR LESS
                                                   8 = SMOKE OR HAZE
[NO. OF DAYS WITH]      [WEATHER - DAYS WITH]      9 = BLOWING SNOW
                                                   X = TORNADO
MAX 32 OR BELOW:   0    0.01 INCH OR MORE:   6
MAX 90 OR ABOVE:  23    0.10 INCH OR MORE:   5
MIN 32 OR BELOW:   0    0.50 INCH OR MORE:   3
MIN  0 OR BELOW:   0    1.00 INCH OR MORE:   0

[HDD (BASE 65) ]
TOTAL THIS MO.     0    CLEAR  (SCALE 0-3)  26
DPTR FM NORMAL     0    PTCLDY (SCALE 4-7)   3
TOTAL FM JUL 1     0    CLOUDY (SCALE 8-10)  0
DPTR FM NORMAL     0

[CDD (BASE 65) ]
TOTAL THIS MO.   564
DPTR FM NORMAL     2    [PRESSURE DATA]
TOTAL FM JAN 1  2397    HIGHEST SLP M ON M
DPTR FM NORMAL   151    LOWEST  SLP 29.84 ON 19

[REMARKS]
