000
CXUS55 KPUB 011059
CF6LHX
PRELIMINARY LOCAL CLIMATOLOGICAL DATA (WS FORM: F-6)

                                          STATION:   LA JUNTA CO
                                          MONTH:     JUNE
                                          YEAR:      2015
                                          LATITUDE:   38  2 N
                                          LONGITUDE: 103 31 W

  TEMPERATURE IN F:       :PCPN:    SNOW:  WIND      :SUNSHINE: SKY     :PK WND
================================================================================
1   2   3   4   5  6A  6B    7    8   9   10  11  12  13   14  15   16   17  18
                                     12Z  AVG MX 2MIN
DY MAX MIN AVG DEP HDD CDD  WTR  SNW DPTH SPD SPD DIR MIN PSBL S-S WX    SPD DR
================================================================================

 1  90  54  72   4   0   7 0.04  0.0    0  9.6 21 130   M    M   1 3      24 130
 2  92  58  75   7   0  10 0.00  0.0    0  7.2 20 240   M    M   0        23 240
 3  80  56  68   0   0   3 0.00  0.0    0 12.6 23  30   M    M   3 8      29  30
 4  87  62  75   6   0  10 0.00  0.0    0  8.2 16 110   M    M   4 1      24 100
 5  81  61  71   2   0   6 0.00  0.0    0 13.8 29 150   M    M   2 3      36 150
 6  90  61  76   6   0  11 0.24  0.0    0 14.0 62 210   M    M   1 3      76 200
 7  85  56  71   1   0   6 0.01  0.0    0  9.7 35  10   M    M   1 3      43  10
 8  85  62  74   4   0   9 0.00  0.0    0  7.0 13  70   M    M   0        18 160
 9  91  56  74   4   0   9 0.00  0.0    0  6.4 15  90   M    M   0        19  90
10  92  64  78   7   0  13 0.01  0.0    0  7.8 36 210   M    M   0 3      45 200
11  86  59  73   2   0   8 0.76  0.0    0  9.9 30  30   M    M   2 138    35  20
12  75  58  67  -5   0   2 0.02  0.0    0  5.1 15  80   M    M   5 3      19 120
13  82  54  68  -4   0   3 0.00  0.0    0  5.0 13 130   M    M   2 12     14 130
14  81  59  70  -2   0   5    T  0.0    0  8.1 35 360   M    M   5 13     46 360
15  83  55  69  -3   0   4 0.00  0.0    0  7.5 16 110   M    M   1        21 110
16  87  62  75   2   0  10 0.00  0.0    0  7.9 23 350   M    M   0        27 360
17  90  63  77   4   0  12    T  0.0    0  7.4 24 340   M    M   0 3      32 330
18  93  62  78   4   0  13 0.00  0.0    0  7.2 18 280   M    M   0 8      24 290
19  98  59  79   5   0  14 0.00  0.0    0  6.8 17 170   M    M   0        24 170
20  94  61  78   4   0  13 0.00  0.0    0  9.2 17  20   M    M   0        23  40
21  99  64  82   8   0  17 0.00  0.0    0  9.2 20  80   M    M   2 1      26  80
22  91  66  79   4   0  14 0.00  0.0    0 14.6 26  60   M    M   0        35  40
23  96  65  81   6   0  16 0.00  0.0    0  8.1 24 210   M    M   2        29 210
24 100  65  83   8   0  18 0.19  0.0    0 12.2 32 260   M    M   1 38     42 250
25  95  65  80   4   0  15 0.00  0.0    0  9.3 36  30   M    M   1 3      45  20
26  85  62  74  -2   0   9    T  0.0    0  9.1 23  40   M    M   3        32  40
27  92  59  76   0   0  11 0.00  0.0    0  4.6 12  50   M    M   2 8      17 100
28  95  60  78   2   0  13 0.04  0.0    0  8.5 41 360   M    M   1 3      52 360
29  89  61  75  -2   0  10 0.04  0.0    0  6.6 26 230   M    M   0        30 230
30  98  58  78   1   0  13 0.00  0.0    0  5.4 17 300   M    M   0        21 300
================================================================================
SM 2682 1807         0 304  1.35     0.0 258.0          M       39
================================================================================
AV 89.4 60.2                               8.6 FASTST   M    M   1    MAX(MPH)
                                 MISC ---->  # 62 210               # 76  200
================================================================================
NOTES:
# LAST OF SEVERAL OCCURRENCES

COLUMN 17 PEAK WIND IN M.P.H.

PRELIMINARY LOCAL CLIMATOLOGICAL DATA (WS FORM: F-6) , PAGE 2

                                          STATION:  LA JUNTA CO
                                          MONTH:    JUNE
                                          YEAR:     2015
                                          LATITUDE:   38  2 N
                                          LONGITUDE: 103 31 W

[TEMPERATURE DATA]      [PRECIPITATION DATA]       SYMBOLS USED IN COLUMN 16

AVERAGE MONTHLY: 74.8   TOTAL FOR MONTH:   1.35    1 = FOG OR MIST
DPTR FM NORMAL:   2.2   DPTR FM NORMAL:   -0.01    2 = FOG REDUCING VISIBILITY
HIGHEST:   100 ON 24    GRTST 24HR  0.78 ON 11-12      TO 1/4 MILE OR LESS
LOWEST:     54 ON 13, 1                            3 = THUNDER
                        SNOW, ICE PELLETS, HAIL    4 = ICE PELLETS
                        TOTAL MONTH:   0.0 INCH    5 = HAIL
                        GRTST 24HR     0.0         6 = FREEZING RAIN OR DRIZZLE
                        GRTST DEPTH:   0           7 = DUSTSTORM OR SANDSTORM:
                                                       VSBY 1/2 MILE OR LESS
                                                   8 = SMOKE OR HAZE
[NO. OF DAYS WITH]      [WEATHER - DAYS WITH]      9 = BLOWING SNOW
                                                   X = TORNADO
MAX 32 OR BELOW:   0    0.01 INCH OR MORE:   9
MAX 90 OR ABOVE:  17    0.10 INCH OR MORE:   3
MIN 32 OR BELOW:   0    0.50 INCH OR MORE:   1
MIN  0 OR BELOW:   0    1.00 INCH OR MORE:   0

[HDD (BASE 65) ]
TOTAL THIS MO.     0    CLEAR  (SCALE 0-3)  26
DPTR FM NORMAL   -16    PTCLDY (SCALE 4-7)   4
TOTAL FM JUL 1  4659    CLOUDY (SCALE 8-10)  0
DPTR FM NORMAL  -612

[CDD (BASE 65) ]
TOTAL THIS MO.   304
DPTR FM NORMAL    60    [PRESSURE DATA]
TOTAL FM JAN 1   322    HIGHEST SLP 30.12 ON 27
DPTR FM NORMAL     5    LOWEST  SLP 29.52 ON 10

[REMARKS]
#FINAL-06-15#
