000
CXUS55 KPUB 291059
CF6LHX
PRELIMINARY LOCAL CLIMATOLOGICAL DATA (WS FORM: F-6)

                                          STATION:   LA JUNTA CO
                                          MONTH:     MAY
                                          YEAR:      2017
                                          LATITUDE:   38  2 N
                                          LONGITUDE: 103 31 W

  TEMPERATURE IN F:       :PCPN:    SNOW:  WIND      :SUNSHINE: SKY     :PK WND
================================================================================
1   2   3   4   5  6A  6B    7    8   9   10  11  12  13   14  15   16   17  18
                                     12Z  AVG MX 2MIN
DY MAX MIN AVG DEP HDD CDD  WTR  SNW DPTH SPD SPD DIR MIN PSBL S-S WX    SPD DR
================================================================================

 1  68  33  51  -7  14   0 0.00  0.0    0 10.4 17 140   M    M   1        21 170
 2  58  38  48 -10  17   0 0.04  0.0    0  7.4 17  60   M    M   3 18     21 120
 3  59  38  49 -10  16   0 0.06  0.0    0 11.8 28  10   M    M   5 12     43  20
 4  71  35  53  -6  12   0 0.00  0.0    0  4.1 12 280   M    M   0        14  60
 5  79  44  62   3   3   0 0.00  0.0    0  6.8 15 110   M    M   0        18  90
 6  88  47  68   8   0   3 0.00  0.0    0  8.9 25 150   M    M   0        31 180
 7  89  54  72  12   0   7    T  0.0    0 12.1 33 140   M    M   1 3      44 170
 8  82  52  67   7   0   2 0.68  0.0    0 10.6 36 310   M    M   1 38     43 310
 9  69  50  60  -1   5   0 1.34  0.0    0 10.9 25 260   M    M   6 13     32 260
10  72  48  60  -1   5   0 2.12  0.0    0 12.7 30 350   M    M   4 13     39 360
11  58  47  53  -8  12   0 0.34  0.0    0 11.8 21 360   M    M   7 1      25 360
12  73  42  58  -4   7   0 0.00  0.0    0 10.5 23 120   M    M   0        28 310
13  88  47  68   6   0   3 0.00  0.0    0  9.5 21 230   M    M   0        27 240
14  83  54  69   7   0   4 0.00  0.0    0 12.2 20 230   M    M   0        26 220
15  90  52  71   8   0   6 0.00  0.0    0 12.3 28 180   M    M   0        35 200
16  81  48  65   2   0   0    T  0.0    0 11.2 41 160   M    M   2 3      56 170
17  79  49  64   1   1   0 0.07  0.0    0 11.2 26 260   M    M   2        38 230
18  58  43  51 -13  14   0 0.08  0.0    0 17.5 25  10   M    M   9 13     33  70
19  49  39  44 -20  21   0 0.06  0.0    0 11.7 28 350   M    M   9 18     32 360
20  66  36  51 -13  14   0 0.00  0.0    0  6.8 18 310   M    M   3        26 350
21  74  50  62  -2   3   0    T  0.0    0  8.0 16  90   M    M   3        28 340
22  72  49  61  -4   4   0 0.18  0.0    0 10.8 43  10   M    M   6 1      51  10
23  67  43  55 -10  10   0 0.00  0.0    0 12.3 30 360   M    M   3        37 350
24  86  42  64  -1   1   0 0.00  0.0    0  8.9 17 160   M    M   0        25 200
25  92  48  70   4   0   5 0.00  0.0    0 13.1 36 240   M    M   0        45 240
26  83  51  67   1   0   2    T  0.0    0 12.1 31 150   M    M   1 3      36 140
27  74  49  62  -4   3   0 0.51    M    0 13.8 37  30   M    M   8 138    43  30
28  75  46  61  -6   4   0 0.00  0.0    0  7.2 16 290   M    M   0        20 280
================================================================================
SM 2083 1274       166  32  5.48     0.0 296.6          M       74
================================================================================
AV 74.4 45.5                              10.6 FASTST   M    M   3    MAX(MPH)
                                 MISC ---->  # 43  10               # 56  170
================================================================================
NOTES:
# LAST OF SEVERAL OCCURRENCES

COLUMN 17 PEAK WIND IN M.P.H.

PRELIMINARY LOCAL CLIMATOLOGICAL DATA (WS FORM: F-6) , PAGE 2

                                          STATION:  LA JUNTA CO
                                          MONTH:    MAY
                                          YEAR:     2017
                                          LATITUDE:   38  2 N
                                          LONGITUDE: 103 31 W

[TEMPERATURE DATA]      [PRECIPITATION DATA]       SYMBOLS USED IN COLUMN 16

AVERAGE MONTHLY: 60.0   TOTAL FOR MONTH:   5.48    1 = FOG OR MIST
DPTR FM NORMAL:  -2.4   DPTR FM NORMAL:    4.06    2 = FOG REDUCING VISIBILITY
HIGHEST:    92 ON 25    GRTST 24HR  2.12 ON 10-10      TO 1/4 MILE OR LESS
LOWEST:     33 ON  1                               3 = THUNDER
                        SNOW, ICE PELLETS, HAIL    4 = ICE PELLETS
                        TOTAL MONTH:   0.0 INCH    5 = HAIL
                        GRTST 24HR     0.0         6 = FREEZING RAIN OR DRIZZLE
                        GRTST DEPTH:   0           7 = DUSTSTORM OR SANDSTORM:
                                                       VSBY 1/2 MILE OR LESS
                                                   8 = SMOKE OR HAZE
[NO. OF DAYS WITH]      [WEATHER - DAYS WITH]      9 = BLOWING SNOW
                                                   X = TORNADO
MAX 32 OR BELOW:   0    0.01 INCH OR MORE:  11
MAX 90 OR ABOVE:   2    0.10 INCH OR MORE:   6
MIN 32 OR BELOW:   0    0.50 INCH OR MORE:   4
MIN  0 OR BELOW:   0    1.00 INCH OR MORE:   2

[HDD (BASE 65) ]
TOTAL THIS MO.   166    CLEAR  (SCALE 0-3)  19
DPTR FM NORMAL    39    PTCLDY (SCALE 4-7)   7
TOTAL FM JUL 1  4295    CLOUDY (SCALE 8-10)  2
DPTR FM NORMAL  -955

[CDD (BASE 65) ]
TOTAL THIS MO.    32
DPTR FM NORMAL   -19    [PRESSURE DATA]
TOTAL FM JAN 1    57    HIGHEST SLP M ON M
DPTR FM NORMAL    -3    LOWEST  SLP 29.49 ON M

[REMARKS]
