000
CXUS55 KPUB 271059
CF6LHX
PRELIMINARY LOCAL CLIMATOLOGICAL DATA (WS FORM: F-6)

                                          STATION:   LA JUNTA CO
                                          MONTH:     MARCH
                                          YEAR:      2015
                                          LATITUDE:   38  2 N
                                          LONGITUDE: 103 31 W

  TEMPERATURE IN F:       :PCPN:    SNOW:  WIND      :SUNSHINE: SKY     :PK WND
================================================================================
1   2   3   4   5  6A  6B    7    8   9   10  11  12  13   14  15   16   17  18
                                     12Z  AVG MX 2MIN
DY MAX MIN AVG DEP HDD CDD  WTR  SNW DPTH SPD SPD DIR MIN PSBL S-S WX    SPD DR
================================================================================

 1  31  11  21 -18  44   0 0.00  0.0    M  4.7 15  20   M    M   6 1      17  10
 2  43  27  35  -5  30   0 0.00  0.0    M  6.3 25 230   M    M   5 18     30 220
 3  47  26  37  -3  28   0 0.00  0.0    M 17.3 35 230   M    M   5        42 230
 4  27  14  21 -19  44   0    T    M    M 11.8 24  80   M    M   8 16     29  80
 5  47  10  29 -12  36   0 0.00  0.0    M  8.5 14 220   M    M   0        16 120
 6  61  24  43   2  22   0 0.00  0.0    0  6.5  M   M   M    M   0         M  M
 7  62  29  46   4  19   0 0.00  0.0    0  8.1 17 130   M    M   0        24 160
 8  61  32  47   5  18   0 0.00  0.0    0 11.0 18  10   M    M   0        24  40
 9  63  27  45   3  20   0 0.00  0.0    0  3.6 12  30   M    M   0        13  40
10  69  32  51   9  14   0 0.00  0.0    0  7.5 16 360   M    M   0        21  10
11  73  33  53  10  12   0 0.00  0.0    0  8.6 16 210   M    M   0        20 150
12  72  38  55  12  10   0 0.00  0.0    0 10.8 25  20   M    M   0        31  20
13  65  41  53   9  12   0 0.00  0.0    0 16.0 29  30   M    M   5        37  40
14  66  33  50   6  15   0 0.00  0.0    0  4.4 13 180   M    M   1        15 180
15  82  31  57  13   8   0 0.00  0.0    0  9.0 17 210   M    M   0        21 160
16  89  32  61  17   4   0 0.00  0.0    0 13.1 38  40   M    M   1 8      47  40
17  52  38  45   0  20   0 0.00  0.0    M 11.6 22  10   M    M   6        25  10
18  64  35  50   5  15   0 0.00  0.0    0  6.9 20 130   M    M   1        24 130
19  48  39  44  -1  21   0 0.10  0.0    0 10.6 24  10   M    M   8 1      29  20
20  66  35  51   5  14   0 0.00  0.0    0  6.7 13 270   M    M   0        17 180
21  70  33  52   6  13   0 0.00  0.0    0  5.8 14 150   M    M   0        16 150
22  80  35  58  12   7   0 0.00  0.0    0  9.4 16  70   M    M   1        21  70
23  69  35  52   6  13   0 0.00  0.0    0  8.3 23  10   M    M   0        27  10
24  71  37  54   8  11   0 0.00  0.0    0 11.2 26 130   M    M   2 8      35 310
25  51  32  42  -5  23   0 0.04    M    0 13.5 35  10   M    M   4        42  10
26  65  29  47   0  18   0 0.00  0.0    0  8.0 17 240   M    M   0        21 310
================================================================================
SM 1594  788       491   0  0.14     0.0 239.2          M       53
================================================================================
AV 61.3 30.3                               9.2 FASTST   M    M   2    MAX(MPH)
                                 MISC ---->  # 38  40               # 47   40
================================================================================
NOTES:
# LAST OF SEVERAL OCCURRENCES

COLUMN 17 PEAK WIND IN M.P.H.

PRELIMINARY LOCAL CLIMATOLOGICAL DATA (WS FORM: F-6) , PAGE 2

                                          STATION:  LA JUNTA CO
                                          MONTH:    MARCH
                                          YEAR:     2015
                                          LATITUDE:   38  2 N
                                          LONGITUDE: 103 31 W

[TEMPERATURE DATA]      [PRECIPITATION DATA]       SYMBOLS USED IN COLUMN 16

AVERAGE MONTHLY: 45.8   TOTAL FOR MONTH:   0.14    1 = FOG OR MIST
DPTR FM NORMAL:   2.3   DPTR FM NORMAL:   -0.50    2 = FOG REDUCING VISIBILITY
HIGHEST:    89 ON 16    GRTST 24HR  0.10 ON 19-19      TO 1/4 MILE OR LESS
LOWEST:     10 ON  5                               3 = THUNDER
                        SNOW, ICE PELLETS, HAIL    4 = ICE PELLETS
                        TOTAL MONTH:   0.0 INCH    5 = HAIL
                        GRTST 24HR     0.0         6 = FREEZING RAIN OR DRIZZLE
                        GRTST DEPTH:   0           7 = DUSTSTORM OR SANDSTORM:
                                                       VSBY 1/2 MILE OR LESS
                                                   8 = SMOKE OR HAZE
[NO. OF DAYS WITH]      [WEATHER - DAYS WITH]      9 = BLOWING SNOW
                                                   X = TORNADO
MAX 32 OR BELOW:   2    0.01 INCH OR MORE:   2
MAX 90 OR ABOVE:   0    0.10 INCH OR MORE:   1
MIN 32 OR BELOW:  14    0.50 INCH OR MORE:   0
MIN  0 OR BELOW:   0    1.00 INCH OR MORE:   0

[HDD (BASE 65) ]
TOTAL THIS MO.   491    CLEAR  (SCALE 0-3)  18
DPTR FM NORMAL   -72    PTCLDY (SCALE 4-7)   7
TOTAL FM JUL 1  4182    CLOUDY (SCALE 8-10)  1
DPTR FM NORMAL  -482

[CDD (BASE 65) ]
TOTAL THIS MO.     0
DPTR FM NORMAL     0    [PRESSURE DATA]
TOTAL FM JAN 1     0    HIGHEST SLP M ON M
DPTR FM NORMAL     0    LOWEST  SLP 29.66 ON  2

[REMARKS]
