000
CXHW51 PHFO 211250
CF6LIH
PRELIMINARY LOCAL CLIMATOLOGICAL DATA (WS FORM: F-6)

                                          STATION:   LIHUE HI
                                          MONTH:     FEBRUARY
                                          YEAR:      2017
                                          LATITUDE:   21 58 N
                                          LONGITUDE: 159 21 W

  TEMPERATURE IN F:       :PCPN:    SNOW:  WIND      :SUNSHINE: SKY     :PK WND
================================================================================
1   2   3   4   5  6A  6B    7    8   9   10  11  12  13   14  15   16   17  18
                                     12Z  AVG MX 2MIN
DY MAX MIN AVG DEP HDD CDD  WTR  SNW DPTH SPD SPD DIR MIN PSBL S-S WX    SPD DR
================================================================================

 1  78  63  71  -1   0   6 0.00  0.0    0 10.5 20  40   M    M   9        24  40
 2  79  60  70  -2   0   5 0.00  0.0    0  7.9 15 140   M    M   4        20 130
 3  79  62  71  -1   0   6 0.00  0.0    0  7.5 15 170   M    M   0        19 160
 4  83  62  73   1   0   8 0.00  0.0    0 11.5 23 240   M    M   2        29 230
 5  84  74  79   7   0  14    T  0.0    0 21.2 38 230   M    M   5        49 240
 6  81  65  73   1   0   8 0.01  0.0    0  9.2 36 220   M    M   7 1      42 210
 7  80  60  70  -2   0   5 0.00  0.0    0 10.0 18 350   M    M   2        24 350
 8  77  59  68  -4   0   3 0.00  0.0    0  9.2 20  40   M    M   6        23  40
 9  77  59  68  -4   0   3 0.00  0.0    0  8.1 13  70   M    M   3        16  70
10  79  62  71  -1   0   6 0.35  0.0    0 12.5 22 180   M    M   7 13     29 180
11  78  63  71  -1   0   6 4.13  0.0    0  8.3 23 220   M    M   7 13     27 220
12  79  61  70  -2   0   5 0.00  0.0    0 10.8 23 240   M    M   0        27 210
13  83  69  76   4   0  11 0.00  0.0    0 19.1 31 240   M    M   3        40 240
14  85  74  80   8   0  15 0.00  0.0    0 22.4 31 230   M    M   3        38 240
15  75  68  72   0   0   7    T  0.0    0  5.8 15 230   M    M   8 18     19 220
16  77  64  71  -1   0   6    T  0.0    0  9.2 18  90   M    M   5 18     22  90
17  80  67  74   2   0   9    T  0.0    0  8.1 17 180   M    M   6        20 180
18  81  66  74   2   0   9 0.00  0.0    0 11.2 25 360   M    M   2        32 360
19  76  69  73   1   0   8    T  0.0    0 20.5 28  30   M    M   8        35  20
20  76  68  72   0   0   7    T  0.0    0 19.4 26  40   M    M   8        30  40
================================================================================
SM 1587 1295         0 147  4.49     0.0 242.4          M       95
================================================================================
AV 79.4 64.8                              12.1 FASTST   M    M   5    MAX(MPH)
                                 MISC ---->  # 38 230               # 49  240
================================================================================
NOTES:
# LAST OF SEVERAL OCCURRENCES

COLUMN 17 PEAK WIND IN M.P.H.

PRELIMINARY LOCAL CLIMATOLOGICAL DATA (WS FORM: F-6) , PAGE 2

                                          STATION:  LIHUE HI
                                          MONTH:    FEBRUARY
                                          YEAR:     2017
                                          LATITUDE:   21 58 N
                                          LONGITUDE: 159 21 W

[TEMPERATURE DATA]      [PRECIPITATION DATA]       SYMBOLS USED IN COLUMN 16

AVERAGE MONTHLY: 72.1   TOTAL FOR MONTH:   4.49    1 = FOG OR MIST
DPTR FM NORMAL:   0.1   DPTR FM NORMAL:    2.28    2 = FOG REDUCING VISIBILITY
HIGHEST:    85 ON 14    GRTST 24HR  4.48 ON 10-11      TO 1/4 MILE OR LESS
LOWEST:     59 ON  9, 8                            3 = THUNDER
                        SNOW, ICE PELLETS, HAIL    4 = ICE PELLETS
                        TOTAL MONTH:   0.0 INCH    5 = HAIL
                        GRTST 24HR     0.0         6 = FREEZING RAIN OR DRIZZLE
                        GRTST DEPTH:   0           7 = DUSTSTORM OR SANDSTORM:
                                                       VSBY 1/2 MILE OR LESS
                                                   8 = SMOKE OR HAZE
[NO. OF DAYS WITH]      [WEATHER - DAYS WITH]      9 = BLOWING SNOW
                                                   X = TORNADO
MAX 32 OR BELOW:   0    0.01 INCH OR MORE:   3
MAX 90 OR ABOVE:   0    0.10 INCH OR MORE:   2
MIN 32 OR BELOW:   0    0.50 INCH OR MORE:   1
MIN  0 OR BELOW:   0    1.00 INCH OR MORE:   1

[HDD (BASE 65) ]
TOTAL THIS MO.     0    CLEAR  (SCALE 0-3)   8
DPTR FM NORMAL     0    PTCLDY (SCALE 4-7)  11
TOTAL FM JUL 1     0    CLOUDY (SCALE 8-10)  1
DPTR FM NORMAL     0

[CDD (BASE 65) ]
TOTAL THIS MO.   147
DPTR FM NORMAL     7    [PRESSURE DATA]
TOTAL FM JAN 1   391    HIGHEST SLP M ON M
DPTR FM NORMAL    42    LOWEST  SLP 29.76 ON  6

[REMARKS]
