000
CXUS54 KLZK 221130
CF6LIT
PRELIMINARY LOCAL CLIMATOLOGICAL DATA (WS FORM: F-6)

                                          STATION:   Little Rock Adams Field
                                          MONTH:     AUGUST
                                          YEAR:      2017
                                          LATITUDE:   34 43 N
                                          LONGITUDE:  92 14 W

  TEMPERATURE IN F:       :PCPN:    SNOW:  WIND      :SUNSHINE: SKY     :PK WND
================================================================================
1   2   3   4   5  6A  6B    7    8   9   10  11  12  13   14  15   16   17  18
                                     12Z  AVG MX 2MIN
DY MAX MIN AVG DEP HDD CDD  WTR  SNW DPTH SPD SPD DIR MIN PSBL S-S WX    SPD DR
================================================================================

 1  86  70  78  -5   0  13 0.26  0.0    0  4.6 13  70   M    M   9 1      16 120
 2  83  69  76  -7   0  11 0.03  0.0    0  2.6  9  20   M    M   7 1      11  10
 3  88  69  79  -4   0  14 0.00  0.0    0  3.9 10 160   M    M   5 1      14 150
 4  85  72  79  -4   0  14 0.00  0.0    0  6.0 13  30   M    M   6        16  10
 5  86  71  79  -4   0  14 0.00  0.0    0  8.2 16 120   M    M   7        21 100
 6  81  71  76  -7   0  11 0.09  0.0    0  7.3 16 260   M    M   9 1      23 220
 7  79  70  75  -8   0  10    T  0.0    0  5.8 14  60   M    M  10 1      16  50
 8  86  68  77  -6   0  12 0.00  0.0    0  9.0 17  40   M    M   5        22  60
 9  88  70  79  -4   0  14 0.00  0.0    0  6.3 13  90   M    M   5        16 100
10  90  71  81  -2   0  16    T  0.0    0  3.9 13 120   M    M   5        15 120
11  86  72  79  -4   0  14 0.35  0.0    0  5.4 25 320   M    M   7 13     34 320
12  87  72  80  -3   0  15 0.01  0.0    0  6.3 14  70   M    M   6        18  50
13  78  69  74  -9   0   9 0.29  0.0    0  5.5 10 120   M    M  10 1      14 150
14  80  73  77  -6   0  12 0.69  0.0    0  3.7 22 240   M    M   9 13     29 220
15  89  73  81  -2   0  16    T  0.0    0  4.1 15 350   M    M   8 3      18 340
16  92  75  84   1   0  19 0.00  0.0    0  8.9 16 220   M    M   7 1      21 210
17  89  74  82  -1   0  17    T  0.0    0  8.1 17 310   M    M   7 3      22 310
18  92  71  82  -1   0  17 0.75  0.0    0  5.0 36 300   M    M   5 13     44 290
19  93  70  82  -1   0  17 0.00  0.0    0  4.6 10 330   M    M   3        15 310
20  95  76  86   4   0  21 0.00  0.0    0  4.5 10 150   M    M   4        16 140
21   M   M   M   M   M   M    M    M    M   M   M   M   M    M   M         M  M
================================================================================
SM 1733 1426         0 286  2.47     0.0 113.7          M      134
================================================================================
AV 86.7 71.3                               5.7 FASTST   M    M   7    MAX(MPH)
                                 MISC ---->  # 36 300               # 44  290
================================================================================
NOTES:
# LAST OF SEVERAL OCCURRENCES

COLUMN 17 PEAK WIND IN M.P.H.

PRELIMINARY LOCAL CLIMATOLOGICAL DATA (WS FORM: F-6) , PAGE 2

                                          STATION:  Little Rock Adams Field
                                          MONTH:    AUGUST
                                          YEAR:     2017
                                          LATITUDE:   34 43 N
                                          LONGITUDE:  92 14 W

[TEMPERATURE DATA]      [PRECIPITATION DATA]       SYMBOLS USED IN COLUMN 16

AVERAGE MONTHLY: 79.0   TOTAL FOR MONTH:   2.47    1 = FOG OR MIST
DPTR FM NORMAL:  -3.9   DPTR FM NORMAL:    0.76    2 = FOG REDUCING VISIBILITY
HIGHEST:    95 ON 20    GRTST 24HR  0.75 ON 18-18      TO 1/4 MILE OR LESS
LOWEST:     68 ON  8                               3 = THUNDER
                        SNOW, ICE PELLETS, HAIL    4 = ICE PELLETS
                        TOTAL MONTH:   0.0 INCH    5 = HAIL
                        GRTST 24HR     0.0         6 = FREEZING RAIN OR DRIZZLE
                        GRTST DEPTH:   0           7 = DUSTSTORM OR SANDSTORM:
                                                       VSBY 1/2 MILE OR LESS
                                                   8 = SMOKE OR HAZE
[NO. OF DAYS WITH]      [WEATHER - DAYS WITH]      9 = BLOWING SNOW
                                                   X = TORNADO
MAX 32 OR BELOW:   0    0.01 INCH OR MORE:   8
MAX 90 OR ABOVE:   5    0.10 INCH OR MORE:   5
MIN 32 OR BELOW:   0    0.50 INCH OR MORE:   2
MIN  0 OR BELOW:   0    1.00 INCH OR MORE:   0

[HDD (BASE 65) ]
TOTAL THIS MO.     0    CLEAR  (SCALE 0-3)   1
DPTR FM NORMAL     0    PTCLDY (SCALE 4-7)  14
TOTAL FM JUL 1     0    CLOUDY (SCALE 8-10)  5
DPTR FM NORMAL     0

[CDD (BASE 65) ]
TOTAL THIS MO.   286
DPTR FM NORMAL   -90    [PRESSURE DATA]
TOTAL FM JAN 1  1432    HIGHEST SLP M ON M
DPTR FM NORMAL  -203    LOWEST  SLP 29.83 ON 14

[REMARKS]
