000
CXUS54 KLZK 241130
CF6LIT
PRELIMINARY LOCAL CLIMATOLOGICAL DATA (WS FORM: F-6)

                                          STATION:   Little Rock Adams Field
                                          MONTH:     SEPTEMBER
                                          YEAR:      2016
                                          LATITUDE:   34 43 N
                                          LONGITUDE:  92 14 W

  TEMPERATURE IN F:       :PCPN:    SNOW:  WIND      :SUNSHINE: SKY     :PK WND
================================================================================
1   2   3   4   5  6A  6B    7    8   9   10  11  12  13   14  15   16   17  18
                                     12Z  AVG MX 2MIN
DY MAX MIN AVG DEP HDD CDD  WTR  SNW DPTH SPD SPD DIR MIN PSBL S-S WX    SPD DR
================================================================================

 1  91  74  83   3   0  18 0.00  0.0    0  9.4 17  30   M    M   6        25  20
 2  86  68  77  -3   0  12 0.00  0.0    0 10.6 17  40   M    M   3        23  50
 3  87  65  76  -4   0  11 0.00  0.0    0  5.3 13  50   M    M   3        17  60
 4  92  66  79   0   0  14 0.00  0.0    0  2.7 10 140   M    M   2        13 150
 5  95  74  85   6   0  20 0.00  0.0    0  4.9 12 140   M    M   2        16 180
 6  95  76  86   7   0  21 0.00  0.0    0  5.6 12 230   M    M   4        16 220
 7  95  76  86   8   0  21 0.00  0.0    0  6.7 14 180   M    M   2 8      17 170
 8  96  77  87   9   0  22 0.00  0.0    0  8.0 17 200   M    M   2        21 200
 9  94  77  86   8   0  21 0.00  0.0    0  9.0 16 210   M    M   4        22 160
10  89  67  78   1   0  13    T  0.0    0  9.1 22 320   M    M   4        27 300
11  87  63  75  -2   0  10 0.00  0.0    0  5.6 13  70   M    M   1        17  50
12  91  64  78   1   0  13 0.00  0.0    0  3.6 12 170   M    M   3        16 160
13  94  72  83   7   0  18 0.00  0.0    0  2.3 16 110   M    M   5        21 120
14  96  75  86  10   0  21 0.00  0.0    0  4.9 16 320   M    M   5        20 320
15  95  74  85  10   0  20 0.03  0.0    0  4.6 21 160   M    M   5        28 150
16  96  73  85  10   0  20 0.00  0.0    0  5.5 26 330   M    M   5 3      31 330
17  90  73  82   7   0  17 0.01  0.0    0  2.3  8 360   M    M   7 3      11 270
18  83  70  77   3   0  12 1.27  0.0    0  3.5 29 280   M    M   7 13     36 290
19  91  67  79   5   0  14 0.00  0.0    0  1.7  9  60   M    M   2 1      14  80
20  92  70  81   8   0  16 0.00  0.0    0  2.9 10 100   M    M   3 1      14 100
21  93  69  81   8   0  16 0.00  0.0    0  3.1 12  40   M    M   4        14 110
22  94  69  82   9   0  17 0.00  0.0    0  2.4 10 160   M    M   4        13 170
23  93  70  82  10   0  17 0.00  0.0    0  2.1 10 160   M    M   2        13 160
================================================================================
SM 2115 1629         0 384  1.31     0.0 115.8          M       85
================================================================================
AV 92.0 70.8                               5.0 FASTST   M    M   4    MAX(MPH)
                                 MISC ---->  # 29 280               # 36  290
================================================================================
NOTES:
# LAST OF SEVERAL OCCURRENCES

COLUMN 17 PEAK WIND IN M.P.H.

PRELIMINARY LOCAL CLIMATOLOGICAL DATA (WS FORM: F-6) , PAGE 2

                                          STATION:  Little Rock Adams Field
                                          MONTH:    SEPTEMBER
                                          YEAR:     2016
                                          LATITUDE:   34 43 N
                                          LONGITUDE:  92 14 W

[TEMPERATURE DATA]      [PRECIPITATION DATA]       SYMBOLS USED IN COLUMN 16

AVERAGE MONTHLY: 81.4   TOTAL FOR MONTH:   1.31    1 = FOG OR MIST
DPTR FM NORMAL:   5.0   DPTR FM NORMAL:   -1.04    2 = FOG REDUCING VISIBILITY
HIGHEST:    96 ON 16,14 GRTST 24HR  1.27 ON 18-18      TO 1/4 MILE OR LESS
LOWEST:     63 ON 11                               3 = THUNDER
                        SNOW, ICE PELLETS, HAIL    4 = ICE PELLETS
                        TOTAL MONTH:   0.0 INCH    5 = HAIL
                        GRTST 24HR     0.0         6 = FREEZING RAIN OR DRIZZLE
                        GRTST DEPTH:   0           7 = DUSTSTORM OR SANDSTORM:
                                                       VSBY 1/2 MILE OR LESS
                                                   8 = SMOKE OR HAZE
[NO. OF DAYS WITH]      [WEATHER - DAYS WITH]      9 = BLOWING SNOW
                                                   X = TORNADO
MAX 32 OR BELOW:   0    0.01 INCH OR MORE:   3
MAX 90 OR ABOVE:  18    0.10 INCH OR MORE:   1
MIN 32 OR BELOW:   0    0.50 INCH OR MORE:   1
MIN  0 OR BELOW:   0    1.00 INCH OR MORE:   1

[HDD (BASE 65) ]
TOTAL THIS MO.     0    CLEAR  (SCALE 0-3)  11
DPTR FM NORMAL    -2    PTCLDY (SCALE 4-7)  12
TOTAL FM JUL 1     0    CLOUDY (SCALE 8-10)  0
DPTR FM NORMAL    -2

[CDD (BASE 65) ]
TOTAL THIS MO.   384
DPTR FM NORMAL   117    [PRESSURE DATA]
TOTAL FM JAN 1  2437    HIGHEST SLP M ON M
DPTR FM NORMAL   369    LOWEST  SLP 29.89 ON 16

[REMARKS]
