000
CXUS54 KLZK 301330
CF6LLQ
PRELIMINARY LOCAL CLIMATOLOGICAL DATA (WS FORM: F-6)

                                          STATION:   Monticello
                                          MONTH:     JULY
                                          YEAR:      2014
                                          LATITUDE:   33 37 N
                                          LONGITUDE:  91 45 W

  TEMPERATURE IN F:       :PCPN:    SNOW:  WIND      :SUNSHINE: SKY     :PK WND
================================================================================
1   2   3   4   5  6A  6B    7    8   9   10  11  12  13   14  15   16   17  18
                                     12Z  AVG MX 2MIN
DY MAX MIN AVG DEP HDD CDD  WTR  SNW DPTH SPD SPD DIR MIN PSBL S-S WX    SPD DR
================================================================================

 1  92  74  83   1   0  18 0.00  0.0    0  6.7 13 210   M    M   1        17 200
 2  89  72  81  -1   0  16 0.10  0.0    0  1.7 23 290   M    M   0 3      36 320
 3  84  66  75  -7   0  10 0.00  0.0    0  2.8 12  40   M    M   0        16  50
 4  83  61  72 -10   0   7 0.00  0.0    0  3.7 16  60   M    M   0 1      23  40
 5  86  60  73  -9   0   8 0.00  0.0    0  1.7 12  30   M    M   1        22 270
 6  90  64  77  -5   0  12 0.00  0.0    0  2.3  9 180   M    M   2        12 220
 7  92  73  83   1   0  18 0.00  0.0    0  6.9 14 260   M    M   1        20 270
 8  93  75  84   2   0  19 0.00  0.0    0  7.3 13 260   M    M   1        17 260
 9  85  72  79  -3   0  14    T  0.0    0  2.4  8 260   M    M   2        13 280
10  90  72  81  -1   0  16 0.02  0.0    0  2.6 16  60   M    M   6 3      22  50
11  88  72  80  -2   0  15 0.00  0.0    0  2.6  9  70   M    M   2 1       M  M
12  94  71  83   1   0  18 0.00  0.0    0  2.5  9  70   M    M   0 1      13  60
13  95  74  85   3   0  20 0.00  0.0    0  3.5  8 170   M    M   1 1      12 120
14  96  73  85   3   0  20 0.46  0.0    0  6.8 18 260   M    M   2 13     27 260
15  83  63  73  -9   0   8    T  0.0    0  4.0 13  40   M    M   4 1      17  20
16  83  59  71 -11   0   6 0.00  0.0    0  2.9 10  60   M    M   1        13  50
17  76  65  71 -11   0   6 0.12  0.0    0  4.1 12  60   M    M   6 1      13  60
18  68  65  67 -15   0   2 1.51  0.0    0  6.7 17  70   M    M   9 1      24  60
19  77  66  72 -10   0   7 0.00  0.0    0  1.8  7  40   M    M  10 1       9  40
20  82  67  75  -7   0  10 0.00  0.0    0  1.0  9  60   M    M   7 1      10  30
21  88  65  77  -5   0  12 0.00  0.0    0  1.5  9  60   M    M   1 1      14  80
22  89  67  78  -4   0  13 0.00  0.0    0  1.5  9 110   M    M   1 1      12 110
23  91  69  80  -2   0  15 0.00  0.0    0  2.8 21 320   M    M   2 18     35 310
24  86  69  78  -4   0  13 0.00  0.0    0  3.8 12  50   M    M   3 1      17  50
25  89  61  75  -7   0  10 0.00  0.0    0  2.1  9 250   M    M   1        12 250
26  94  71  83   1   0  18 0.00  0.0    0  5.2 14 210   M    M   1        19 260
27  95  77  86   4   0  21 0.00  0.0    0  7.5 15 260   M    M   0        20 270
28  89  68  79  -3   0  14 0.00  0.0    0  3.3 12 320   M    M   2 3      16  50
29  86  66  76  -6   0  11 0.00  0.0    0  4.7 15  70   M    M   1        19  60
================================================================================
SM 2533 1977         0 377  2.21     0.0 106.4          M       68
================================================================================
AV 87.3 68.2                               3.7 FASTST   M    M   2    MAX(MPH)
                                 MISC ---->  # 23 290               # 36  320
================================================================================
NOTES:
# LAST OF SEVERAL OCCURRENCES

COLUMN 17 PEAK WIND IN M.P.H.

PRELIMINARY LOCAL CLIMATOLOGICAL DATA (WS FORM: F-6) , PAGE 2

                                          STATION:  Monticello
                                          MONTH:    JULY
                                          YEAR:     2014
                                          LATITUDE:   33 37 N
                                          LONGITUDE:  91 45 W

[TEMPERATURE DATA]      [PRECIPITATION DATA]       SYMBOLS USED IN COLUMN 16

AVERAGE MONTHLY: 77.8   TOTAL FOR MONTH:   2.21    1 = FOG OR MIST
DPTR FM NORMAL:  -4.2   DPTR FM NORMAL:   -1.15    2 = FOG REDUCING VISIBILITY
HIGHEST:    96 ON 14    GRTST 24HR  1.63 ON 17-18      TO 1/4 MILE OR LESS
LOWEST:     59 ON 16                               3 = THUNDER
                        SNOW, ICE PELLETS, HAIL    4 = ICE PELLETS
                        TOTAL MONTH:   0.0 INCH    5 = HAIL
                        GRTST 24HR     0.0         6 = FREEZING RAIN OR DRIZZLE
                        GRTST DEPTH:   0           7 = DUSTSTORM OR SANDSTORM:
                                                       VSBY 1/2 MILE OR LESS
                                                   8 = SMOKE OR HAZE
[NO. OF DAYS WITH]      [WEATHER - DAYS WITH]      9 = BLOWING SNOW
                                                   X = TORNADO
MAX 32 OR BELOW:   0    0.01 INCH OR MORE:   5
MAX 90 OR ABOVE:  11    0.10 INCH OR MORE:   4
MIN 32 OR BELOW:   0    0.50 INCH OR MORE:   1
MIN  0 OR BELOW:   0    1.00 INCH OR MORE:   1

[HDD (BASE 65) ]
TOTAL THIS MO.     0    CLEAR  (SCALE 0-3)  23
DPTR FM NORMAL     0    PTCLDY (SCALE 4-7)   4
TOTAL FM JUL 1     0    CLOUDY (SCALE 8-10)  2
DPTR FM NORMAL     0

[CDD (BASE 65) ]
TOTAL THIS MO.   377
DPTR FM NORMAL  -115    [PRESSURE DATA]
TOTAL FM JAN 1  1117    HIGHEST SLP M ON M
DPTR FM NORMAL  -120    LOWEST  SLP 29.82 ON  7

[REMARKS]
ALL SNOWFALL DATA IS FROM THE MONTICELLO 6NNE COOPERATIVE OBSERVER SITE
