000
CXUS54 KFWD 230730
CF6LUD
PRELIMINARY LOCAL CLIMATOLOGICAL DATA (WS FORM: F-6)

                                          STATION:   DECATUR
                                          MONTH:     FEBRUARY
                                          YEAR:      2018
                                          LATITUDE:   33 15 N
                                          LONGITUDE:  97 30 W

  TEMPERATURE IN F:       :PCPN:    SNOW:  WIND      :SUNSHINE: SKY     :PK WND
================================================================================
1   2   3   4   5  6A  6B    7    8   9   10  11  12  13   14  15   16   17  18
                                     12Z  AVG MX 2MIN
DY MAX MIN AVG DEP HDD CDD  WTR  SNW DPTH SPD SPD DIR MIN PSBL S-S WX    SPD DR
================================================================================

 1  61  39  50   7  15   0 0.00  0.0    0 12.4 20  10   M    M   0        28  20
 2  52  29  41  -2  24   0 0.00  0.0    0  6.7 10  20   M    M   0        18  30
 3  60  35  48   5  17   0 0.00  0.0    0 10.3 18 160   M    M   0 1      28 170
 4  64  28  46   2  19   0 0.00  0.0    0  7.8 20  10   M    M   4 12     29 360
 5  41  19  30 -14  35   0 0.00  0.0    0  4.7  9 170   M    M   4        16  10
 6  38  28  33 -11  32   0 0.00  0.0    0  6.5 10 320   M    M   7 1       M  M
 7  50  25  38  -6  27   0 0.00  0.0    0  7.4 16 360   M    M   2        25 360
 8  58  29  44   0  21   0 0.00  0.0    0  5.8 12 170   M    M   0        18 160
 9  73  41  57  13   8   0 0.00  0.0    0 12.0 20 170   M    M   0        27 170
10  56  25  41  -4  24   0 0.00  0.0    0  9.2 14 320   M    M   9 1      21 340
11  39  22  31 -14  34   0 0.00  0.0    0  8.6 14 330   M    M   4        22 340
12  43  22  33 -12  32   0 0.00  0.0    0  6.1 13  60   M    M   1         M  M
13  46  39  43  -2  22   0 0.00  0.0    0  6.8 12 120   M    M  10 18      M  M
14  82  44  63  18   2   0 0.00  0.0    0  9.9 17 200   M    M   5 1      27 200
15  81  60  71  25   0   6 0.00  0.0    0 12.6 17 170   M    M   3        24 200
16  68  42  55   9  10   0 0.00  0.0    0  9.7 16 350   M    M   2        25 350
17  64  39  52   6  13   0 0.23  0.0    0  3.9 10 260   M    M   4        16 260
18  62  42  52   6  13   0 0.01  0.0    0  9.0 22 140   M    M   8 1      29 170
19  74  62  68  21   0   3 0.00  0.0    0 14.1 21 160   M    M   8 1      31 160
20  70  33  52   5  13   0 1.65  0.0    0 10.9 24 170   M    M   9        36 170
21  33  29  31 -16  34   0 0.08  0.0    0  4.9 10  10   M    M  10 16     21  10
22  33  29  31 -16  34   0 0.03  0.0    0  0.0  M   M   M    M  10 1       M  M
================================================================================
SM 1248  761       429   9  2.00     0.0 179.3          M      100
================================================================================
AV 56.7 34.6                               8.1 FASTST   M    M   5    MAX(MPH)
                                 MISC ---->    24   M                 36    M
================================================================================
NOTES:
# LAST OF SEVERAL OCCURRENCES

COLUMN 17 PEAK WIND IN M.P.H.

PRELIMINARY LOCAL CLIMATOLOGICAL DATA (WS FORM: F-6) , PAGE 2

                                          STATION:  DECATUR
                                          MONTH:    FEBRUARY
                                          YEAR:     2018
                                          LATITUDE:   33 15 N
                                          LONGITUDE:  97 30 W

[TEMPERATURE DATA]      [PRECIPITATION DATA]       SYMBOLS USED IN COLUMN 16

AVERAGE MONTHLY: 45.7   TOTAL FOR MONTH:   2.00    1 = FOG OR MIST
DPTR FM NORMAL:   0.7   DPTR FM NORMAL:    0.06    2 = FOG REDUCING VISIBILITY
HIGHEST:    82 ON 14    GRTST 24HR  1.65 ON 20-20      TO 1/4 MILE OR LESS
LOWEST:     19 ON  5                               3 = THUNDER
                        SNOW, ICE PELLETS, HAIL    4 = ICE PELLETS
                        TOTAL MONTH:   0.0 INCH    5 = HAIL
                        GRTST 24HR     0.0         6 = FREEZING RAIN OR DRIZZLE
                        GRTST DEPTH:   0           7 = DUSTSTORM OR SANDSTORM:
                                                       VSBY 1/2 MILE OR LESS
                                                   8 = SMOKE OR HAZE
[NO. OF DAYS WITH]      [WEATHER - DAYS WITH]      9 = BLOWING SNOW
                                                   X = TORNADO
MAX 32 OR BELOW:   0    0.01 INCH OR MORE:   5
MAX 90 OR ABOVE:   0    0.10 INCH OR MORE:   2
MIN 32 OR BELOW:  11    0.50 INCH OR MORE:   1
MIN  0 OR BELOW:   0    1.00 INCH OR MORE:   1

[HDD (BASE 65) ]
TOTAL THIS MO.   429    CLEAR  (SCALE 0-3)   9
DPTR FM NORMAL   -11    PTCLDY (SCALE 4-7)   8
TOTAL FM JUL 1   881    CLOUDY (SCALE 8-10)  5
DPTR FM NORMAL -1418

[CDD (BASE 65) ]
TOTAL THIS MO.     9
DPTR FM NORMAL     9    [PRESSURE DATA]
TOTAL FM JAN 1     9    HIGHEST SLP M ON M
DPTR FM NORMAL     9    LOWEST  SLP M ON M

[REMARKS]
