000
CXUS53 KTOP 260800
CF6LWC
PRELIMINARY LOCAL CLIMATOLOGICAL DATA (WS FORM: F-6)

                                          STATION:   Lawrence KS
                                          MONTH:     JULY
                                          YEAR:      2016
                                          LATITUDE:   39  0 N
                                          LONGITUDE:  95 13 W

  TEMPERATURE IN F:       :PCPN:    SNOW:  WIND      :SUNSHINE: SKY     :PK WND
================================================================================
1   2   3   4   5  6A  6B    7    8   9   10  11  12  13   14  15   16   17  18
                                     12Z  AVG MX 2MIN
DY MAX MIN AVG DEP HDD CDD  WTR  SNW DPTH SPD SPD DIR MIN PSBL S-S WX    SPD DR
================================================================================

 1  84  65  75  -2   0  10 0.00    M    M  5.8 12  50   M    M   2        17  50
 2  72  65  69  -8   0   4 1.27    M    M  8.3 18  60   M    M  10 13     23  70
 3  71  63  67 -10   0   2 0.32    M    M  6.3 12  40   M    M   9 13     39 330
 4  84  65  75  -3   0  10 0.00    M    M  3.4 12 220   M    M   7 18     15 210
 5  96  71  84   6   0  19 0.00    M    M  9.2 18 200   M    M   1 1      23 190
 6  93  76  85   7   0  20 0.18    M    M  7.8 24 200   M    M   1 138    29 200
 7  91  66  79   1   0  14 1.08    M    M  8.9 40  10   M    M   6 13     54 360
 8  90  70  80   2   0  15 0.00    M    M  4.1 10 110   M    M   2 3      14  50
 9  91  71  81   3   0  16 0.00    M    M  6.7 16 150   M    M   2 3      20 160
10  92  71  82   4   0  17 0.00    M    M  9.7 18 170   M    M   0        24 160
11  93  73  83   5   0  18 0.00    M    M 15.3 26 160   M    M   0        34 160
12  84  65  75  -3   0  10 0.84    M    M  8.7 43 340   M    M   6 138    56 340
13  86  69  78   0   0  13 0.88    M    M  5.2 38 260   M    M   3 13     55 260
14  84  65  75  -3   0  10 0.00    M    M  3.4 17 210   M    M   3 12     22 210
15  86  62  74  -4   0   9 0.00    M    M  4.0 14 360   M    M   2 1      17  10
16  89  65  77  -1   0  12 0.00    M    M  7.3 17 150   M    M   1        22 150
17  94  73  84   5   0  19 0.00    M    M  8.2 18 170   M    M   0        26 200
18  91  70  81   2   0  16 0.00    M    M  8.7 17 130   M    M   1        22 110
19  93  72  83   4   0  18 0.00    M    M  6.9 16 190   M    M   1        22 190
20  95  75  85   6   0  20 0.00    M    M  8.2 17 210   M    M   0 1      22 170
21  97  76  87   8   0  22 0.00    M    M  9.2 20 190   M    M   0        27 190
22  97  76  87   8   0  22 0.00    M    M  8.2 21 130   M    M   0        25 130
23  95  75  85   6   0  20 0.00    M    M  8.1 18 170   M    M   0        22 170
24  95  72  84   5   0  19    T    M    M  5.8 17 360   M    M   1 3      22 360
25  85  73  79   0   0  14    T    M    M  5.4 13  30   M    M   4 3      17  90
================================================================================
SM 2228 1744         0 369  4.57    M    182.8          M       62
================================================================================
AV 89.1 69.8                               7.3 FASTST   M    M   2    MAX(MPH)
                                 MISC ---->  # 43 340               # 56  340
================================================================================
NOTES:
# LAST OF SEVERAL OCCURRENCES

COLUMN 17 PEAK WIND IN M.P.H.

PRELIMINARY LOCAL CLIMATOLOGICAL DATA (WS FORM: F-6) , PAGE 2

                                          STATION:  Lawrence KS
                                          MONTH:    JULY
                                          YEAR:     2016
                                          LATITUDE:   39  0 N
                                          LONGITUDE:  95 13 W

[TEMPERATURE DATA]      [PRECIPITATION DATA]       SYMBOLS USED IN COLUMN 16

AVERAGE MONTHLY: 79.4   TOTAL FOR MONTH:   4.57    1 = FOG OR MIST
DPTR FM NORMAL:   1.2   DPTR FM NORMAL:    1.06    2 = FOG REDUCING VISIBILITY
HIGHEST:    97 ON 22,21 GRTST 24HR  1.56 ON  2- 3      TO 1/4 MILE OR LESS
LOWEST:     62 ON 15                               3 = THUNDER
                        SNOW, ICE PELLETS, HAIL    4 = ICE PELLETS
                        TOTAL MONTH:    M          5 = HAIL
                        GRTST 24HR    M  ON   M    6 = FREEZING RAIN OR DRIZZLE
                        GRTST DEPTH:  M  ON   M    7 = DUSTSTORM OR SANDSTORM:
                                                       VSBY 1/2 MILE OR LESS
                                                   8 = SMOKE OR HAZE
[NO. OF DAYS WITH]      [WEATHER - DAYS WITH]      9 = BLOWING SNOW
                                                   X = TORNADO
MAX 32 OR BELOW:   0    0.01 INCH OR MORE:   6
MAX 90 OR ABOVE:  15    0.10 INCH OR MORE:   6
MIN 32 OR BELOW:   0    0.50 INCH OR MORE:   4
MIN  0 OR BELOW:   0    1.00 INCH OR MORE:   2

[HDD (BASE 65) ]
TOTAL THIS MO.     0    CLEAR  (SCALE 0-3)  18
DPTR FM NORMAL     0    PTCLDY (SCALE 4-7)   5
TOTAL FM JUL 1     0    CLOUDY (SCALE 8-10)  2
DPTR FM NORMAL     0

[CDD (BASE 65) ]
TOTAL THIS MO.   369
DPTR FM NORMAL    38    [PRESSURE DATA]
TOTAL FM JAN 1   861    HIGHEST SLP M ON M
DPTR FM NORMAL   136    LOWEST  SLP 29.65 ON 11

[REMARKS]
