000
CXUS56 KTFX 301205
CF6LWT
PRELIMINARY LOCAL CLIMATOLOGICAL DATA (WS FORM: F-6)

                                          STATION:   LEWISTOWN MT
                                          MONTH:     JUNE
                                          YEAR:      2015
                                          LATITUDE:   47  2 N
                                          LONGITUDE: 109 28 W

  TEMPERATURE IN F:       :PCPN:    SNOW:  WIND      :SUNSHINE: SKY     :PK WND
================================================================================
1   2   3   4   5  6A  6B    7    8   9   10  11  12  13   14  15   16   17  18
                                     12Z  AVG MX 2MIN
DY MAX MIN AVG DEP HDD CDD  WTR  SNW DPTH SPD SPD DIR MIN PSBL S-S WX    SPD DR
================================================================================

 1  77  51  64  10   1   0 0.47    M    0  8.0 31 250   M    M   3 13     37 260
 2  62  50  56   1   9   0 0.12    M    0  9.3 22 100   M    M   5 13     26  90
 3  68  45  57   2   8   0 0.40    M    0  6.1 21 110   M    M   4 13     26 100
 4  70  50  60   5   5   0 0.48    M    0  9.3 20 100   M    M   7 13     22  90
 5  73  47  60   5   5   0    T    M    0  5.9 17  80   M    M   1        20  70
 6  77  53  65   9   0   0 0.00    M    0  5.3 12 170   M    M   2        17 330
 7  82  50  66  10   0   1 0.00    M    0  4.3  8 330   M    M   1        10 270
 8  87  53  70  14   0   5 0.00    M    0  5.4 12 180   M    M   1        15 300
 9  88  56  72  16   0   7    T    M    0  5.9 21 200   M    M   1 3      26 200
10  72  55  64   7   1   0 0.00    M    0  6.7 14  10   M    M   5        18 340
11  83  52  68  11   0   3 0.00    M    0  5.9 14 220   M    M   2 12     17 220
12  81  51  66   9   0   1 0.00    M    0  8.5 20 270   M    M   1        25 270
13  72  44  58   1   7   0 0.00    M    0  7.0 15  10   M    M   2 3      19  30
14  63  44  54  -4  11   0    T    M    0  5.7 15 300   M    M   6        18 290
15  63  41  52  -6  13   0 0.00    M    0 10.9 17 110   M    M   6        23 100
16  73  43  58   0   7   0 0.00    M    0  4.7 10 100   M    M   2 3      15 100
17  78  46  62   4   3   0 0.03    M    0  6.9 17 180   M    M   1 3      24 240
18  74  51  63   4   2   0 0.00    M    0 10.4 21  90   M    M   2 3      25  90
19  76  51  64   5   1   0 0.05    M    0  5.0 23 250   M    M   3 3      43 270
20  75  44  60   1   5   0 0.00    M    0  5.6 10 300   M    M   0        15 300
21  74  47  61   1   4   0    T    M    0  6.4 17 300   M    M   2 3      22 310
22  74  47  61   1   4   0 0.00    M    0  4.4 14 210   M    M   2        16 220
23  82  47  65   5   0   0    T    M    0  6.3 17 280   M    M   1 3      23 270
24  78  54  66   6   0   1 0.05    M    0  5.1 16 170   M    M   1 3      21 270
25  81  58  70   9   0   5 0.01    M    0  5.5 15 150   M    M   4        16 160
26  89  57  73  12   0   8 0.00    M    M  4.6 16  80   M    M   0        21  80
27  94  55  75  14   0  10 0.00    M    0  6.8 16  80   M    M   0        21  80
28  95  59  77  16   0  12 0.00    M    0  6.4 12  40   M    M   0        17 300
29  95  58  77  15   0  12    T    M    0  9.1 29 180   M    M   1 3      36 180
================================================================================
SM 2256 1459        86  65  1.61    M    191.4          M       66
================================================================================
AV 77.8 50.3                               6.6 FASTST   M    M   2    MAX(MPH)
                                 MISC ---->  # 31 250               # 43  270
================================================================================
NOTES:
# LAST OF SEVERAL OCCURRENCES

COLUMN 17 PEAK WIND IN M.P.H.

PRELIMINARY LOCAL CLIMATOLOGICAL DATA (WS FORM: F-6) , PAGE 2

                                          STATION:  LEWISTOWN MT
                                          MONTH:    JUNE
                                          YEAR:     2015
                                          LATITUDE:   47  2 N
                                          LONGITUDE: 109 28 W

[TEMPERATURE DATA]      [PRECIPITATION DATA]       SYMBOLS USED IN COLUMN 16

AVERAGE MONTHLY: 64.1   TOTAL FOR MONTH:   1.61    1 = FOG OR MIST
DPTR FM NORMAL:   6.1   DPTR FM NORMAL:   -1.39    2 = FOG REDUCING VISIBILITY
HIGHEST:    95 ON 29,28 GRTST 24HR  0.74 ON  3- 4      TO 1/4 MILE OR LESS
LOWEST:     41 ON 15                               3 = THUNDER
                        SNOW, ICE PELLETS, HAIL    4 = ICE PELLETS
                        TOTAL MONTH:    M          5 = HAIL
                        GRTST 24HR    M  ON   M    6 = FREEZING RAIN OR DRIZZLE
                        GRTST DEPTH:   0           7 = DUSTSTORM OR SANDSTORM:
                                                       VSBY 1/2 MILE OR LESS
                                                   8 = SMOKE OR HAZE
[NO. OF DAYS WITH]      [WEATHER - DAYS WITH]      9 = BLOWING SNOW
                                                   X = TORNADO
MAX 32 OR BELOW:   0    0.01 INCH OR MORE:   8
MAX 90 OR ABOVE:   3    0.10 INCH OR MORE:   4
MIN 32 OR BELOW:   0    0.50 INCH OR MORE:   0
MIN  0 OR BELOW:   0    1.00 INCH OR MORE:   0

[HDD (BASE 65) ]
TOTAL THIS MO.    86    CLEAR  (SCALE 0-3)  22
DPTR FM NORMAL  -136    PTCLDY (SCALE 4-7)   7
TOTAL FM JUL 1  7069    CLOUDY (SCALE 8-10)  0
DPTR FM NORMAL -1127

[CDD (BASE 65) ]
TOTAL THIS MO.    65
DPTR FM NORMAL    50    [PRESSURE DATA]
TOTAL FM JAN 1    65    HIGHEST SLP M ON M
DPTR FM NORMAL    48    LOWEST  SLP 29.66 ON 12

[REMARKS]
