000
CXUS53 KGID 280730
CF6LXN
PRELIMINARY LOCAL CLIMATOLOGICAL DATA (WS FORM: F-6)

                                          STATION:   LEXINGTON
                                          MONTH:     MAY
                                          YEAR:      2015
                                          LATITUDE:   40 47 N
                                          LONGITUDE:  99 46 W

  TEMPERATURE IN F:       :PCPN:    SNOW:  WIND      :SUNSHINE: SKY     :PK WND
================================================================================
1   2   3   4   5  6A  6B    7    8   9   10  11  12  13   14  15   16   17  18
                                     12Z  AVG MX 2MIN
DY MAX MIN AVG DEP HDD CDD  WTR  SNW DPTH SPD SPD DIR MIN PSBL S-S WX    SPD DR
================================================================================

 1  76  53  65   M   0   0 0.05    M    M  6.2 13  20   M    M   5 3      15 360
 2  86  48  67   M   0   2 0.00    M    M  7.5 14 200   M    M   1        24 210
 3  87  48  68   M   0   3 0.00    M    M  9.6 21  30   M    M   0        25  20
 4  61  51  56   M   9   0 0.25    M    M 12.7 17  60   M    M   8 1      24  30
 5  70  54  62   M   3   0 0.15    M    M  9.5 23 140   M    M  10 123    33 140
 6  72  56  64   M   1   0 0.05    M    M 12.7 24 150   M    M   9 1      24 140
 7  71  52  62   M   3   0 0.01    M    M 11.7 18 300   M    M   8 1      22 310
 8  66  42  54   M  11   0 0.00    M    M  8.4 13 100   M    M   4        16  60
 9  61  47  54   M  11   0 0.75    M    M 15.1 23  70   M    M  10 13     31  70
10  62  38  50   M  15   0 0.00    M    M 15.2 27 310   M    M   9 13     32 290
11  56  35  46   M  19   0 0.00    M    M 19.7 31 320   M    M   5        40 310
12  72  31  52   M  13   0 0.00    M    M 13.4 28 170   M    M   1        41 180
13  70  50  60   M   5   0 0.27    M    M 19.0 29 160   M    M   5        35 160
14  76  53  65   M   0   0 0.07    M    M  5.4 10 120   M    M   6 1       M  M
15  77  56  67   M   0   2 0.20    M    M 13.0 22 140   M    M   5 13     31 140
16  73  56  65   M   0   0 0.01    M    M 17.1 31 160   M    M   2        44 180
17  75  48  62   M   3   0 0.01    M    M  8.8 23 340   M    M   2        33 340
18  63  43  53   M  12   0 0.00    M    M 10.5 16 350   M    M   1        22 350
19  46  40  43   M  22   0 0.84    M    M 10.6 22  60   M    M   8 1      27  60
20  53  39  46   M  19   0 0.01    M    M  8.3 12 360   M    M   9 1       M  M
21  64  34  49   M  16   0 0.00    M    M  5.0  8 160   M    M   0 1       M  M
22  54  43  49   M  16   0 0.34    M    M  8.8 15 100   M    M   7 1      23 130
23  60  54  57   M   8   0 0.04    M    M 11.4 17  90   M    M  10 1      22  90
24  67  54  61   M   4   0 0.02    M    M  4.7 15 100   M    M   9 1       M  M
25  75  53  64   M   1   0 0.02    M    M  7.7 14 190   M    M   1        18 200
26  71  50  61   M   4   0 0.02    M    M  8.6 17 340   M    M   4        16 350
27  76  45  61   M   4   0    T    M    M  8.9 17 190   M    M   0 1      25 160
================================================================================
SM 1840 1273       199   7  3.11    M    289.5          M      139
================================================================================
AV 68.1 47.1                              10.7 FASTST   M    M   5    MAX(MPH)
                                 MISC ---->    31   M                 44    M
================================================================================
NOTES:
# LAST OF SEVERAL OCCURRENCES

COLUMN 17 PEAK WIND IN M.P.H.

PRELIMINARY LOCAL CLIMATOLOGICAL DATA (WS FORM: F-6) , PAGE 2

                                          STATION:  LEXINGTON
                                          MONTH:    MAY
                                          YEAR:     2015
                                          LATITUDE:   40 47 N
                                          LONGITUDE:  99 46 W

[TEMPERATURE DATA]      [PRECIPITATION DATA]       SYMBOLS USED IN COLUMN 16

AVERAGE MONTHLY: 57.6   TOTAL FOR MONTH:   3.11    1 = FOG OR MIST
DPTR FM NORMAL:     M   DPTR FM NORMAL:       M    2 = FOG REDUCING VISIBILITY
HIGHEST:    87 ON  3    GRTST 24HR  0.84 ON 19-19      TO 1/4 MILE OR LESS
LOWEST:     31 ON 12                               3 = THUNDER
                        SNOW, ICE PELLETS, HAIL    4 = ICE PELLETS
                        TOTAL MONTH:    M          5 = HAIL
                        GRTST 24HR    M  ON   M    6 = FREEZING RAIN OR DRIZZLE
                        GRTST DEPTH:  M  ON   M    7 = DUSTSTORM OR SANDSTORM:
                                                       VSBY 1/2 MILE OR LESS
                                                   8 = SMOKE OR HAZE
[NO. OF DAYS WITH]      [WEATHER - DAYS WITH]      9 = BLOWING SNOW
                                                   X = TORNADO
MAX 32 OR BELOW:   0    0.01 INCH OR MORE:  18
MAX 90 OR ABOVE:   0    0.10 INCH OR MORE:   7
MIN 32 OR BELOW:   1    0.50 INCH OR MORE:   2
MIN  0 OR BELOW:   0    1.00 INCH OR MORE:   0

[HDD (BASE 65) ]
TOTAL THIS MO.   199    CLEAR  (SCALE 0-3)   9
DPTR FM NORMAL     M    PTCLDY (SCALE 4-7)  11
TOTAL FM JUL 1  5817    CLOUDY (SCALE 8-10)  7
DPTR FM NORMAL     M

[CDD (BASE 65) ]
TOTAL THIS MO.     7
DPTR FM NORMAL     M    [PRESSURE DATA]
TOTAL FM JAN 1    13    HIGHEST SLP M ON M
DPTR FM NORMAL     M    LOWEST  SLP M ON M

[REMARKS]
