000
CXUS52 KTAE 260657
CF6MAI
PRELIMINARY LOCAL CLIMATOLOGICAL DATA (WS FORM: F-6)

                                          STATION:   MARIANNA
                                          MONTH:     MARCH
                                          YEAR:      2015
                                          LATITUDE:   30 50 N
                                          LONGITUDE:  85 11 W

  TEMPERATURE IN F:       :PCPN:    SNOW:  WIND      :SUNSHINE: SKY     :PK WND
================================================================================
1   2   3   4   5  6A  6B    7    8   9   10  11  12  13   14  15   16   17  18
                                     12Z  AVG MX 2MIN
DY MAX MIN AVG DEP HDD CDD  WTR  SNW DPTH SPD SPD DIR MIN PSBL S-S WX    SPD DR
================================================================================

 1  57  46  52  -5  13   0    T  0.0    0  8.1 12  80   M    M  10 1      64 150
 2  71  51  61   3   4   0 0.00  0.0    0  3.0  7  20   M    M   9 12      M  M
 3  83  53  68  10   0   3 0.00  0.0    0  5.3 16 210   M    M   6 12     21 220
 4  83  61  72  14   0   7 0.00  0.0    0  9.9 22 200   M    M   9 1      27 220
 5  82  40  61   3   4   0 0.16  0.0    0 10.4 15 350   M    M   8        23 230
 6  48  33  41 -17  24   0 0.00  0.0    0  8.8 16 360   M    M   5         M  M
 7  66  34  50  -9  15   0 0.00    M    0  3.4 13  50   M    M   0        16  60
 8  75  35  55  -4  10   0    M  0.0    0  2.0 10  90   M    M   0        15 100
 9  79  54  67   8   0   2    T  0.0    0  4.1 17 200   M    M   8        22 200
10  85  58  72  13   0   7 0.00  0.0    0  8.5 23 180   M    M   2        29 200
11  83  62  73  14   0   8 0.32  0.0    0  4.5 15 250   M    M   6 123    21 180
12  80  64  72  12   0   7 0.00  0.0    0  4.8 15  90   M    M   4 1      21  70
13  70  61  66   6   0   1 0.23  0.0    0  9.6 16  70   M    M  10 1      28 130
14  83  59  71  11   0   6    T  0.0    0  7.5 18 220   M    M   5        23 250
15  79  57  68   8   0   3 0.00  0.0    0  3.8 12 360   M    M   2        19 170
16  85  52  69   9   0   4    T  0.0    M  3.2 10 310   M    M   0 1      15 260
17  87  58  73  13   0   8    T  0.0    0  6.7 20 310   M    M   0        26 320
18  83  56  70   9   0   5 0.00  0.0    0  2.7 13  70   M    M   0        19  80
19  81  63  72  11   0   7 0.01  0.0    0  1.8  9 120   M    M   6 1      13 110
20  86  63  75  14   0  10 0.00  0.0    0  2.9 15 350   M    M   7 1      17 350
21  85  62  74  13   0   9 0.01  0.0    0  3.8 16 190   M    M   4 12     20 190
22  69  63  66   5   0   1 1.25  0.0    0  4.6 14  60   M    M   9 1      16  60
23  70  61  66   4   0   1    T  0.0    0  7.9 17  40   M    M   9 1      21  50
24  68  54  61  -1   4   0 0.00  0.0    0  5.2 13  60   M    M   8        15  40
25  81  52  67   5   0   2 0.00  0.0    0  3.5 10 350   M    M   2        14 350
================================================================================
SM 1919 1352        74  91  1.98     0.0 136.0          M      129
================================================================================
AV 76.8 54.1                               5.4 FASTST   M    M   5    MAX(MPH)
                                 MISC ---->  # 23 180                 64    M
================================================================================
NOTES:
# LAST OF SEVERAL OCCURRENCES

COLUMN 17 PEAK WIND IN M.P.H.

PRELIMINARY LOCAL CLIMATOLOGICAL DATA (WS FORM: F-6) , PAGE 2

                                          STATION:  MARIANNA
                                          MONTH:    MARCH
                                          YEAR:     2015
                                          LATITUDE:   30 50 N
                                          LONGITUDE:  85 11 W

[TEMPERATURE DATA]      [PRECIPITATION DATA]       SYMBOLS USED IN COLUMN 16

AVERAGE MONTHLY: 65.4   TOTAL FOR MONTH:   1.98    1 = FOG OR MIST
DPTR FM NORMAL:   5.7   DPTR FM NORMAL:   -2.25    2 = FOG REDUCING VISIBILITY
HIGHEST:    87 ON 17    GRTST 24HR  1.25 ON 22-22      TO 1/4 MILE OR LESS
LOWEST:     33 ON  6                               3 = THUNDER
                        SNOW, ICE PELLETS, HAIL    4 = ICE PELLETS
                        TOTAL MONTH:   0.0 INCH    5 = HAIL
                        GRTST 24HR     0.0         6 = FREEZING RAIN OR DRIZZLE
                        GRTST DEPTH:   0           7 = DUSTSTORM OR SANDSTORM:
                                                       VSBY 1/2 MILE OR LESS
                                                   8 = SMOKE OR HAZE
[NO. OF DAYS WITH]      [WEATHER - DAYS WITH]      9 = BLOWING SNOW
                                                   X = TORNADO
MAX 32 OR BELOW:   0    0.01 INCH OR MORE:   6
MAX 90 OR ABOVE:   0    0.10 INCH OR MORE:   4
MIN 32 OR BELOW:   0    0.50 INCH OR MORE:   1
MIN  0 OR BELOW:   0    1.00 INCH OR MORE:   1

[HDD (BASE 65) ]
TOTAL THIS MO.    74    CLEAR  (SCALE 0-3)   8
DPTR FM NORMAL   -82    PTCLDY (SCALE 4-7)  10
TOTAL FM JUL 1  1652    CLOUDY (SCALE 8-10)  7
DPTR FM NORMAL    91

[CDD (BASE 65) ]
TOTAL THIS MO.    91
DPTR FM NORMAL    66    [PRESSURE DATA]
TOTAL FM JAN 1    97    HIGHEST SLP M ON M
DPTR FM NORMAL    57    LOWEST  SLP 29.87 ON 22

[REMARKS]
