812
CXAK56 PAFG 191254
CF6MCG
PRELIMINARY LOCAL CLIMATOLOGICAL DATA (WS FORM: F-6)

                                          STATION:   MCGRATH AK
                                          MONTH:     FEBRUARY
                                          YEAR:      2017
                                          LATITUDE:   62 57 N
                                          LONGITUDE: 155 36 W

  TEMPERATURE IN F:       :PCPN:    SNOW:  WIND      :SUNSHINE: SKY     :PK WND
================================================================================
1   2   3   4   5  6A  6B    7    8   9   10  11  12  13   14  15   16   17  18
                                     12Z  AVG MX 2MIN
DY MAX MIN AVG DEP HDD CDD  WTR  SNW DPTH SPD SPD DIR MIN PSBL S-S WX    SPD DR
================================================================================

 1  16   0   8  11  57   0    T    T   13  0.8  6 350   M    M  10 128     7 340
 2   3 -13  -5  -2  70   0 0.00  0.0   12  0.9  8 260   M    M   3 128     9 270
 3   4 -14  -5  -2  70   0 0.00  0.0   12  0.2  6 260   M    M   0         6 260
 4   2 -17  -7  -5  72   0 0.00  0.0   12  0.0  5  40   M    M   0         5  40
 5   0 -19  -9  -7  74   0 0.00  0.0   12  0.1  5 290   M    M   1 8       5 280
 6   2 -20  -9  -7  74   0 0.00  0.0   12  0.5  7 340   M    M   0         7 340
 7   9 -19  -5  -4  70   0 0.00  0.0   12  0.1  6 220   M    M   7         6 230
 8  16   6  11  12  54   0 0.01  0.9   12  2.4 13  10   M    M  10 18     17  10
 9   7 -13  -3  -3  68   0 0.00  0.0   13  6.9 16 360   M    M   6        23 360
10  -2 -18 -10 -10  75   0    T    T   13  7.8 20  20   M    M   4 8      29  30
11  -7 -35 -21 -21  86   0 0.00  0.0   13  2.1  9  10   M    M   0        12 360
12  -9 -40 -24 -25  89   0    T  0.1   13  0.8  7  10   M    M   2 18      9 360
13   6  -9  -1  -2  66   0    T  0.1   13  5.6 10 360   M    M   7        13  10
14  17  -7   5   4  60   0 0.02  0.4   13  2.9  9 300   M    M   6        13 310
15  22   6  14  12  51   0 0.09  1.3   13  1.8  8 340   M    M   7 12     10 350
16  17  -3   7   5  58   0 0.00  0.0   14  6.7 13 340   M    M   2 1      18 330
17  17   2  10   7  55   0 0.06  0.9   14  2.3  8 320   M    M   9 18     10 310
18  16  -5   6   3  59   0 0.11  3.0   12  3.8  9 290   M    M   9 18     11 290
================================================================================
SM  136 -218      1208   0  0.29     6.7  45.7          M       83
================================================================================
AV  7.6-12.1                               2.5 FASTST   M    M   5    MAX(MPH)
                                 MISC ---->  # 20  20               # 29   30
================================================================================
NOTES:
# LAST OF SEVERAL OCCURRENCES

COLUMN 17 PEAK WIND IN M.P.H.

PRELIMINARY LOCAL CLIMATOLOGICAL DATA (WS FORM: F-6) , PAGE 2

                                          STATION:  MCGRATH AK
                                          MONTH:    FEBRUARY
                                          YEAR:     2017
                                          LATITUDE:   62 57 N
                                          LONGITUDE: 155 36 W

[TEMPERATURE DATA]      [PRECIPITATION DATA]       SYMBOLS USED IN COLUMN 16

AVERAGE MONTHLY: -2.3   TOTAL FOR MONTH:   0.29    1 = FOG OR MIST
DPTR FM NORMAL:     M   DPTR FM NORMAL:   -0.31    2 = FOG REDUCING VISIBILITY
HIGHEST:    22 ON 15    GRTST 24HR  0.12 ON 17-18      TO 1/4 MILE OR LESS
LOWEST:    -40 ON 12                               3 = THUNDER
                        SNOW, ICE PELLETS, HAIL    4 = ICE PELLETS
                        TOTAL MONTH:   6.7 INCHES  5 = HAIL
                        GRTST 24HR   3.0 ON 18-18  6 = FREEZING RAIN OR DRIZZLE
                        GRTST DEPTH:  14 ON 17,16  7 = DUSTSTORM OR SANDSTORM:
                                                       VSBY 1/2 MILE OR LESS
                                                   8 = SMOKE OR HAZE
[NO. OF DAYS WITH]      [WEATHER - DAYS WITH]      9 = BLOWING SNOW
                                                   X = TORNADO
MAX 32 OR BELOW:  18    0.01 INCH OR MORE:   5
MAX 90 OR ABOVE:   0    0.10 INCH OR MORE:   1
MIN 32 OR BELOW:  18    0.50 INCH OR MORE:   0
MIN  0 OR BELOW:  15    1.00 INCH OR MORE:   0

[HDD (BASE 65) ]
TOTAL THIS MO.  1208    CLEAR  (SCALE 0-3)   7
DPTR FM NORMAL    32    PTCLDY (SCALE 4-7)   7
TOTAL FM JUL 1  9194    CLOUDY (SCALE 8-10)  4
DPTR FM NORMAL  -435

[CDD (BASE 65) ]
TOTAL THIS MO.     0
DPTR FM NORMAL     0    [PRESSURE DATA]
TOTAL FM JAN 1     0    HIGHEST SLP M ON M
DPTR FM NORMAL     0    LOWEST  SLP 29.16 ON 11

[REMARKS]
