000
CXAK56 PAMC 170908
CF6MCG

PRELIMINARY LOCAL CLIMATOLOGICAL DATA (WS FORM: F-6)

                                          STATION:   MCGRATH
                                          MONTH:     12
                                          YEAR:      2014
                                          LATITUDE:   62 58 N
                                          LONGITUDE: 155 37 W

  TEMPERATURE IN F:       :PCPN:    SNOW:  WIND      :SUNSHINE: SKY     :PK WND
================================================================================
1   2   3   4   5  6A  6B    7     8   9   10  11  12  13   14  15   16  17  18
                                      12Z  AVG MX 2MIN
DY MAX MIN AVG DEP HDD CDD  WTR   SNW DPTH SPD SPD DIR MIN PSBL S-S WX   SPD DR
================================================================================

 1  24  19  22  22  43   0  0.18  2.0   5  0.6  5  300   M    M   M 1      5 300
 2  33  22  28  28  37   0  0.26  2.5   7  4.5 14  210   M    M   M 1     19 210
 3  32   6  19  20  46   0     T    T   9  4.7 14  130   M    M   M 1     15 130
 4  11  -8   2   3  63   0     T    T   9  0.0  3   40   M    M   M 12     4 290
 5  15   4  10  11  55   0  0.00  0.0   9  0.0  5   30   M    M   M 1      5  30
 6   7 -12  -2  -1  67   0  0.00  0.0   8  0.1  5  310   M    M   M 1      5 310
 7  12  -4   4   5  61   0  0.00  0.0   8  1.2  7   10   M    M   M        8  10
 8  17  -5   6   8  59   0  0.00  0.0   8  3.4 12   20   M    M   M       16  20
 9  16   3  10  12  55   0     T    T   8  2.5 10   10   M    M   M       13  20
10   5  -4   1   3  64   0  0.00  0.0   8  1.3  7  360   M    M   M        9  10
11   9   5   7   9  58   0     T  0.3   7  2.6  7   10   M    M   M 1     11  10
12  10   7   9  11  56   0  0.02  0.7   7  1.5  6   80   M    M   M 1      8  80
13   9  -8   1   4  64   0     T  0.6   8  1.2  6  140   M    M   M 18     7 150
14  12  -2   5   8  60   0  0.00  0.0   8  3.1  7  270   M    M   M        9 300
15  12  -1   6   9  59   0  0.00  0.0   8  2.0  8  260   M    M   M        8 260
16  20   7  14  17  51   0  0.04  0.5   8  0.3  5   80   M    M   M 1      6 180
================================================================================
SM  244   29       898   0  0.50 6.6     29.0           M        M
================================================================================
AV 15.3  1.8                              1.8 FASTST  PSBL  %   M    MAX(MPH)
                                 MISC ---->  #  14  130                 19 210
================================================================================
NOTES:
# LAST OF SEVERAL OCCURRENCES

COLUMN 17 PEAK WIND IN M.P.H.

PRELIMINARY LOCAL CLIMATOLOGICAL DATA (WS FORM: F-6) , PAGE 2

                                          STATION:   MCGRATH
                                          MONTH:     12
                                          YEAR:      2014
                                          LATITUDE:  62 58 N
                                          LONGITUDE: 155 37 W

[TEMPERATURE DATA]      [PRECIPITATION DATA]       SYMBOLS USED IN COLUMN 16

AVERAGE MONTHLY:8.5   TOTAL FOR MONTH: 0.50       1 = FOG
DPTR FM NORMAL: 10.2   DPTR FM NORMAL: -0.14       2 = FOG REDUCING VISIBILITY
HIGHEST:    33 ON  2    GRTST 24HR   0.26 ON  2        TO 1/4 MILE OR LESS
LOWEST:    -12 ON  6                               3 = THUNDER
                        SNOW, ICE PELLETS, HAIL    4 = ICE PELLETS
                        TOTAL MONTH: 6.6 INCHES  5 = HAIL
                        GRTST 24HR   2.5 ON  2     6 = GLAZE OR RIME
                        GRTST DEPTH:    9 ON  5    7 = BLOWING DUST OR SAND:
                                                       VSBY 1/2 MILE OR LESS
                                                   8 = SMOKE OR HAZE
[NO. OF DAYS WITH]      [WEATHER - DAYS WITH]      9 = BLOWING SNOW
                                                   X = TORNADO
MAX 32 OR BELOW:  15    0.01 INCH OR MORE:   4
MAX 70 OR ABOVE:   0    0.10 INCH OR MORE:   2
MIN 32 OR BELOW:  16    0.50 INCH OR MORE:   0
MIN  0 OR BELOW:   8    1.00 INCH OR MORE:   0

[HDD (BASE 65) ]
TOTAL THIS MO.   899    CLEAR  (SCALE 0-3)   M
DPTR FM NORMAL  -167    PTCLDY (SCALE 4-7)   M
SEASONAL TOTAL  4543    CLOUDY (SCALE 8-10)  M
DPTR FM NORMAL  -655

[CDD (BASE 65) ]
TOTAL THIS MO.     0
DPTR FM NORMAL     0    [PRESSURE DATA]
SEASONAL TOTAL    11    HIGHEST SLP     M
DPTR FM NORMAL    -5    LOWEST  SLP     M

[REMARKS]
