000
CXUS53 KGLD 250800
CF6MCK
PRELIMINARY LOCAL CLIMATOLOGICAL DATA (WS FORM: F-6)

                                          STATION:   MCCOOK NE
                                          MONTH:     MAY
                                          YEAR:      2017
                                          LATITUDE:   40 13 N
                                          LONGITUDE: 100 35 W

  TEMPERATURE IN F:       :PCPN:    SNOW:  WIND      :SUNSHINE: SKY     :PK WND
================================================================================
1   2   3   4   5  6A  6B    7    8   9   10  11  12  13   14  15   16   17  18
                                     12Z  AVG MX 2MIN
DY MAX MIN AVG DEP HDD CDD  WTR  SNW DPTH SPD SPD DIR MIN PSBL S-S WX    SPD DR
================================================================================

 1  70  34  52  -3  13   0 0.00    M    M 12.6 25 310   M    M   3        31 340
 2  53  39  46  -9  19   0 0.01    M    M  5.2 12 310   M    M   8        13 310
 3  61  33  47  -9  18   0    T    M    M 11.4 32 330   M    M   4 1      38 330
 4  71  31  51  -5  14   0 0.00    M    M  6.8 16 350   M    M   0 8      23 330
 5  81  33  57   1   8   0 0.00    M    M  5.1 13 320   M    M   0 18     18 300
 6  88  43  66  10   0   1 0.00    M    M  8.1 20 180   M    M   0        29 180
 7  90  54  72  15   0   7 0.00    M    M 11.6 26 190   M    M   0        33 190
 8  88  56  72  15   0   7 0.00    M    M  8.1 24  80   M    M   1 3      30  80
 9  78  53  66   8   0   1 0.74    M    M 11.9 32 250   M    M   3 13     43 240
10  67  53  60   2   5   0 0.24    M    M 11.1 25 360   M    M   8 13     31 350
11  71  46  59   1   6   0 0.03    M    0 10.2 22  30   M    M   5 1      27  50
12  74  38  56  -2   9   0 0.00    M    M  7.6 17 170   M    M   0        22 170
13  82  45  64   5   1   0 0.00    M    M 16.1 28 160   M    M   0        36 180
14  85  55  70  11   0   5 0.00    M    M 11.2 23 350   M    M   0        27 350
15  87  56  72  13   0   7 0.13    M    M  8.7 38 200   M    M   2 3      53 200
16  82  53  68   8   0   3 0.34  0.0    0  8.9 28 110   M    M   1 13     35 110
17  70  52  61   1   4   0 0.01    M    M 14.9 33 330   M    M   5 13     41 330
18  52  49  51  -9  14   0 0.04    M    M 18.1 31  70   M    M  10 1      37  60
19  50  43  47 -13  18   0 0.98    M    M 15.3 26  20   M    M   9 1      31  20
20  45  36  41 -20  24   0 0.31    M    M 14.8 26 330   M    M   8 1      32 320
21  74  36  55  -6  10   0 0.00    M    M  8.8 22 320   M    M   1        25 320
22  77  47  62   1   3   0    T    M    M 13.3 31 330   M    M   4        39 330
23  66  42  54  -8  11   0 0.00    M    M 18.9 36 350   M    M   4        44 350
24  73  34  54  -8  11   0 0.00    M    M  9.0 17 140   M    M   0 8      21 150
================================================================================
SM 1735 1061       188  31  2.83     0.0 267.7          M       76
================================================================================
AV 72.3 44.2                              11.2 FASTST   M    M   3    MAX(MPH)
                                 MISC ---->  # 38 200               # 53  200
================================================================================
NOTES:
# LAST OF SEVERAL OCCURRENCES

COLUMN 17 PEAK WIND IN M.P.H.

PRELIMINARY LOCAL CLIMATOLOGICAL DATA (WS FORM: F-6) , PAGE 2

                                          STATION:  MCCOOK NE
                                          MONTH:    MAY
                                          YEAR:     2017
                                          LATITUDE:   40 13 N
                                          LONGITUDE: 100 35 W

[TEMPERATURE DATA]      [PRECIPITATION DATA]       SYMBOLS USED IN COLUMN 16

AVERAGE MONTHLY: 58.3   TOTAL FOR MONTH:   2.83    1 = FOG OR MIST
DPTR FM NORMAL:  -0.2   DPTR FM NORMAL:    0.50    2 = FOG REDUCING VISIBILITY
HIGHEST:    90 ON  7    GRTST 24HR  0.98 ON 19-19      TO 1/4 MILE OR LESS
LOWEST:     31 ON  4                               3 = THUNDER
                        SNOW, ICE PELLETS, HAIL    4 = ICE PELLETS
                        TOTAL MONTH:   0.0 INCH    5 = HAIL
                        GRTST 24HR     0.0         6 = FREEZING RAIN OR DRIZZLE
                        GRTST DEPTH:   0           7 = DUSTSTORM OR SANDSTORM:
                                                       VSBY 1/2 MILE OR LESS
                                                   8 = SMOKE OR HAZE
[NO. OF DAYS WITH]      [WEATHER - DAYS WITH]      9 = BLOWING SNOW
                                                   X = TORNADO
MAX 32 OR BELOW:   0    0.01 INCH OR MORE:  10
MAX 90 OR ABOVE:   1    0.10 INCH OR MORE:   6
MIN 32 OR BELOW:   1    0.50 INCH OR MORE:   2
MIN  0 OR BELOW:   0    1.00 INCH OR MORE:   0

[HDD (BASE 65) ]
TOTAL THIS MO.   188    CLEAR  (SCALE 0-3)  14
DPTR FM NORMAL     8    PTCLDY (SCALE 4-7)   8
TOTAL FM JUL 1  5082    CLOUDY (SCALE 8-10)  2
DPTR FM NORMAL -1001

[CDD (BASE 65) ]
TOTAL THIS MO.    31
DPTR FM NORMAL     5    [PRESSURE DATA]
TOTAL FM JAN 1    44    HIGHEST SLP M ON M
DPTR FM NORMAL    12    LOWEST  SLP 29.27 ON 16

[REMARKS]
