000
CXUS52 KFFC 201110
CF6MCN
PRELIMINARY LOCAL CLIMATOLOGICAL DATA (WS FORM: F-6)

                                          STATION:   MACON
                                          MONTH:     NOVEMBER
                                          YEAR:      2017
                                          LATITUDE:   32 42 N
                                          LONGITUDE:  83 39 W

  TEMPERATURE IN F:       :PCPN:    SNOW:  WIND      :SUNSHINE: SKY     :PK WND
================================================================================
1   2   3   4   5  6A  6B    7    8   9   10  11  12  13   14  15   16   17  18
                                     12Z  AVG MX 2MIN
DY MAX MIN AVG DEP HDD CDD  WTR  SNW DPTH SPD SPD DIR MIN PSBL S-S WX    SPD DR
================================================================================

 1  76  41  59  -1   6   0 0.00  0.0    0  2.7 14 190   M    M   0 1      18 200
 2  81  57  69   9   0   4 0.00  0.0    0  2.9 10 160   M    M   3 1      14 150
 3  84  52  68   8   0   3 0.00  0.0    0  1.9  9 330   M    M   0 1      13 270
 4  84  56  70  11   0   5 0.00  0.0    0  2.2  9 270   M    M   2 1      11 250
 5  83  56  70  11   0   5 0.00  0.0    0  1.9  9 150   M    M   1 12     19  40
 6  84  56  70  11   0   5 0.00  0.0    0  2.9 14 230   M    M   3 12     16 230
 7  84  58  71  13   0   6 0.00  0.0    0  5.0 16 230   M    M   3 1      20 260
 8  72  55  64   6   1   0    T  0.0    0  4.4 14  60   M    M   7 1      17 340
 9  55  46  51  -7  14   0 0.95  0.0    0  5.6 13 350   M    M  10 12     17 310
10  68  41  55  -3  10   0 0.00  0.0    0  1.9  9  50   M    M   2 12     11  30
11  58  42  50  -7  15   0 0.00  0.0    0 10.5 18  60   M    M   6 1      23  60
12  56  47  52  -5  13   0    T  0.0    0  7.8 13  90   M    M  10        16  80
13  69  43  56  -1   9   0 0.01  0.0    0  3.8 10  50   M    M   4 1      15  30
14  65  38  52  -4  13   0 0.00  0.0    0  6.3 15  60   M    M   0 18     18  60
15  60  35  48  -8  17   0 0.00  0.0    0  4.2 18 100   M    M   0 1      23 110
16  72  38  55  -1  10   0 0.00  0.0    0  3.8 13 320   M    M   0 1      18 320
17  69  33  51  -5  14   0 0.00  0.0    0  3.0 12 120   M    M   0 1      15 120
18  73  38  56   1   9   0 0.00  0.0    0  7.0 18 210   M    M   4 12     28 210
19  68  41  55   0  10   0 0.11    M    0 11.5 26 320   M    M   2 18     35 330
================================================================================
SM 1361  873       141  28  1.07     0.0  89.3          M       57
================================================================================
AV 71.6 46.0                               4.7 FASTST   M    M   3    MAX(MPH)
                                 MISC ---->  # 26 320               # 35  330
================================================================================
NOTES:
# LAST OF SEVERAL OCCURRENCES

COLUMN 17 PEAK WIND IN M.P.H.

PRELIMINARY LOCAL CLIMATOLOGICAL DATA (WS FORM: F-6) , PAGE 2

                                          STATION:  MACON
                                          MONTH:    NOVEMBER
                                          YEAR:     2017
                                          LATITUDE:   32 42 N
                                          LONGITUDE:  83 39 W

[TEMPERATURE DATA]      [PRECIPITATION DATA]       SYMBOLS USED IN COLUMN 16

AVERAGE MONTHLY: 58.8   TOTAL FOR MONTH:   1.07    1 = FOG OR MIST
DPTR FM NORMAL:   1.2   DPTR FM NORMAL:   -0.89    2 = FOG REDUCING VISIBILITY
HIGHEST:    84 ON  7, 6 GRTST 24HR  0.95 ON  9- 9      TO 1/4 MILE OR LESS
LOWEST:     33 ON 17                               3 = THUNDER
                        SNOW, ICE PELLETS, HAIL    4 = ICE PELLETS
                        TOTAL MONTH:   0.0 INCH    5 = HAIL
                        GRTST 24HR     0.0         6 = FREEZING RAIN OR DRIZZLE
                        GRTST DEPTH:   0           7 = DUSTSTORM OR SANDSTORM:
                                                       VSBY 1/2 MILE OR LESS
                                                   8 = SMOKE OR HAZE
[NO. OF DAYS WITH]      [WEATHER - DAYS WITH]      9 = BLOWING SNOW
                                                   X = TORNADO
MAX 32 OR BELOW:   0    0.01 INCH OR MORE:   3
MAX 90 OR ABOVE:   0    0.10 INCH OR MORE:   2
MIN 32 OR BELOW:   0    0.50 INCH OR MORE:   1
MIN  0 OR BELOW:   0    1.00 INCH OR MORE:   0

[HDD (BASE 65) ]
TOTAL THIS MO.   141    CLEAR  (SCALE 0-3)  13
DPTR FM NORMAL   -16    PTCLDY (SCALE 4-7)   4
TOTAL FM JUL 1   236    CLOUDY (SCALE 8-10)  2
DPTR FM NORMAL   -24

[CDD (BASE 65) ]
TOTAL THIS MO.    28
DPTR FM NORMAL    12    [PRESSURE DATA]
TOTAL FM JAN 1  2370    HIGHEST SLP M ON M
DPTR FM NORMAL   210    LOWEST  SLP 29.62 ON 18

[REMARKS]
