000
CXUS52 KMLB 010857
CF6MCO
PRELIMINARY LOCAL CLIMATOLOGICAL DATA (WS FORM: F-6)

                                          STATION:   ORLANDO INTL
                                          MONTH:     JULY
                                          YEAR:      2015
                                          LATITUDE:   28 25 N
                                          LONGITUDE:  81 19 W

  TEMPERATURE IN F:       :PCPN:    SNOW:  WIND      :SUNSHINE: SKY     :PK WND
================================================================================
1   2   3   4   5  6A  6B    7    8   9   10  11  12  13   14  15   16   17  18
                                     12Z  AVG MX 2MIN
DY MAX MIN AVG DEP HDD CDD  WTR  SNW DPTH SPD SPD DIR MIN PSBL S-S WX    SPD DR
================================================================================

 1  94  75  85   3   0  20 0.04  0.0    0  6.2 26 220   M    M   7 3      30 220
 2  94  73  84   2   0  19 0.88  0.0    0  6.0 46 270   M    M   6 13     70 280
 3  95  73  84   2   0  19    T  0.0    0  4.8 20 150   M    M   5 3      24 160
 4  95  73  84   2   0  19 0.00  0.0    0  4.3 26 130   M    M   7        33 140
 5  94  73  84   2   0  19 0.95  0.0    0  5.7 30 360   M    M   7 13     38 350
 6  94  72  83   1   0  18    T  0.0    0  5.5 23 360   M    M   8 3      27 350
 7  90  73  82   0   0  17 0.03  0.0    0  4.3 16 200   M    M   6 3      19 200
 8  94  72  83   1   0  18 0.54  0.0    0  4.6 28 180   M    M   4 13     34 180
 9  94  75  85   3   0  20 0.05  0.0    0  4.6 21 120   M    M   3 13     27 100
10  94  74  84   2   0  19 0.00  0.0    0  4.5 17 100   M    M   2        19 110
11  97  74  86   3   0  21 0.03  0.0    0  5.8 32 350   M    M   4 13     39 340
12  96  75  86   3   0  21 0.00  0.0    0  4.6 20 280   M    M   5        24 270
13  95  74  85   2   0  20 0.00  0.0    0  4.4 17 310   M    M   6        23 300
14  93  77  85   2   0  20 0.01  0.0    0  8.7 21 250   M    M   7 3      26 250
15  93  77  85   2   0  20 0.10  0.0    0  8.7 22 200   M    M   7 13     26 200
16  90  74  82  -1   0  17    T  0.0    0  8.0 24 270   M    M   6        31 240
17  91  75  83   0   0  18 0.16  0.0    0  7.7 23 220   M    M   8 13     27 210
18  92  74  83   0   0  18    T  0.0    0  8.3 22 220   M    M   7 8      26 220
19  94  74  84   1   0  19 0.00  0.0    0  7.2 18 250   M    M   4        25 250
20  92  74  83   0   0  18    T  0.0    0  7.6 22 270   M    M   4 3      28 260
21  93  76  85   2   0  20 0.47  0.0    0  6.2 12 220   M    M   4 13     31 250
22  93  76  85   2   0  20 0.03  0.0    0  4.0 23 280   M    M   4 13     29 280
23  94  76  85   2   0  20 0.00  0.0    0  6.9 17 130   M    M   5 3      20 200
24  88  76  82  -1   0  17 0.15  0.0    0  9.4 18 260   M    M   8 3      24 260
25  89  74  82  -1   0  17 0.95    M    0  7.1 15 210   M    M   8 13     21 230
26  92  75  84   1   0  19 0.02  0.0    0  5.6 24 140   M    M   7 3      30 140
27  89  76  83   0   0  18 0.42  0.0    0  8.5 23 210   M    M   7 1      27 210
28  88  76  82  -1   0  17 1.06  0.0    0  9.8 22 240   M    M   8 13     26 230
29  93  74  84   1   0  19 1.32  0.0    0  5.1 13 270   M    M   7 13      M  M
30  92  75  84   1   0  19 0.05  0.0    0  6.0 15 260   M    M   8 13      M  M
31  90  74  82  -1   0  17 0.16  0.0    0  8.2 17 200   M    M   8 13     22 200
================================================================================
SM 2872 2309         0 583  7.42     0.0 198.3          M      187
================================================================================
AV 92.6 74.5                               6.4 FASTST   M    M   6    MAX(MPH)
                                 MISC ---->  # 46 270               # 70  280
================================================================================
NOTES:
# LAST OF SEVERAL OCCURRENCES

COLUMN 17 PEAK WIND IN M.P.H.

PRELIMINARY LOCAL CLIMATOLOGICAL DATA (WS FORM: F-6) , PAGE 2

                                          STATION:  ORLANDO INTL
                                          MONTH:    JULY
                                          YEAR:     2015
                                          LATITUDE:   28 25 N
                                          LONGITUDE:  81 19 W

[TEMPERATURE DATA]      [PRECIPITATION DATA]       SYMBOLS USED IN COLUMN 16

AVERAGE MONTHLY: 83.6   TOTAL FOR MONTH:   7.42    1 = FOG OR MIST
DPTR FM NORMAL:   0.9   DPTR FM NORMAL:    0.15    2 = FOG REDUCING VISIBILITY
HIGHEST:    97 ON 11    GRTST 24HR  1.32 ON 29-29      TO 1/4 MILE OR LESS
LOWEST:     72 ON  8, 6                            3 = THUNDER
                        SNOW, ICE PELLETS, HAIL    4 = ICE PELLETS
                        TOTAL MONTH:   0.0 INCH    5 = HAIL
                        GRTST 24HR     0.0         6 = FREEZING RAIN OR DRIZZLE
                        GRTST DEPTH:   0           7 = DUSTSTORM OR SANDSTORM:
                                                       VSBY 1/2 MILE OR LESS
                                                   8 = SMOKE OR HAZE
[NO. OF DAYS WITH]      [WEATHER - DAYS WITH]      9 = BLOWING SNOW
                                                   X = TORNADO
MAX 32 OR BELOW:   0    0.01 INCH OR MORE:  20
MAX 90 OR ABOVE:  27    0.10 INCH OR MORE:  12
MIN 32 OR BELOW:   0    0.50 INCH OR MORE:   6
MIN  0 OR BELOW:   0    1.00 INCH OR MORE:   2

[HDD (BASE 65) ]
TOTAL THIS MO.     0    CLEAR  (SCALE 0-3)   1
DPTR FM NORMAL     0    PTCLDY (SCALE 4-7)  29
TOTAL FM JUL 1     0    CLOUDY (SCALE 8-10)  1
DPTR FM NORMAL     0

[CDD (BASE 65) ]
TOTAL THIS MO.   583
DPTR FM NORMAL    34    [PRESSURE DATA]
TOTAL FM JAN 1  2309    HIGHEST SLP 30.21 ON  6
DPTR FM NORMAL   469    LOWEST  SLP 29.84 ON 26

[REMARKS]
#FINAL-07-15#
