000
CXUS53 KDMX 010920
CF6MCW
PRELIMINARY LOCAL CLIMATOLOGICAL DATA (WS FORM: F-6)

                                          STATION:   MASON CITY IA
                                          MONTH:     JUNE
                                          YEAR:      2015
                                          LATITUDE:   43  9 N
                                          LONGITUDE:  93 20 W

  TEMPERATURE IN F:       :PCPN:    SNOW:  WIND      :SUNSHINE: SKY     :PK WND
================================================================================
1   2   3   4   5  6A  6B    7    8   9   10  11  12  13   14  15   16   17  18
                                     12Z  AVG MX 2MIN
DY MAX MIN AVG DEP HDD CDD  WTR  SNW DPTH SPD SPD DIR MIN PSBL S-S WX    SPD DR
================================================================================

 1  72  44  58  -6   7   0 0.00  0.0    0  9.2 16 150   M    M   1        22 120
 2  76  48  62  -2   3   0 0.00  0.0    0 13.7 24 160   M    M   1        31 150
 3  79  58  69   5   0   4 0.02  0.0    0 11.5 26 130   M    M   6 1      31 130
 4  80  54  67   2   0   2 0.00  0.0    0  5.8 13 360   M    M   3 12     15 360
 5  83  56  70   5   0   5 0.00  0.0    0 10.5 20  60   M    M   1 1      25  50
 6  79  59  69   4   0   4 0.13  0.0    0 15.7 23 160   M    M   3 13     28 160
 7  82  62  72   6   0   7 1.17  0.0    0 12.0 31 200   M    M   0 13     43 210
 8  84  60  72   6   0   7 0.00  0.0    0 11.4 22 320   M    M   0        30 320
 9  95  58  77  11   0  12 0.00  0.0    0 10.7 23 260   M    M   1        31 260
10  85  64  75   8   0  10 0.00  0.0    0 10.8 20  20   M    M   0        26  30
11  69  60  65  -2   0   0 1.24  0.0    0 13.2 25  80   M    M  10 1      34  90
12  68  58  63  -4   2   0 0.01  0.0    0 11.5 17  60   M    M  10 1      22  40
13  75  62  69   1   0   4 0.14  0.0    0  5.2 14 220   M    M  10 1      16 200
14  84  65  75   7   0  10 0.00  0.0    0  5.4 13 160   M    M   5 1      16 170
15  75  55  65  -3   0   0 0.11  0.0    0  8.6 23 330   M    M   3 1      27 330
16  78  53  66  -3   0   1 0.00  0.0    0  8.1 14 140   M    M   1        18 170
17  80  62  71   2   0   6 0.00  0.0    0 10.6 21 310   M    M   6        26 270
18  78  56  67  -2   0   2 0.00  0.0    0  8.3 15  10   M    M   1        19  20
19  81  55  68  -1   0   3 0.00  0.0    0  9.5 20 150   M    M   0        26 150
20  83  61  72   2   0   7 1.20  0.0    0  9.6 36 330   M    M   5 13     44 330
21  85  60  73   3   0   8 0.00  0.0    0  6.8 12 190   M    M   1 1      16 300
22  84  62  73   3   0   8 0.79  0.0    0 14.5 40 300   M    M   3 123    58 300
23  77  57  67  -3   0   2    T  0.0    0  6.4 14  10   M    M   1 1      17  40
24  76  55  66  -5   0   1 0.00  0.0    0  8.1 17 150   M    M   5 1      21 140
25  81  65  73   2   0   8 0.00  0.0    0  6.3 14  20   M    M   4 1      18  30
26  78  61  70  -1   0   5    T  0.0    0  4.7 17  90   M    M   3 13     22  90
27  82  56  69  -2   0   4 0.00  0.0    0  4.3 10 360   M    M   1        12  10
28  81  61  71   0   0   6 0.23  0.0    0  9.3 28 340   M    M   5 13     35  20
29  82  60  71  -1   0   6 0.00  0.0    0  8.9 18 310   M    M   1 1      22 290
30  79  59  69  -3   0   4 0.00  0.0    0  7.3 15  10   M    M   1 128    19  10
================================================================================
SM 2391 1746        12 136  5.04     0.0 277.9          M       92
================================================================================
AV 79.7 58.2                               9.3 FASTST   M    M   3    MAX(MPH)
                                 MISC ---->  # 40 300               # 58  300
================================================================================
NOTES:
# LAST OF SEVERAL OCCURRENCES

COLUMN 17 PEAK WIND IN M.P.H.

PRELIMINARY LOCAL CLIMATOLOGICAL DATA (WS FORM: F-6) , PAGE 2

                                          STATION:  MASON CITY IA
                                          MONTH:    JUNE
                                          YEAR:     2015
                                          LATITUDE:   43  9 N
                                          LONGITUDE:  93 20 W

[TEMPERATURE DATA]      [PRECIPITATION DATA]       SYMBOLS USED IN COLUMN 16

AVERAGE MONTHLY: 68.9   TOTAL FOR MONTH:   5.04    1 = FOG OR MIST
DPTR FM NORMAL:   0.8   DPTR FM NORMAL:   -0.10    2 = FOG REDUCING VISIBILITY
HIGHEST:    95 ON  9    GRTST 24HR  1.27 ON  6- 7      TO 1/4 MILE OR LESS
LOWEST:     44 ON  1                               3 = THUNDER
                        SNOW, ICE PELLETS, HAIL    4 = ICE PELLETS
                        TOTAL MONTH:   0.0 INCH    5 = HAIL
                        GRTST 24HR     0.0         6 = FREEZING RAIN OR DRIZZLE
                        GRTST DEPTH:   0           7 = DUSTSTORM OR SANDSTORM:
                                                       VSBY 1/2 MILE OR LESS
                                                   8 = SMOKE OR HAZE
[NO. OF DAYS WITH]      [WEATHER - DAYS WITH]      9 = BLOWING SNOW
                                                   X = TORNADO
MAX 32 OR BELOW:   0    0.01 INCH OR MORE:  10
MAX 90 OR ABOVE:   1    0.10 INCH OR MORE:   8
MIN 32 OR BELOW:   0    0.50 INCH OR MORE:   4
MIN  0 OR BELOW:   0    1.00 INCH OR MORE:   3

[HDD (BASE 65) ]
TOTAL THIS MO.    12    CLEAR  (SCALE 0-3)  17
DPTR FM NORMAL   -32    PTCLDY (SCALE 4-7)  10
TOTAL FM JUL 1  7696    CLOUDY (SCALE 8-10)  3
DPTR FM NORMAL    17

[CDD (BASE 65) ]
TOTAL THIS MO.   136
DPTR FM NORMAL    -2    [PRESSURE DATA]
TOTAL FM JAN 1   166    HIGHEST SLP 30.25 ON  1
DPTR FM NORMAL    -7    LOWEST  SLP 29.56 ON 22

[REMARKS]
#FINAL-06-15#
