000
CXUS53 KPAH 270632
CF6MDH
PRELIMINARY LOCAL CLIMATOLOGICAL DATA (WS FORM: F-6)

                                          STATION:   CARBONDALE IL
                                          MONTH:     FEBRUARY
                                          YEAR:      2015
                                          LATITUDE:   37 46 N
                                          LONGITUDE:  89 15 W

  TEMPERATURE IN F:       :PCPN:    SNOW:  WIND      :SUNSHINE: SKY     :PK WND
================================================================================
1   2   3   4   5  6A  6B    7    8   9   10  11  12  13   14  15   16   17  18
                                     12Z  AVG MX 2MIN
DY MAX MIN AVG DEP HDD CDD  WTR  SNW DPTH SPD SPD DIR MIN PSBL S-S WX    SPD DR
================================================================================

 1  47  30  39   5  26   0 0.44    M    0 10.8 25 320   M    M   9 1      33 330
 2  30  18  24 -10  41   0    T    M    0 10.4 29 320   M    M   8        39 310
 3  42  17  30  -4  35   0 0.00  0.0    0 10.3 20 210   M    M   0        24 190
 4  49  22  36   2  29   0    T    M    0 12.8 24 340   M    M   5 18     31 350
 5  29  12  21 -14  44   0 0.00  0.0    0  5.3 22 350   M    M   1        29 350
 6  46  14  30  -5  35   0 0.00  0.0    0 11.7 23 200   M    M   1        28 190
 7  59  35  47  12  18   0 0.00  0.0    0 17.9 31 210   M    M   0        42 210
 8  65  41  53  18  12   0 0.00  0.0    0 13.8 25 210   M    M   2 8      30 200
 9  42  30  36   0  29   0    T    M    0 13.4 20 350   M    M  10 18     25 340
10  45  26  36   0  29   0 0.00  0.0    0  5.9 13  90   M    M   4        16  10
11  51  22  37   1  28   0 0.00  0.0    0  8.0 18 340   M    M   5        27 340
12  29  17  23 -13  42   0    T    M    0 12.8 32 340   M    M   5        42 340
13  34  15  25 -11  40   0 0.00  0.0    0  7.2 15 240   M    M   3        19 210
14  42  14  28  -9  37   0 0.00  0.0    0 12.8 30 340   M    M   4        36 340
15  21  10  16 -21  49   0 0.00  0.0    0  9.2 15  30   M    M   7        21  60
16  20   3  12 -25  53   0 0.26    M    M  8.7 17 340   M    M   8 128    22 350
17  29  -6  12 -26  53   0 0.02    M    M  6.5 13 190   M    M   7 18     16 190
18  27   2  15 -23  50   0 0.01    M    M 11.5 28 310   M    M   4 18     37 320
19  15  -7   4 -34  61   0 0.00  0.0    M  6.0 13 360   M    M   1        16 360
20  31  10  21 -18  44   0 0.37    M    0  9.9 18 170   M    M   9 16     24 180
21  33  24  29 -10  36   0 0.45    M    0  4.2 13 330   M    M  10 126    18 320
22  31  18  25 -14  40   0 0.00  0.0    0 10.7 21 350   M    M   9 18     26 360
23  19   8  14 -26  51   0 0.00  0.0    0  9.4 22 360   M    M   4        28 360
24  33  13  23 -17  42   0 0.00  0.0    0  8.1 17 200   M    M   2        22 230
25  40  15  28 -12  37   0 0.00  0.0    0  2.7 10 200   M    M   0 1      11 200
26  29  16  23 -18  42   0    T    M    0 11.5 21 350   M    M   8 18     28 360
================================================================================
SM  938  419      1003   0  1.55     0.0 251.5          M      126
================================================================================
AV 36.1 16.1                               9.7 FASTST   M    M   5    MAX(MPH)
                                 MISC ---->  # 32 340               # 42  210
================================================================================
NOTES:
# LAST OF SEVERAL OCCURRENCES

COLUMN 17 PEAK WIND IN M.P.H.

PRELIMINARY LOCAL CLIMATOLOGICAL DATA (WS FORM: F-6) , PAGE 2

                                          STATION:  CARBONDALE IL
                                          MONTH:    FEBRUARY
                                          YEAR:     2015
                                          LATITUDE:   37 46 N
                                          LONGITUDE:  89 15 W

[TEMPERATURE DATA]      [PRECIPITATION DATA]       SYMBOLS USED IN COLUMN 16

AVERAGE MONTHLY: 26.1   TOTAL FOR MONTH:   1.55    1 = FOG OR MIST
DPTR FM NORMAL: -10.8   DPTR FM NORMAL:   -1.03    2 = FOG REDUCING VISIBILITY
HIGHEST:    65 ON  8    GRTST 24HR  0.82 ON 20-21      TO 1/4 MILE OR LESS
LOWEST:     -7 ON 19                               3 = THUNDER
                        SNOW, ICE PELLETS, HAIL    4 = ICE PELLETS
                        TOTAL MONTH:   0.0 INCH    5 = HAIL
                        GRTST 24HR     0.0         6 = FREEZING RAIN OR DRIZZLE
                        GRTST DEPTH:   0           7 = DUSTSTORM OR SANDSTORM:
                                                       VSBY 1/2 MILE OR LESS
                                                   8 = SMOKE OR HAZE
[NO. OF DAYS WITH]      [WEATHER - DAYS WITH]      9 = BLOWING SNOW
                                                   X = TORNADO
MAX 32 OR BELOW:  12    0.01 INCH OR MORE:   6
MAX 90 OR ABOVE:   0    0.10 INCH OR MORE:   4
MIN 32 OR BELOW:  24    0.50 INCH OR MORE:   0
MIN  0 OR BELOW:   2    1.00 INCH OR MORE:   0

[HDD (BASE 65) ]
TOTAL THIS MO.  1003    CLEAR  (SCALE 0-3)   9
DPTR FM NORMAL   272    PTCLDY (SCALE 4-7)  11
TOTAL FM JUL 1  3924    CLOUDY (SCALE 8-10)  6
DPTR FM NORMAL   436

[CDD (BASE 65) ]
TOTAL THIS MO.     0
DPTR FM NORMAL     0    [PRESSURE DATA]
TOTAL FM JAN 1     0    HIGHEST SLP M ON M
DPTR FM NORMAL     0    LOWEST  SLP 29.61 ON  1

[REMARKS]
