000
CXUS55 KCTP 171131
CF6MDT
PRELIMINARY LOCAL CLIMATOLOGICAL DATA (WS FORM: F-6)

                                          STATION:   HARRISBURG PA
                                          MONTH:     DECEMBER
                                          YEAR:      2014
                                          LATITUDE:   40 11 N
                                          LONGITUDE:  76 46 W

  TEMPERATURE IN F:       :PCPN:    SNOW:  WIND      :SUNSHINE: SKY     :PK WND
================================================================================
1   2   3   4   5  6A  6B    7    8   9   10  11  12  13   14  15   16   17  18
                                     12Z  AVG MX 2MIN
DY MAX MIN AVG DEP HDD CDD  WTR  SNW DPTH SPD SPD DIR MIN PSBL S-S WX    SPD DR
================================================================================

 1  61  34  48  10  17   0 0.14  0.0    0  5.1 21 310   M    M   8 18     28 330
 2  38  30  34  -4  31   0 0.40    T    0  4.6 14 350   M    M  10 168    16 330
 3  43  28  36  -2  29   0 0.02  0.0    0  4.3 23 320   M    M   7 18     29 320
 4  41  28  35  -2  30   0 0.00  0.0    0  6.1 17 310   M    M   9        20 310
 5  38  28  33  -4  32   0 0.31  0.0    0  4.2  9 100   M    M  10 1      12 100
 6  43  37  40   4  25   0 0.49  0.0    0  5.4 18 360   M    M  10 1      23  10
 7  45  27  36   0  29   0 0.00  0.0    0  9.4 23 340   M    M   4        29 350
 8  31  23  27  -9  38   0    T    T    0  4.9 12  70   M    M   9 68     16  60
 9  44  29  37   1  28   0 0.34  0.0    0 11.6 21 340   M    M  10 16     27 330
10  44  31  38   3  27   0 0.04  0.3    0 17.8 29 320   M    M   8 1      37 310
11  34  31  33  -2  32   0 0.11  1.8    2 11.3 25 260   M    M  10 18     31 280
12  38  33  36   1  29   0 0.00  0.0    1  9.2 17 310   M    M   9        24 310
13  38  30  34   0  31   0 0.00  0.0    0  8.9 16 310   M    M   9        21 280
14  47  33  40   6  25   0 0.00  0.0    0  9.8 21 320   M    M  10        25 310
15  47  31  39   5  26   0 0.00  0.0    0  5.0 12 360   M    M   8 1      19  20
16  43  31  37   3  28   0 0.19  0.0    0  4.7 12 100   M    M  10 1      17 120
================================================================================
SM  675  484       457   0  2.04     2.1 122.3          M      141
================================================================================
AV 42.2 30.2                               7.6 FASTST   M    M   9    MAX(MPH)
                                 MISC ---->  # 29 320               # 37  310
================================================================================
NOTES:
# LAST OF SEVERAL OCCURRENCES

COLUMN 17 PEAK WIND IN M.P.H.

PRELIMINARY LOCAL CLIMATOLOGICAL DATA (WS FORM: F-6) , PAGE 2

                                          STATION:  HARRISBURG PA
                                          MONTH:    DECEMBER
                                          YEAR:     2014
                                          LATITUDE:   40 11 N
                                          LONGITUDE:  76 46 W

[TEMPERATURE DATA]      [PRECIPITATION DATA]       SYMBOLS USED IN COLUMN 16

AVERAGE MONTHLY: 36.2   TOTAL FOR MONTH:   2.04    1 = FOG OR MIST
DPTR FM NORMAL:   0.4   DPTR FM NORMAL:    0.24    2 = FOG REDUCING VISIBILITY
HIGHEST:    61 ON  1    GRTST 24HR  0.70 ON  5- 6      TO 1/4 MILE OR LESS
LOWEST:     23 ON  8                               3 = THUNDER
                        SNOW, ICE PELLETS, HAIL    4 = ICE PELLETS
                        TOTAL MONTH:   2.1 INCHES  5 = HAIL
                        GRTST 24HR   1.8 ON   M    6 = FREEZING RAIN OR DRIZZLE
                        GRTST DEPTH:   2 ON 11     7 = DUSTSTORM OR SANDSTORM:
                                                       VSBY 1/2 MILE OR LESS
                                                   8 = SMOKE OR HAZE
[NO. OF DAYS WITH]      [WEATHER - DAYS WITH]      9 = BLOWING SNOW
                                                   X = TORNADO
MAX 32 OR BELOW:   1    0.01 INCH OR MORE:   9
MAX 90 OR ABOVE:   0    0.10 INCH OR MORE:   7
MIN 32 OR BELOW:  12    0.50 INCH OR MORE:   0
MIN  0 OR BELOW:   0    1.00 INCH OR MORE:   0

[HDD (BASE 65) ]
TOTAL THIS MO.   457    CLEAR  (SCALE 0-3)   0
DPTR FM NORMAL   -11    PTCLDY (SCALE 4-7)   3
TOTAL FM JUL 1  1470    CLOUDY (SCALE 8-10) 13
DPTR FM NORMAL   -37

[CDD (BASE 65) ]
TOTAL THIS MO.     0
DPTR FM NORMAL     0    [PRESSURE DATA]
TOTAL FM JAN 1  1050    HIGHEST SLP M ON M
DPTR FM NORMAL    48    LOWEST  SLP 29.73 ON 11

[REMARKS]
