000
CXUS55 KCTP 210700
CF6MDT
PRELIMINARY LOCAL CLIMATOLOGICAL DATA (WS FORM: F-6)

                                          STATION:   HARRISBURG PA
                                          MONTH:     OCTOBER
                                          YEAR:      2017
                                          LATITUDE:   40 11 N
                                          LONGITUDE:  76 46 W

  TEMPERATURE IN F:       :PCPN:    SNOW:  WIND      :SUNSHINE: SKY     :PK WND
================================================================================
1   2   3   4   5  6A  6B    7    8   9   10  11  12  13   14  15   16   17  18
                                     12Z  AVG MX 2MIN
DY MAX MIN AVG DEP HDD CDD  WTR  SNW DPTH SPD SPD DIR MIN PSBL S-S WX    SPD DR
================================================================================

 1  69  45  57  -3   8   0 0.00  0.0    0  3.1 10 310   M    M   0        13  10
 2  74  45  60   1   5   0 0.00  0.0    0  2.3  6 110   M    M   1         8 310
 3  75  47  61   2   4   0 0.00  0.0    0  3.8 12 120   M    M   1 18     14 130
 4  81  48  65   7   0   0 0.00  0.0    0  4.4 20 210   M    M   2 128    28 220
 5  82  59  71  13   0   6 0.02  0.0    0  1.9 25 300   M    M   7 1      33 300
 6  82  64  73  15   0   8 0.00  0.0    0  1.5 13 260   M    M   8 1      14 260
 7  85  61  73  16   0   8 0.00  0.0    0  7.9 18 190   M    M   4 18     26 180
 8  79  72  76  19   0  11 0.18  0.0    0  5.9 15 200   M    M  10 1      20 180
 9  84  71  78  22   0  13 1.36  0.0    0  9.5 20 130   M    M   8 1      27 180
10  82  65  74  18   0   9 0.00  0.0    0  1.2  7 280   M    M   4 8       8 270
11  70  62  66  10   0   1 0.39  0.0    0  5.1 17 120   M    M  10 18     22 110
12  63  56  60   4   5   0 0.14  0.0    0  8.9 20 100   M    M  10 1      26 100
13  62  53  58   3   7   0 0.04  0.0    0  5.4 13 120   M    M  10 1      15 130
14  65  59  62   7   3   0 0.00  0.0    0  1.6  6  90   M    M  10 1       7  80
15  77  62  70  16   0   5 0.03  0.0    0  7.7 24 310   M    M   7 1      30 310
16  64  46  55   1  10   0    T  0.0    0 11.3 22 320   M    M   5        27 320
17  62  39  51  -3  14   0 0.00  0.0    0  2.7 10 210   M    M   0 8      13 220
18  72  42  57   3   8   0 0.00  0.0    0  3.6 13 220   M    M   1        15 230
19  74  44  59   6   6   0 0.00  0.0    0  3.6 13 220   M    M   1 18     17 210
20  73  48  61   8   4   0 0.00  0.0    0  2.9 14 330   M    M   1        19 320
================================================================================
SM 1475 1088        74  61  2.16     0.0  94.3          M      100
================================================================================
AV 73.8 54.4                               4.7 FASTST   M    M   5    MAX(MPH)
                                 MISC ---->  # 25 300               # 33  300
================================================================================
NOTES:
# LAST OF SEVERAL OCCURRENCES

COLUMN 17 PEAK WIND IN M.P.H.

PRELIMINARY LOCAL CLIMATOLOGICAL DATA (WS FORM: F-6) , PAGE 2

                                          STATION:  HARRISBURG PA
                                          MONTH:    OCTOBER
                                          YEAR:     2017
                                          LATITUDE:   40 11 N
                                          LONGITUDE:  76 46 W

[TEMPERATURE DATA]      [PRECIPITATION DATA]       SYMBOLS USED IN COLUMN 16

AVERAGE MONTHLY: 64.1   TOTAL FOR MONTH:   2.16    1 = FOG OR MIST
DPTR FM NORMAL:   8.0   DPTR FM NORMAL:   -0.09    2 = FOG REDUCING VISIBILITY
HIGHEST:    85 ON  7    GRTST 24HR  1.36 ON  9- 9      TO 1/4 MILE OR LESS
LOWEST:     39 ON 17                               3 = THUNDER
                        SNOW, ICE PELLETS, HAIL    4 = ICE PELLETS
                        TOTAL MONTH:   0.0 INCH    5 = HAIL
                        GRTST 24HR     0.0         6 = FREEZING RAIN OR DRIZZLE
                        GRTST DEPTH:   0           7 = DUSTSTORM OR SANDSTORM:
                                                       VSBY 1/2 MILE OR LESS
                                                   8 = SMOKE OR HAZE
[NO. OF DAYS WITH]      [WEATHER - DAYS WITH]      9 = BLOWING SNOW
                                                   X = TORNADO
MAX 32 OR BELOW:   0    0.01 INCH OR MORE:   7
MAX 90 OR ABOVE:   0    0.10 INCH OR MORE:   4
MIN 32 OR BELOW:   0    0.50 INCH OR MORE:   1
MIN  0 OR BELOW:   0    1.00 INCH OR MORE:   1

[HDD (BASE 65) ]
TOTAL THIS MO.    74    CLEAR  (SCALE 0-3)   8
DPTR FM NORMAL  -112    PTCLDY (SCALE 4-7)   5
TOTAL FM JUL 1   114    CLOUDY (SCALE 8-10)  7
DPTR FM NORMAL  -144

[CDD (BASE 65) ]
TOTAL THIS MO.    61
DPTR FM NORMAL    51    [PRESSURE DATA]
TOTAL FM JAN 1  1214    HIGHEST SLP M ON M
DPTR FM NORMAL   211    LOWEST  SLP 29.71 ON 15

[REMARKS]
