000
CXUS56 KPDT 281832
CF6MEH
PRELIMINARY LOCAL CLIMATOLOGICAL DATA (WS FORM: F-6)

                                          STATION:   MEACHAM OR
                                          MONTH:     FEBRUARY
                                          YEAR:      2015
                                          LATITUDE:   45 30 N
                                          LONGITUDE: 118 24 W

  TEMPERATURE IN F:       :PCPN:    SNOW:  WIND      :SUNSHINE: SKY     :PK WND
================================================================================
1   2   3   4   5  6A  6B    7    8   9   10  11  12  13   14  15   16   17  18
                                     12Z  AVG MX 2MIN
DY MAX MIN AVG DEP HDD CDD  WTR  SNW DPTH SPD SPD DIR MIN PSBL S-S WX    SPD DR
================================================================================

 1  40  29  35   6  30   0 0.35  0.0    3  0.3  6 290   M    M  10 1      11 280
 2  47  31  39  10  26   0 0.14  0.0    2  0.5  6 270   M    M   8 12     13 260
 3  37  31  34   5  31   0 0.17    T    2  0.0  3 360   M    M   9 16      6 340
 4  43  33  38   9  27   0 0.06  0.0    1  0.1  5 170   M    M   6 1       9 200
 5  52  41  47  18  18   0    T  0.0    M  1.4  6 220   M    M   7        11 160
 6  58  46  52  23  13   0    T  0.0    0  2.5 15  80   M    M   8        24 230
 7  56  42  49  20  16   0 0.12  0.0    0  2.0 12 240   M    M   9 1      22 210
 8  56  32  44  15  21   0 0.02  0.0    0  0.8  9  90   M    M   3 18     17  80
 9  49  40  45  16  20   0 0.68  0.0    0  1.2  8 200   M    M   9 1      16 190
10  47  31  39  10  26   0 0.49  0.0    0  0.2  6 250   M    M   8 1      11 210
11  50  29  40  10  25   0 0.00  0.0    0  0.8  6 110   M    M   2        11 160
12  61  29  45  15  20   0 0.00  0.0    0  0.1  5 360   M    M   1         9 200
13  58  27  43  13  22   0 0.00  0.0    0  0.1  7  90   M    M   0        11  90
14  51  28  40  10  25   0 0.00  0.0    0  1.0  8 280   M    M   3        13 310
15  48  23  36   6  29   0 0.00  0.0    0  0.7  7  10   M    M   1 1      13  20
16  46  18  32   2  33   0 0.00  0.0    0  0.7  7  20   M    M   0 18     13 290
17  52  20  36   6  29   0 0.00  0.0    0  0.6  7  20   M    M   0        11  10
18  60  22  41  11  24   0 0.00  0.0    0  0.5  7 270   M    M   0 18     12 270
19  47  24  36   6  29   0 0.21    T    0  1.0  9 270   M    M   7 1      17 260
20  45  33  39   9  26   0 0.18  0.1    0  2.0  7 320   M    M   8 1      13 310
21  38  25  32   2  33   0 0.09  0.9    1  1.3  8  60   M    M   7 128    13  50
22  35  14  25  -6  40   0 0.00  0.0    0  1.7  8  30   M    M   0 8      14  30
23  42   9  26  -5  39   0 0.00  0.0    0  0.8  7 260   M    M   0 8      11 310
24  54  18  36   5  29   0 0.00  0.0    0  1.7  9 280   M    M   1 8      17 310
25  44  23  34   3  31   0 0.29  0.4    1  1.3  8 250   M    M   4 18     14 260
26  40  32  36   5  29   0 0.32    M    0  0.4  8 300   M    M  10 12     14 320
27  42  31  37   5  28   0    T  0.0    0  0.7  7  80   M    M  10 12     10  70
================================================================================
SM 1298  761       719   0  3.12     1.4  24.4          M      131
================================================================================
AV 48.1 28.2                               0.9 FASTST   M    M   5    MAX(MPH)
                                 MISC ---->  # 15  80               # 24  230
================================================================================
NOTES:
# LAST OF SEVERAL OCCURRENCES

COLUMN 17 PEAK WIND IN M.P.H.

PRELIMINARY LOCAL CLIMATOLOGICAL DATA (WS FORM: F-6) , PAGE 2

                                          STATION:  MEACHAM OR
                                          MONTH:    FEBRUARY
                                          YEAR:     2015
                                          LATITUDE:   45 30 N
                                          LONGITUDE: 118 24 W

[TEMPERATURE DATA]      [PRECIPITATION DATA]       SYMBOLS USED IN COLUMN 16

AVERAGE MONTHLY: 38.1   TOTAL FOR MONTH:   3.12    1 = FOG OR MIST
DPTR FM NORMAL:   8.2   DPTR FM NORMAL:    0.12    2 = FOG REDUCING VISIBILITY
HIGHEST:    61 ON 12    GRTST 24HR  1.01 ON  9-10      TO 1/4 MILE OR LESS
LOWEST:      9 ON 23                               3 = THUNDER
                        SNOW, ICE PELLETS, HAIL    4 = ICE PELLETS
                        TOTAL MONTH:   1.4 INCHES  5 = HAIL
                        GRTST 24HR   0.9 ON   M    6 = FREEZING RAIN OR DRIZZLE
                        GRTST DEPTH:   3 ON  1     7 = DUSTSTORM OR SANDSTORM:
                                                       VSBY 1/2 MILE OR LESS
                                                   8 = SMOKE OR HAZE
[NO. OF DAYS WITH]      [WEATHER - DAYS WITH]      9 = BLOWING SNOW
                                                   X = TORNADO
MAX 32 OR BELOW:   0    0.01 INCH OR MORE:  13
MAX 90 OR ABOVE:   0    0.10 INCH OR MORE:  10
MIN 32 OR BELOW:  21    0.50 INCH OR MORE:   1
MIN  0 OR BELOW:   0    1.00 INCH OR MORE:   0

[HDD (BASE 65) ]
TOTAL THIS MO.   719    CLEAR  (SCALE 0-3)  11
DPTR FM NORMAL  -231    PTCLDY (SCALE 4-7)   8
TOTAL FM JUL 1  4632    CLOUDY (SCALE 8-10)  8
DPTR FM NORMAL -1088

[CDD (BASE 65) ]
TOTAL THIS MO.     0
DPTR FM NORMAL     0    [PRESSURE DATA]
TOTAL FM JAN 1     0    HIGHEST SLP 30.19 ON 26
DPTR FM NORMAL     0    LOWEST  SLP 29.42 ON  7

[REMARKS]
