000
CXUS54 KJAN 291200
CF6MEI
PRELIMINARY LOCAL CLIMATOLOGICAL DATA (WS FORM: F-6)

                                          STATION:   MERIDIAN
                                          MONTH:     AUGUST
                                          YEAR:      2014
                                          LATITUDE:   32 19 N
                                          LONGITUDE:  88 45 W

  TEMPERATURE IN F:       :PCPN:    SNOW:  WIND      :SUNSHINE: SKY     :PK WND
================================================================================
1   2   3   4   5  6A  6B    7    8   9   10  11  12  13   14  15   16   17  18
                                     12Z  AVG MX 2MIN
DY MAX MIN AVG DEP HDD CDD  WTR  SNW DPTH SPD SPD DIR MIN PSBL S-S WX    SPD DR
================================================================================

 1  85  64  75  -6   0  10    T  0.0    0  2.0  9 280   M    M   3        13 210
 2  88  71  80  -1   0  15 0.00  0.0    0  2.7  9  50   M    M   5 1      14  50
 3  94  69  82   1   0  17 0.00  0.0    0  5.0 16  10   M    M   2 1      21  10
 4  94  70  82   1   0  17 0.00  0.0    0  4.1 12 110   M    M   2 1      21  70
 5  95  68  82   1   0  17    T  0.0    0  2.8 15 130   M    M   1 1      18 270
 6  97  69  83   2   0  18    T  0.0    0  2.5 16 100   M    M   2 1      26 130
 7  97  69  83   2   0  18 0.00  0.0    0  3.5 14 320   M    M   1        18 280
 8  94  70  82   1   0  17 0.01  0.0    0  3.7 15 230   M    M   2        22 260
 9  93  71  82   1   0  17 0.79  0.0    0  3.0 28 340   M    M   3 13     35 300
10  93  69  81   0   0  16 0.56  0.0    0  4.3 24 350   M    M   4 13     29 350
11  88  71  80  -1   0  15 0.24  0.0    0  3.6 20 280   M    M   3 1      26 280
12  91  71  81   0   0  16 0.00  0.0    0  3.7 15 330   M    M   6 1      17 330
13  87  63  75  -6   0  10 0.00  0.0    0  6.4 18  40   M    M   0        23  40
14  87  59  73  -7   0   8 0.00  0.0    0  2.2 10  30   M    M   1        14  30
15  89  61  75  -5   0  10 0.00  0.0    0  1.2 10 350   M    M   0        14 360
16  92  62  77  -3   0  12 0.00  0.0    0  3.2 10 230   M    M   2         M  M
17  93  72  83   3   0  18 0.00  0.0    0  7.4 18 200   M    M   2 1      23 200
18  88  70  79  -1   0  14 0.08  0.0    0  6.5 28 310   M    M   3 1      39 310
19  93  70  82   2   0  17 0.01  0.0    0  6.1 22 350   M    M   2        29 350
20  95  68  82   2   0  17 0.00  0.0    0  3.2 13 220   M    M   1        16 270
21  96  72  84   4   0  19 0.00  0.0    0  2.6 13 270   M    M   1 1      16 280
22  97  71  84   4   0  19 0.00  0.0    0  3.2 12 290   M    M   1        16 270
23  98  71  85   5   0  20 0.00  0.0    0  2.9 13 280   M    M   1        22 300
24  99  70  85   5   0  20 0.00  0.0    0  2.8 16 330   M    M   1        21 350
25  91  73  82   2   0  17 0.00  0.0    0  4.7 14  80   M    M   4        22  70
26  92  67  80   0   0  15 0.00  0.0    0  4.7 16  80   M    M   0        25  40
27  95  63  79  -1   0  14 0.00  0.0    0  3.8 15  10   M    M   1        21  20
28  95  63  79   0   0  14 0.00  0.0    0  2.8 14 170   M    M   1        19 150
================================================================================
SM 2596 1907         0 437  1.69     0.0 104.6          M       55
================================================================================
AV 92.7 68.1                               3.7 FASTST   M    M   2    MAX(MPH)
                                 MISC ---->  # 28 340               # 39  310
================================================================================
NOTES:
# LAST OF SEVERAL OCCURRENCES

COLUMN 17 PEAK WIND IN M.P.H.

PRELIMINARY LOCAL CLIMATOLOGICAL DATA (WS FORM: F-6) , PAGE 2

                                          STATION:  MERIDIAN
                                          MONTH:    AUGUST
                                          YEAR:     2014
                                          LATITUDE:   32 19 N
                                          LONGITUDE:  88 45 W

[TEMPERATURE DATA]      [PRECIPITATION DATA]       SYMBOLS USED IN COLUMN 16

AVERAGE MONTHLY: 80.4   TOTAL FOR MONTH:   1.69    1 = FOG OR MIST
DPTR FM NORMAL:  -0.0   DPTR FM NORMAL:   -1.97    2 = FOG REDUCING VISIBILITY
HIGHEST:    99 ON 24    GRTST 24HR  0.80 ON  8- 9      TO 1/4 MILE OR LESS
LOWEST:     59 ON 14                               3 = THUNDER
                        SNOW, ICE PELLETS, HAIL    4 = ICE PELLETS
                        TOTAL MONTH:   0.0 INCH    5 = HAIL
                        GRTST 24HR     0.0         6 = FREEZING RAIN OR DRIZZLE
                        GRTST DEPTH:   0           7 = DUSTSTORM OR SANDSTORM:
                                                       VSBY 1/2 MILE OR LESS
                                                   8 = SMOKE OR HAZE
[NO. OF DAYS WITH]      [WEATHER - DAYS WITH]      9 = BLOWING SNOW
                                                   X = TORNADO
MAX 32 OR BELOW:   0    0.01 INCH OR MORE:   6
MAX 90 OR ABOVE:  21    0.10 INCH OR MORE:   3
MIN 32 OR BELOW:   0    0.50 INCH OR MORE:   2
MIN  0 OR BELOW:   0    1.00 INCH OR MORE:   0

[HDD (BASE 65) ]
TOTAL THIS MO.     0    CLEAR  (SCALE 0-3)  22
DPTR FM NORMAL     0    PTCLDY (SCALE 4-7)   6
TOTAL FM JUL 1     0    CLOUDY (SCALE 8-10)  0
DPTR FM NORMAL     0

[CDD (BASE 65) ]
TOTAL THIS MO.   437
DPTR FM NORMAL     4    [PRESSURE DATA]
TOTAL FM JAN 1  1542    HIGHEST SLP M ON M
DPTR FM NORMAL   -38    LOWEST  SLP 29.87 ON M

[REMARKS]
