000
CXUS56 KMFR 271000
CF6MFR
PRELIMINARY LOCAL CLIMATOLOGICAL DATA (WS FORM: F-6)

                                          STATION:   MEDFORD OR
                                          MONTH:     APRIL
                                          YEAR:      2017
                                          LATITUDE:   42 22 N
                                          LONGITUDE: 122 52 W

  TEMPERATURE IN F:       :PCPN:    SNOW:  WIND      :SUNSHINE: SKY     :PK WND
================================================================================
1   2   3   4   5  6A  6B    7    8   9   10  11  12  13   14  15   16   17  18
                                     12Z  AVG MX 2MIN
DY MAX MIN AVG DEP HDD CDD  WTR  SNW DPTH SPD SPD DIR MIN PSBL S-S WX    SPD DR
================================================================================

 1  71  40  56   6   9   0    T  0.0    0  4.3 16 360   M    M   4        19 360
 2  66  42  54   4  11   0 0.00  0.0    0  4.3 17 350   M    M   3        21 350
 3  66  33  50  -1  15   0 0.00  0.0    0  2.7  8 180   M    M   0        12 320
 4  65  44  55   4  10   0 0.00  0.0    0  1.6  8 280   M    M   5        10 280
 5  69  49  59   8   6   0 0.00  0.0    0  8.5 32 150   M    M   4        39 150
 6  66  48  57   6   8   0 0.08  0.0    0 17.4 33 140   M    M   8        42 140
 7  56  43  50  -1  15   0 0.09  0.0    0 10.9 32 210   M    M   6 1      42 220
 8  54  38  46  -5  19   0 0.02  0.0    0  4.2 20 260   M    M   5        25 270
 9  60  31  46  -6  19   0    T  0.0    0  4.1 16 310   M    M   4        20 310
10  60  35  48  -4  17   0    T  0.0    0  3.4 10  10   M    M   3        14 330
11  60  42  51  -1  14   0 0.03  0.0    0  5.3 22 150   M    M   7 1      25 150
12  62  41  52   0  13   0 0.04  0.0    0  7.0 25 300   M    M   9        35 310
13  53  37  45  -7  20   0 0.04  0.0    0  5.1 24 290   M    M   7 1      34 300
14  56  39  48  -4  17   0 0.03  0.0    0  5.0 16 310   M    M   9        21 320
15  67  34  51  -2  14   0 0.00  0.0    0  2.7  9 180   M    M   0        12 310
16  63  42  53   0  12   0    T  0.0    0  5.7 26 140   M    M   5        35 130
17  64  39  52  -1  13   0 0.17  0.0    0  3.5 15 300   M    M   7 1      19 290
18  66  47  57   4   8   0 0.05  0.0    0  4.1 13 300   M    M   5 1      17 310
19  61  41  51  -2  14   0 0.03  0.0    0  4.1 21 300   M    M   5 1      26 290
20  63  42  53  -1  12   0 0.07  0.0    0  3.9 12 340   M    M   7 1      14 330
21  76  39  58   4   7   0 0.00  0.0    0  2.3  8 310   M    M   0        10 360
22  66  46  56   2   9   0 0.00  0.0    0  8.4 20 220   M    M   4        25 230
23  62  45  54   0  11   0 0.01  0.0    0  5.8 16 320   M    M   7        20 320
24  59  46  53  -1  12   0 0.02  0.0    0  5.1 23 250   M    M  10        36 250
25  56  43  50  -5  15   0    T  0.0    0  2.8 10 360   M    M   9        12  10
26  59  46  53  -2  12   0 0.27  0.0    0  5.7 16 310   M    M   9 1      21 320
================================================================================
SM 1626 1072       332   0  0.95     0.0 137.9          M      142
================================================================================
AV 62.5 41.2                               5.3 FASTST   M    M   5    MAX(MPH)
                                 MISC ---->  # 33 140               # 42  140
================================================================================
NOTES:
# LAST OF SEVERAL OCCURRENCES

COLUMN 17 PEAK WIND IN M.P.H.

PRELIMINARY LOCAL CLIMATOLOGICAL DATA (WS FORM: F-6) , PAGE 2

                                          STATION:  MEDFORD OR
                                          MONTH:    APRIL
                                          YEAR:     2017
                                          LATITUDE:   42 22 N
                                          LONGITUDE: 122 52 W

[TEMPERATURE DATA]      [PRECIPITATION DATA]       SYMBOLS USED IN COLUMN 16

AVERAGE MONTHLY: 51.9   TOTAL FOR MONTH:   0.95    1 = FOG OR MIST
DPTR FM NORMAL:  -0.5   DPTR FM NORMAL:   -0.26    2 = FOG REDUCING VISIBILITY
HIGHEST:    76 ON 21    GRTST 24HR  0.27 ON 26-26      TO 1/4 MILE OR LESS
LOWEST:     31 ON  9                               3 = THUNDER
                        SNOW, ICE PELLETS, HAIL    4 = ICE PELLETS
                        TOTAL MONTH:   0.0 INCH    5 = HAIL
                        GRTST 24HR     0.0         6 = FREEZING RAIN OR DRIZZLE
                        GRTST DEPTH:   0           7 = DUSTSTORM OR SANDSTORM:
                                                       VSBY 1/2 MILE OR LESS
                                                   8 = SMOKE OR HAZE
[NO. OF DAYS WITH]      [WEATHER - DAYS WITH]      9 = BLOWING SNOW
                                                   X = TORNADO
MAX 32 OR BELOW:   0    0.01 INCH OR MORE:  14
MAX 90 OR ABOVE:   0    0.10 INCH OR MORE:   2
MIN 32 OR BELOW:   1    0.50 INCH OR MORE:   0
MIN  0 OR BELOW:   0    1.00 INCH OR MORE:   0

[HDD (BASE 65) ]
TOTAL THIS MO.   332    CLEAR  (SCALE 0-3)   5
DPTR FM NORMAL     5    PTCLDY (SCALE 4-7)  15
TOTAL FM JUL 1  3846    CLOUDY (SCALE 8-10)  6
DPTR FM NORMAL  -113

[CDD (BASE 65) ]
TOTAL THIS MO.     0
DPTR FM NORMAL     0    [PRESSURE DATA]
TOTAL FM JAN 1     0    HIGHEST SLP M ON M
DPTR FM NORMAL     0    LOWEST  SLP 29.41 ON  7

[REMARKS]
