000
CXUS51 KPBZ 290804
CF6MGW
PRELIMINARY LOCAL CLIMATOLOGICAL DATA (WS FORM: F-6)

                                          STATION:   MORGANTOWN WV
                                          MONTH:     JUNE
                                          YEAR:      2015
                                          LATITUDE:   39 39 N
                                          LONGITUDE:  79 55 W

  TEMPERATURE IN F:       :PCPN:    SNOW:  WIND      :SUNSHINE: SKY     :PK WND
================================================================================
1   2   3   4   5  6A  6B    7    8   9   10  11  12  13   14  15   16   17  18
                                     12Z  AVG MX 2MIN
DY MAX MIN AVG DEP HDD CDD  WTR  SNW DPTH SPD SPD DIR MIN PSBL S-S WX    SPD DR
================================================================================

 1  71  54  63  -2   2   0    T    M    M  5.8 12  10   M    M  10 18     15  10
 2  61  54  58  -8   7   0 0.03    M    M  5.0  9  10   M    M  10 18     13 360
 3  75  57  66   0   0   1 0.00    M    M  7.8 14 110   M    M   5        19 110
 4  80  59  70   4   0   5 0.00    M    M  6.1 13 120   M    M   8        17 120
 5  83  62  73   6   0   8 0.41    M    M  3.5 13 300   M    M   6 128    21 290
 6  77  59  68   1   0   3 0.00    M    M  4.2 13  20   M    M   7 128    18  50
 7  87  58  73   6   0   8 0.00    M    M  5.6 14 230   M    M   1 18     21 200
 8  84  66  75   8   0  10 0.40    M    M  8.1 18 270   M    M   3 13     31 230
 9  77  61  69   1   0   4 0.07    M    M  6.6 14 280   M    M   5 1      22 230
10  85  56  71   3   0   6 0.00    M    M  4.0 13 190   M    M   0 8      19 140
11  90  67  79  11   0  14 0.00    M    M  3.9 10 200   M    M   1 8      16 200
12  90  66  78   9   0  13 0.15    M    M  4.4 17 300   M    M   3 138    28 320
13  84  66  75   6   0  10 0.25    M    M  3.9 16 240   M    M   6 1238   27 230
14  86  65  76   7   0  11 0.37    M    M  3.7 12 190   M    M   4 1238   16 180
15  85  71  78   9   0  13 0.43    M    M  5.3 12 230   M    M   6 1      19 190
16  84  71  78   8   0  13 0.08    M    M  4.6 12 270   M    M   8        18 220
17  74  62  68  -2   0   3 0.34    M    M  3.1  8 220   M    M  10 18     13 210
18  87  69  78   8   0  13 0.08    M    M  5.5 17 270   M    M   7 18     31 240
19  80  67  74   4   0   9 0.27    M    M  3.2 14 320   M    M   8 18     21 320
20  86  66  76   5   0  11 1.32    M    M  2.5 20 200   M    M   5 13     31 190
21  85  70  78   7   0  13 0.15    M    M  6.0 16 360   M    M   6        30 360
22  87  66  77   6   0  12 0.00    M    M  4.4 13 160   M    M   1 1      16 160
23  88  66  77   6   0  12 0.02    M    M  6.1 16 230   M    M   4 3      24 230
24  82  58  70  -2   0   5 0.00    M    M  2.1  9 290   M    M   2 1      13 300
25  74  61  68  -4   0   3 0.37    M    M  1.7  8  80   M    M   7 1      15 250
26  82  63  73   1   0   8 0.00    M    M  4.5 16 110   M    M   7 12     23 110
27  80  66  73   1   0   8 0.88    M    M  7.8 17 230   M    M   9 1      27 230
28  66  56  61 -11   4   0 0.03    M    M  7.7 17 230   M    M   9 18     25 220
================================================================================
SM 2270 1762        13 216  5.65    M    137.1          M      158
================================================================================
AV 81.1 62.9                               4.9 FASTST   M    M   6    MAX(MPH)
                                 MISC ---->  # 20 200               # 31  230
================================================================================
NOTES:
# LAST OF SEVERAL OCCURRENCES

COLUMN 17 PEAK WIND IN M.P.H.

PRELIMINARY LOCAL CLIMATOLOGICAL DATA (WS FORM: F-6) , PAGE 2

                                          STATION:  MORGANTOWN WV
                                          MONTH:    JUNE
                                          YEAR:     2015
                                          LATITUDE:   39 39 N
                                          LONGITUDE:  79 55 W

[TEMPERATURE DATA]      [PRECIPITATION DATA]       SYMBOLS USED IN COLUMN 16

AVERAGE MONTHLY: 72.0   TOTAL FOR MONTH:   5.65    1 = FOG OR MIST
DPTR FM NORMAL:   2.9   DPTR FM NORMAL:    1.83    2 = FOG REDUCING VISIBILITY
HIGHEST:    90 ON 12,11 GRTST 24HR  1.32 ON 20-20      TO 1/4 MILE OR LESS
LOWEST:     54 ON  2, 1                            3 = THUNDER
                        SNOW, ICE PELLETS, HAIL    4 = ICE PELLETS
                        TOTAL MONTH:    M          5 = HAIL
                        GRTST 24HR    M  ON   M    6 = FREEZING RAIN OR DRIZZLE
                        GRTST DEPTH:  M  ON   M    7 = DUSTSTORM OR SANDSTORM:
                                                       VSBY 1/2 MILE OR LESS
                                                   8 = SMOKE OR HAZE
[NO. OF DAYS WITH]      [WEATHER - DAYS WITH]      9 = BLOWING SNOW
                                                   X = TORNADO
MAX 32 OR BELOW:   0    0.01 INCH OR MORE:  18
MAX 90 OR ABOVE:   2    0.10 INCH OR MORE:  12
MIN 32 OR BELOW:   0    0.50 INCH OR MORE:   2
MIN  0 OR BELOW:   0    1.00 INCH OR MORE:   1

[HDD (BASE 65) ]
TOTAL THIS MO.    13    CLEAR  (SCALE 0-3)   6
DPTR FM NORMAL   -16    PTCLDY (SCALE 4-7)  15
TOTAL FM JUL 1  5295    CLOUDY (SCALE 8-10)  7
DPTR FM NORMAL   113

[CDD (BASE 65) ]
TOTAL THIS MO.   216
DPTR FM NORMAL    71    [PRESSURE DATA]
TOTAL FM JAN 1   400    HIGHEST SLP M ON M
DPTR FM NORMAL   188    LOWEST  SLP 29.63 ON M

[REMARKS]
