310
CXUS55 KFSD 280905
CF6MHE
PRELIMINARY LOCAL CLIMATOLOGICAL DATA (WS FORM: F-6)

                                          STATION:   MITCHELL SD
                                          MONTH:     APRIL
                                          YEAR:      2016
                                          LATITUDE:   43 46 N
                                          LONGITUDE:  98  2 W

  TEMPERATURE IN F:       :PCPN:    SNOW:  WIND      :SUNSHINE: SKY     :PK WND
================================================================================
1   2   3   4   5  6A  6B    7    8   9   10  11  12  13   14  15   16   17  18
                                     12Z  AVG MX 2MIN
DY MAX MIN AVG DEP HDD CDD  WTR  SNW DPTH SPD SPD DIR MIN PSBL S-S WX    SPD DR
================================================================================

 1  41  31  36  -5  29   0 0.01  0.2    0 14.9 26 300   M    M   7 1      32 300
 2  57  30  44   3  21   0 0.00  0.0    0 13.8 25 360   M    M   0        33 280
 3  78  37  58  16   7   0 0.00  0.0    0 17.5 33  20   M    M   1        38 300
 4  54  25  40  -2  25   0    T  0.0    0  8.5 23 140   M    M   0        27 140
 5  66  40  53  10  12   0 0.03  0.0    0 19.5 38 160   M    M   2        45 170
 6  50  34  42  -1  23   0 0.03  0.0    0 20.5 38 320   M    M   8        46 300
 7  50  32  41  -3  24   0    T  0.0    0 22.5 41 330   M    M   5        54 350
 8  46  23  35  -9  30   0 0.00  0.0    0 13.5 26 330   M    M   2        35 330
 9  60  23  42  -3  23   0 0.00  0.0    0 18.7 35 170   M    M   1        44 160
10  67  31  49   4  16   0 0.00  0.0    0 15.9 33 320   M    M   1        46 290
11  47  24  36 -10  29   0 0.00  0.0    0 10.3 22 340   M    M   0        32 360
12  75  29  52   6  13   0    T  0.0    0 17.1 31 160   M    M   4        39 150
13  77  33  55   8  10   0 0.00  0.0    0  6.8 12 150   M    M   0 8      17 350
14  80  42  61  14   4   0 0.00  0.0    0 17.1 31 170   M    M   0        39 170
15  69  51  60  12   5   0 0.08  0.0    0 15.0 30 150   M    M   6 13     39 150
16  70  43  57   9   8   0 0.38  0.0    0 14.9 24 160   M    M   7 1      31 160
17  50  43  47  -2  18   0 0.46  0.0    0 12.5 21 360   M    M  10 1      24 360
18  47  40  44  -5  21   0 0.59  0.0    0 12.4 21 270   M    M   8 1      25 270
19  61  34  48  -2  17   0 0.00  0.0    0  3.7  8 280   M    M   4 12      M  M
20  59  44  52   2  13   0 0.13  0.0    0  6.7 20 330   M    M   7 1      23 350
21  64  41  53   3  12   0 0.00  0.0    0 13.7 26  10   M    M   3        34 350
22  66  32  49  -2  16   0 0.00  0.0    0  8.2 17 160   M    M   0        23 150
23  82  50  66  15   0   1 0.00  0.0    0 19.8 35 160   M    M   0        43 170
24  76  59  68  16   0   3    T  0.0    0 13.9 24 160   M    M   2 3      28 160
25  61  47  54   2  11   0 0.03  0.0    0 15.0 24 290   M    M  10        29 290
26  56  39  48  -5  17   0 0.30  0.0    0 12.5 26  60   M    M   8 13     32  60
27  47  40  44  -9  21   0 2.32  0.0    0 14.9 25  80   M    M  10 1      30  70
================================================================================
SM 1656  997       425   4  4.36     0.2 379.8          M      106
================================================================================
AV 61.3 36.9                              14.1 FASTST   M    M   4    MAX(MPH)
                                 MISC ---->  # 41 330               # 54  350
================================================================================
NOTES:
# LAST OF SEVERAL OCCURRENCES

COLUMN 17 PEAK WIND IN M.P.H.

PRELIMINARY LOCAL CLIMATOLOGICAL DATA (WS FORM: F-6) , PAGE 2

                                          STATION:  MITCHELL SD
                                          MONTH:    APRIL
                                          YEAR:     2016
                                          LATITUDE:   43 46 N
                                          LONGITUDE:  98  2 W

[TEMPERATURE DATA]      [PRECIPITATION DATA]       SYMBOLS USED IN COLUMN 16

AVERAGE MONTHLY: 49.1   TOTAL FOR MONTH:   4.36    1 = FOG OR MIST
DPTR FM NORMAL:   2.0   DPTR FM NORMAL:    2.48    2 = FOG REDUCING VISIBILITY
HIGHEST:    82 ON 23    GRTST 24HR  2.55 ON 26-27      TO 1/4 MILE OR LESS
LOWEST:     23 ON  9, 8                            3 = THUNDER
                        SNOW, ICE PELLETS, HAIL    4 = ICE PELLETS
                        TOTAL MONTH:   0.2 INCH    5 = HAIL
                        GRTST 24HR   0.2 ON   M    6 = FREEZING RAIN OR DRIZZLE
                        GRTST DEPTH:   0           7 = DUSTSTORM OR SANDSTORM:
                                                       VSBY 1/2 MILE OR LESS
                                                   8 = SMOKE OR HAZE
[NO. OF DAYS WITH]      [WEATHER - DAYS WITH]      9 = BLOWING SNOW
                                                   X = TORNADO
MAX 32 OR BELOW:   0    0.01 INCH OR MORE:  11
MAX 90 OR ABOVE:   0    0.10 INCH OR MORE:   6
MIN 32 OR BELOW:  10    0.50 INCH OR MORE:   2
MIN  0 OR BELOW:   0    1.00 INCH OR MORE:   1

[HDD (BASE 65) ]
TOTAL THIS MO.   425    CLEAR  (SCALE 0-3)  14
DPTR FM NORMAL   -59    PTCLDY (SCALE 4-7)  10
TOTAL FM JUL 1  5919    CLOUDY (SCALE 8-10)  3
DPTR FM NORMAL -1045

[CDD (BASE 65) ]
TOTAL THIS MO.     4
DPTR FM NORMAL     4    [PRESSURE DATA]
TOTAL FM JAN 1     4    HIGHEST SLP M ON M
DPTR FM NORMAL     4    LOWEST  SLP 29.41 ON 24

[REMARKS]
