000
CXUS52 KMFL 251000
CF6MIA
PRELIMINARY LOCAL CLIMATOLOGICAL DATA (WS FORM: F-6)

                                          STATION:   MIAMI
                                          MONTH:     JUNE
                                          YEAR:      2017
                                          LATITUDE:   25 49 N
                                          LONGITUDE:  80 17 W

  TEMPERATURE IN F:       :PCPN:    SNOW:  WIND      :SUNSHINE: SKY     :PK WND
================================================================================
1   2   3   4   5  6A  6B    7    8   9   10  11  12  13   14  15   16   17  18
                                     12Z  AVG MX 2MIN
DY MAX MIN AVG DEP HDD CDD  WTR  SNW DPTH SPD SPD DIR MIN PSBL S-S WX    SPD DR
================================================================================

 1  91  79  85   3   0  20 0.03  0.0    0  7.4 17 140   M    M   7        27 110
 2  85  74  80  -2   0  15 5.19  0.0    0  5.7 21  40  39    5  10 123    26  40
 3  85  76  81  -1   0  16 0.17  0.0    0  4.6 17 130  49    6   9 1      21 180
 4  87  76  82   0   0  17 0.66  0.0    0  6.1 13 140  39    5   9 13     18 140
 5  88  77  83   1   0  18 0.11  0.0    0  7.0 15 140  18    2   9 3      24 160
 6  85  74  80  -2   0  15 2.15  0.0    0  4.6 16 320   M    M  10 13     23 320
 7  86  72  79  -3   0  14 1.94  0.0    0  7.2 15 290  53    6   7 13     25 280
 8  92  75  84   2   0  19 0.33  0.0    0 10.9 26 250 285   35   7 13     35 240
 9  89  76  83   1   0  18 0.35  0.0    0  4.9 21 190 231   28   6 138    28 190
10  89  76  83   1   0  18    T  0.0    0  7.4 17  90 193   23  10 3      20 130
11  91  82  87   4   0  22    T  0.0    0 11.0 23 110 449   54   8 3      28 110
12  90  80  85   2   0  20 0.04  0.0    0 10.8 16  90 168   20   8 3      21  80
13  90  80  85   2   0  20    T  0.0    0  7.8 16 110 472   57   8        22 140
14  89  78  84   1   0  19 0.19  0.0    0  6.3 21 110 117   14   8 3      24 120
15  90  76  83   0   0  18 0.19  0.0    0  5.5 17 140 397   48   6 13     24 130
16  89  76  83   0   0  18 0.16  0.0    0  4.9 17 130 409   50   7 13     24 140
17  89  77  83   0   0  18 0.07  0.0    0  7.3 18 110 515   62   6 8      22 110
18  91  76  84   1   0  19 0.23  0.0    0  9.7 16 110   M    M   8        31 120
19  87  76  82  -1   0  17 1.48  0.0    0 10.9 28 120  15    2   9 13     37 110
20  90  82  86   3   0  21    T  0.0    0 14.6 24 110 403   49   7        31 120
21  91  79  85   2   0  20 0.01  0.0    0 12.3 23 120 290   35   7 8      30 120
22  90  79  85   2   0  20 0.00  0.0    0 11.8 18 110 610   74   6        24 100
23  90  82  86   3   0  21 0.00  0.0    0 11.2 17 110 625   76   5        27 130
24  91  82  87   4   0  22 0.00  0.0    0 10.6 17 110 683   83   6        24 150
================================================================================
SM 2135 1860         0 445 13.30     0.0 200.5         6060    183
================================================================================
AV 89.0 77.5                               8.4 FASTST  289  35   8    MAX(MPH)
                                 MISC ---->  # 28 120               # 37  110
================================================================================
NOTES:
# LAST OF SEVERAL OCCURRENCES

COLUMN 17 PEAK WIND IN M.P.H.

PRELIMINARY LOCAL CLIMATOLOGICAL DATA (WS FORM: F-6) , PAGE 2

                                          STATION:  MIAMI
                                          MONTH:    JUNE
                                          YEAR:     2017
                                          LATITUDE:   25 49 N
                                          LONGITUDE:  80 17 W

[TEMPERATURE DATA]      [PRECIPITATION DATA]       SYMBOLS USED IN COLUMN 16

AVERAGE MONTHLY: 83.2   TOTAL FOR MONTH:  13.30    1 = FOG OR MIST
DPTR FM NORMAL:   0.6   DPTR FM NORMAL:    5.57    2 = FOG REDUCING VISIBILITY
HIGHEST:    92 ON  8    GRTST 24HR  5.19 ON  2- 2      TO 1/4 MILE OR LESS
LOWEST:     72 ON  7                               3 = THUNDER
                        SNOW, ICE PELLETS, HAIL    4 = ICE PELLETS
                        TOTAL MONTH:   0.0 INCH    5 = HAIL
                        GRTST 24HR     0.0         6 = FREEZING RAIN OR DRIZZLE
                        GRTST DEPTH:   0           7 = DUSTSTORM OR SANDSTORM:
                                                       VSBY 1/2 MILE OR LESS
                                                   8 = SMOKE OR HAZE
[NO. OF DAYS WITH]      [WEATHER - DAYS WITH]      9 = BLOWING SNOW
                                                   X = TORNADO
MAX 32 OR BELOW:   0    0.01 INCH OR MORE:  17
MAX 90 OR ABOVE:  12    0.10 INCH OR MORE:  13
MIN 32 OR BELOW:   0    0.50 INCH OR MORE:   5
MIN  0 OR BELOW:   0    1.00 INCH OR MORE:   4

[HDD (BASE 65) ]
TOTAL THIS MO.     0    CLEAR  (SCALE 0-3)   0
DPTR FM NORMAL     0    PTCLDY (SCALE 4-7)  17
TOTAL FM JUL 1    17    CLOUDY (SCALE 8-10)  7
DPTR FM NORMAL  -111

[CDD (BASE 65) ]
TOTAL THIS MO.   445
DPTR FM NORMAL    22    [PRESSURE DATA]
TOTAL FM JAN 1  2149    HIGHEST SLP M ON M
DPTR FM NORMAL   370    LOWEST  SLP 29.79 ON M

[REMARKS]
