000
CXUS52 KMFL 241000
CF6MIA
PRELIMINARY LOCAL CLIMATOLOGICAL DATA (WS FORM: F-6)

                                          STATION:   MIAMI
                                          MONTH:     OCTOBER
                                          YEAR:      2014
                                          LATITUDE:   25 49 N
                                          LONGITUDE:  80 17 W

  TEMPERATURE IN F:       :PCPN:    SNOW:  WIND      :SUNSHINE: SKY     :PK WND
================================================================================
1   2   3   4   5  6A  6B    7    8   9   10  11  12  13   14  15   16   17  18
                                     12Z  AVG MX 2MIN
DY MAX MIN AVG DEP HDD CDD  WTR  SNW DPTH SPD SPD DIR MIN PSBL S-S WX    SPD DR
================================================================================

 1  93  78  86   4   0  21    T  0.0    0  6.5 20 350 628   88   5 3      25 340
 2  93  76  85   3   0  20 0.51  0.0    0  5.0 15 270 495   69   6 18     19 270
 3  94  78  86   4   0  21    T  0.0    0  2.8 21 360 523   73   5 3      30 360
 4  91  77  84   2   0  19    T  0.0    0  7.3 20 260 594   84   6        26 280
 5  85  72  79  -3   0  14 0.00  0.0    0  6.0 14 300 557   79   7        21 320
 6  87  71  79  -2   0  14 0.00  0.0    0  9.0 22  90 416   59   7        26  90
 7  85  73  79  -2   0  14 0.05  0.0    0  4.1 17  90 154   22   8 13     20  90
 8  88  74  81   0   0  16    T  0.0    0  6.1 15  80   M    M   9        19  80
 9  89  76  83   2   0  18 0.01  0.0    0  8.8 20  90 581   83   4        25  90
10  88  76  82   1   0  17    T  0.0    0  9.9 20  80 463   66   5        26  90
11  89  77  83   2   0  18 0.00  0.0    0  7.4 15  90 541   77   3        19  80
12  89  77  83   2   0  18 0.07  0.0    0 11.3 20  80 449   64   5 1      24  90
13  88  77  83   3   0  18    T  0.0    0 13.3 23  90 309   44   5        29 100
14  89  79  84   4   0  19 0.01  0.0    0  9.8 18 130   M    M   6        26 120
15  88  76  82   2   0  17 1.39  0.0    0  4.6 24 240 344   50   8 13     31 250
16  85  72  79  -1   0  14 0.00  0.0    0  7.1 15 340 661   95   2        21 310
17  84  69  77  -3   0  12 0.00  0.0    0  4.1 10 310   M    M   0        15 310
18  86  67  77  -3   0  12 0.00  0.0    0  3.6 12 120 661   96   1        17 150
19  86  70  78  -2   0  13 0.00  0.0    0  5.5 14 100 582   85   3        18 100
20  85  70  78  -1   0  13 0.04  0.0    0  5.1 13 150 256   37   6 1      21 170
21  80  75  78  -1   0  13 0.04  0.0    0  4.2 14 230   0    0  10 1      19 240
22  85  74  80   1   0  15 0.40  0.0    0  2.3 12  80  17    2  10 1      14  80
23  81  74  78  -1   0  13 0.22  0.0    0  6.9 15  60  58    9   9 1      22  20
================================================================================
SM 2008 1708         0 369  2.74     0.0 150.7         8289    130
================================================================================
AV 87.3 74.3                               6.6 FASTST  414  59   6    MAX(MPH)
                                 MISC ---->  # 24 240               # 31  250
================================================================================
NOTES:
# LAST OF SEVERAL OCCURRENCES

COLUMN 17 PEAK WIND IN M.P.H.

PRELIMINARY LOCAL CLIMATOLOGICAL DATA (WS FORM: F-6) , PAGE 2

                                          STATION:  MIAMI
                                          MONTH:    OCTOBER
                                          YEAR:     2014
                                          LATITUDE:   25 49 N
                                          LONGITUDE:  80 17 W

[TEMPERATURE DATA]      [PRECIPITATION DATA]       SYMBOLS USED IN COLUMN 16

AVERAGE MONTHLY: 80.8   TOTAL FOR MONTH:   2.74    1 = FOG OR MIST
DPTR FM NORMAL:   0.2   DPTR FM NORMAL:   -2.43    2 = FOG REDUCING VISIBILITY
HIGHEST:    94 ON  3    GRTST 24HR  1.39 ON 15-15      TO 1/4 MILE OR LESS
LOWEST:     67 ON 18                               3 = THUNDER
                        SNOW, ICE PELLETS, HAIL    4 = ICE PELLETS
                        TOTAL MONTH:   0.0 INCH    5 = HAIL
                        GRTST 24HR     0.0         6 = FREEZING RAIN OR DRIZZLE
                        GRTST DEPTH:   0           7 = DUSTSTORM OR SANDSTORM:
                                                       VSBY 1/2 MILE OR LESS
                                                   8 = SMOKE OR HAZE
[NO. OF DAYS WITH]      [WEATHER - DAYS WITH]      9 = BLOWING SNOW
                                                   X = TORNADO
MAX 32 OR BELOW:   0    0.01 INCH OR MORE:  10
MAX 90 OR ABOVE:   4    0.10 INCH OR MORE:   4
MIN 32 OR BELOW:   0    0.50 INCH OR MORE:   2
MIN  0 OR BELOW:   0    1.00 INCH OR MORE:   1

[HDD (BASE 65) ]
TOTAL THIS MO.     0    CLEAR  (SCALE 0-3)   5
DPTR FM NORMAL     0    PTCLDY (SCALE 4-7)  14
TOTAL FM JUL 1     0    CLOUDY (SCALE 8-10)  4
DPTR FM NORMAL     0

[CDD (BASE 65) ]
TOTAL THIS MO.   369
DPTR FM NORMAL    12    [PRESSURE DATA]
TOTAL FM JAN 1  4198    HIGHEST SLP M ON M
DPTR FM NORMAL   229    LOWEST  SLP 29.83 ON  4

[REMARKS]
