000
CXUS53 KMPX 301000
CF6MIC
PRELIMINARY LOCAL CLIMATOLOGICAL DATA (WS FORM: F-6)

                                          STATION:   MINNEAPOLIS CRYSTAL MN
                                          MONTH:     AUGUST
                                          YEAR:      2015
                                          LATITUDE:   45  4 N
                                          LONGITUDE:  93 21 W

  TEMPERATURE IN F:       :PCPN:    SNOW:  WIND      :SUNSHINE: SKY     :PK WND
================================================================================
1   2   3   4   5  6A  6B    7    8   9   10  11  12  13   14  15   16   17  18
                                     12Z  AVG MX 2MIN
DY MAX MIN AVG DEP HDD CDD  WTR  SNW DPTH SPD SPD DIR MIN PSBL S-S WX    SPD DR
================================================================================

 1  86  62  74   1   0   9    T    M    M  6.0 16 220   M    M   2        23 210
 2  85  65  75   2   0  10 0.00    M    M 12.1 23 320   M    M   2        30 320
 3  80  60  70  -3   0   5 0.00    M    M 10.0 20 280   M    M   2        25 300
 4  83  53  68  -5   0   3 0.00    M    M  5.5 16 270   M    M   1 8      19 280
 5  83  57  70  -3   0   5 0.00    M    M  2.9  9 160   M    M   2 1      12 150
 6  74  62  68  -5   0   3 0.54    M    M  7.0 14 180   M    M   6 1      22 180
 7  84  68  76   3   0  11 0.18    M    M  8.6 18 190   M    M   6 1      25 170
 8  82  68  75   2   0  10    T    M    M  7.7 14 140   M    M   4        18 160
 9  80  68  74   1   0   9 0.51    M    M  2.8 23 290   M    M   4 13     28 280
10  82  66  74   2   0   9 0.00    M    M  7.4 17 330   M    M   2 1      23 320
11  83  60  72   0   0   7 0.00    M    M  4.6 13  10   M    M   1        19  70
12  86  60  73   1   0   8 0.00    M    M  6.5 16 220   M    M   0        21 180
13  85  71  78   6   0  13 0.12    M    M  7.5 25 230   M    M   1        32 240
14  93  67  80   8   0  15 0.00    M    M  3.7 13 260   M    M   0 1      19 170
15  90  71  81   9   0  16 0.00    M    M  8.7 17 190   M    M   0        27 170
16  82  69  76   4   0  11 0.07    M    M  7.8 14 180   M    M   5        21 220
17  75  62  69  -3   0   4 0.13    M    M  5.6 10  30   M    M   6         M  M
18  67  60  64  -8   1   0 0.76    M    M  7.2 16  60   M    M   9 1      23  60
19  67  57  62  -9   3   0 0.11    M    M 10.8 21 300   M    M  10 18     29 310
20  75  54  65  -6   0   0 0.00    M    M  9.3 20 290   M    M   2        25 290
21  81  56  69  -2   0   4 0.00    M    M 11.5 23 190   M    M   1        30 180
22  83  63  73   2   0   8 0.42    M    M 16.1 30 160   M    M   7 18     43 160
23  70  58  64  -6   1   0    T    M    M 16.6 24 270   M    M   8        37 280
24  69  55  62  -8   3   0 0.00    M    M 15.0 29 310   M    M   7        39 290
25  76  53  65  -5   0   0 0.00    M    M  9.7 16 320   M    M   2        24 300
26  77  48  63  -7   2   0 0.00  0.0    0  1.9  8 260   M    M   0 1      12 150
27  78  59  69   0   0   4 0.00    M    M  7.6 17 160   M    M   4        23 150
28  78  58  68  -1   0   3 0.00    M    M  7.4 18 160   M    M   2        23 160
29  75  54  65  -4   0   0 0.00    M  999  3.6  9 200   M    M   0 1      16 170
================================================================================
SM 2309 1764        10 167  2.84     0.0 231.1          M       96
================================================================================
AV 79.6 60.8                               8.0 FASTST   M    M   3    MAX(MPH)
                                 MISC ---->  # 30 160               # 43  160
================================================================================
NOTES:
# LAST OF SEVERAL OCCURRENCES

COLUMN 17 PEAK WIND IN M.P.H.

PRELIMINARY LOCAL CLIMATOLOGICAL DATA (WS FORM: F-6) , PAGE 2

                                          STATION:  MINNEAPOLIS CRYSTAL MN
                                          MONTH:    AUGUST
                                          YEAR:     2015
                                          LATITUDE:   45  4 N
                                          LONGITUDE:  93 21 W

[TEMPERATURE DATA]      [PRECIPITATION DATA]       SYMBOLS USED IN COLUMN 16

AVERAGE MONTHLY: 70.2   TOTAL FOR MONTH:   2.84    1 = FOG OR MIST
DPTR FM NORMAL:  -1.4   DPTR FM NORMAL:   -0.76    2 = FOG REDUCING VISIBILITY
HIGHEST:    93 ON 14    GRTST 24HR  0.84 ON 18-19      TO 1/4 MILE OR LESS
LOWEST:     48 ON 26                               3 = THUNDER
                        SNOW, ICE PELLETS, HAIL    4 = ICE PELLETS
                        TOTAL MONTH:   0.0 INCH    5 = HAIL
                        GRTST 24HR     0.0         6 = FREEZING RAIN OR DRIZZLE
                        GRTST DEPTH: 999 ON 29     7 = DUSTSTORM OR SANDSTORM:
                                                       VSBY 1/2 MILE OR LESS
                                                   8 = SMOKE OR HAZE
[NO. OF DAYS WITH]      [WEATHER - DAYS WITH]      9 = BLOWING SNOW
                                                   X = TORNADO
MAX 32 OR BELOW:   0    0.01 INCH OR MORE:   9
MAX 90 OR ABOVE:   2    0.10 INCH OR MORE:   8
MIN 32 OR BELOW:   0    0.50 INCH OR MORE:   3
MIN  0 OR BELOW:   0    1.00 INCH OR MORE:   0

[HDD (BASE 65) ]
TOTAL THIS MO.    10    CLEAR  (SCALE 0-3)  17
DPTR FM NORMAL     5    PTCLDY (SCALE 4-7)   9
TOTAL FM JUL 1    13    CLOUDY (SCALE 8-10)  3
DPTR FM NORMAL     2

[CDD (BASE 65) ]
TOTAL THIS MO.   167
DPTR FM NORMAL   -33    [PRESSURE DATA]
TOTAL FM JAN 1   631    HIGHEST SLP M ON M
DPTR FM NORMAL     8    LOWEST  SLP 29.44 ON 19

[REMARKS]
