000
CXUS53 KIND 290730
CF6MIE
PRELIMINARY LOCAL CLIMATOLOGICAL DATA (WS FORM: F-6)

                                          STATION:   MUNCIE IN
                                          MONTH:     DECEMBER
                                          YEAR:      2014
                                          LATITUDE:   40 13 N
                                          LONGITUDE:  85 23 W

  TEMPERATURE IN F:       :PCPN:    SNOW:  WIND      :SUNSHINE: SKY     :PK WND
================================================================================
1   2   3   4   5  6A  6B    7    8   9   10  11  12  13   14  15   16   17  18
                                     12Z  AVG MX 2MIN
DY MAX MIN AVG DEP HDD CDD  WTR  SNW DPTH SPD SPD DIR MIN PSBL S-S WX    SPD DR
================================================================================

 1  40  25  33  -3  32   0 0.00    M    M 13.0 20  10   M    M   5 1      26 340
 2  33  25  29  -6  36   0    T    M    M  8.5 16 100   M    M   8 168    24 310
 3  41  26  34  -1  31   0    T    M    M 10.4 21 270   M    M   4 18     27 260
 4  38  23  31  -3  34   0 0.00    M    M  4.7  9 110   M    M   6         M  M
 5  41  35  38   4  27   0 0.62    M    M  6.0 13  40   M    M  10 1      16  40
 6  40  30  35   1  30   0 0.25    M    M 12.5 22  20   M    M   9 18     26  20
 7  36  26  31  -2  34   0 0.00    M    M  9.7 17 100   M    M   0        20 100
 8  43  34  39   6  26   0 0.02    M    M  7.6 14 190   M    M   4 18     21 210
 9  40  34  37   5  28   0 0.00    M    M 10.9 18  10   M    M  10 1      22 340
10  36  30  33   1  32   0 0.00    M    M  9.8 15 350   M    M  10        18 340
11  33  25  29  -3  36   0 0.00    M    M  9.4 17 270   M    M   3 1      20 290
12  36  24  30  -1  35   0 0.00    M    M 10.1 17 300   M    M   4 18     22 280
13  48  34  41  10  24   0 0.00    M    M  8.1 15 260   M    M  10 18     19 270
14  50  41  46  15  19   0 0.00    M    M  6.5 12 190   M    M   9 18     19 190
15  46  38  42  12  23   0 0.07    M    M  9.5 17 140   M    M   8 18     23 180
16  48  32  40  10  25   0 0.16    M    M 13.8 25 270   M    M  10 1      37 270
17  33  24  29  -1  36   0    T    M    M 12.6 20 270   M    M   9 1      29 260
18  28  25  27  -3  38   0 0.00    M    M  4.6 10 340   M    M  10 18     13 300
19  31  25  28  -2  37   0 0.00    M    M  3.3  9 280   M    M  10 18     13 280
20  32  24  28  -1  37   0 0.00    M    M  0.3  6 270   M    M   9 18      8 260
21  37  21  29   0  36   0 0.00    M    M  5.3 12 130   M    M   3 18     19 130
22  47  25  36   7  29   0    T    M    M  8.4 15 150   M    M   7 18     21 150
23  57  46  52  23  13   0 0.09    M    M  7.4 15 220   M    M  10 1      23 190
24  47  37  42  14  23   0 0.42    M    M 11.9 24 270   M    M  10 1      33 280
25  39  35  37   9  28   0 0.01    M    M 12.1 23 270   M    M   8 1      30 260
26  50  34  42  14  23   0 0.00    M    M 10.9 20 210   M    M   1        26 210
27  48  34  41  13  24   0 0.19    M    M 11.4 20 310   M    M  10 1      28 220
28  34  25  30   2  35   0    T    M    M  7.4 14 320   M    M   9 1      19 320
================================================================================
SM 1132  837       831   0  1.83    M    246.1          M      206
================================================================================
AV 40.4 29.9                               8.8 FASTST   M    M   7    MAX(MPH)
                                 MISC ---->  # 25 270               # 37  270
================================================================================
NOTES:
# LAST OF SEVERAL OCCURRENCES

COLUMN 17 PEAK WIND IN M.P.H.

PRELIMINARY LOCAL CLIMATOLOGICAL DATA (WS FORM: F-6) , PAGE 2

                                          STATION:  MUNCIE IN
                                          MONTH:    DECEMBER
                                          YEAR:     2014
                                          LATITUDE:   40 13 N
                                          LONGITUDE:  85 23 W

[TEMPERATURE DATA]      [PRECIPITATION DATA]       SYMBOLS USED IN COLUMN 16

AVERAGE MONTHLY: 35.2   TOTAL FOR MONTH:   1.83    1 = FOG OR MIST
DPTR FM NORMAL:   4.1   DPTR FM NORMAL:   -0.80    2 = FOG REDUCING VISIBILITY
HIGHEST:    57 ON 23    GRTST 24HR  0.87 ON  5- 6      TO 1/4 MILE OR LESS
LOWEST:     21 ON 21                               3 = THUNDER
                        SNOW, ICE PELLETS, HAIL    4 = ICE PELLETS
                        TOTAL MONTH:    M          5 = HAIL
                        GRTST 24HR    M  ON   M    6 = FREEZING RAIN OR DRIZZLE
                        GRTST DEPTH:  M  ON   M    7 = DUSTSTORM OR SANDSTORM:
                                                       VSBY 1/2 MILE OR LESS
                                                   8 = SMOKE OR HAZE
[NO. OF DAYS WITH]      [WEATHER - DAYS WITH]      9 = BLOWING SNOW
                                                   X = TORNADO
MAX 32 OR BELOW:   3    0.01 INCH OR MORE:   9
MAX 90 OR ABOVE:   0    0.10 INCH OR MORE:   5
MIN 32 OR BELOW:  17    0.50 INCH OR MORE:   1
MIN  0 OR BELOW:   0    1.00 INCH OR MORE:   0

[HDD (BASE 65) ]
TOTAL THIS MO.   831    CLEAR  (SCALE 0-3)   3
DPTR FM NORMAL  -120    PTCLDY (SCALE 4-7)   9
TOTAL FM JUL 1  2184    CLOUDY (SCALE 8-10) 16
DPTR FM NORMAL    98

[CDD (BASE 65) ]
TOTAL THIS MO.     0
DPTR FM NORMAL     0    [PRESSURE DATA]
TOTAL FM JAN 1   831    HIGHEST SLP M ON M
DPTR FM NORMAL  -125    LOWEST  SLP 29.47 ON 24

[REMARKS]
