000
CXUS53 KMKX 280800
CF6MKE
PRELIMINARY LOCAL CLIMATOLOGICAL DATA (WS FORM: F-6)

                                          STATION:   MILWAUKEE WI
                                          MONTH:     JULY
                                          YEAR:      2014
                                          LATITUDE:   42 57 N
                                          LONGITUDE:  87 54 W

  TEMPERATURE IN F:       :PCPN:    SNOW:  WIND      :SUNSHINE: SKY     :PK WND
================================================================================
1   2   3   4   5  6A  6B    7    8   9   10  11  12  13   14  15   16   17  18
                                     12Z  AVG MX 2MIN
DY MAX MIN AVG DEP HDD CDD  WTR  SNW DPTH SPD SPD DIR MIN PSBL S-S WX    SPD DR
================================================================================

 1  80  66  73   2   0   8 0.01  0.0    0 13.3 24 250   M    M   6        33 260
 2  66  53  60 -11   5   0 0.05  0.0    0  9.0 22  20   M    M   8 18     27  20
 3  73  57  65  -6   0   0 0.00  0.0    0  4.9 12  50   M    M   5        14  40
 4  72  56  64  -7   1   0 0.00  0.0    0  5.5 12 140   M    M   3 8      15 120
 5  78  56  67  -4   0   2 0.00  0.0    0 10.0 22 200   M    M   6 8      28 200
 6  82  62  72   0   0   7 0.07  0.0    0 11.3 20 200   M    M   7 3      25 240
 7  86  73  80   8   0  15    T  0.0    0  9.7 18 290   M    M   5 1      23 250
 8  81  66  74   2   0   9 0.61  0.0    0 13.1 24 300   M    M   6 13     32 290
 9  75  56  66  -6   0   1 0.00  0.0    0  5.5 17 270   M    M   4 18     23 290
10  71  57  64  -8   1   0 0.00  0.0    0  7.2 16 140   M    M   2        20 140
11  80  59  70  -2   0   5    T  0.0    0  7.9 20 140   M    M   6 8      22 140
12  77  67  72   0   0   7 0.99  0.0    0  7.4 17 240   M    M   9 138    22 240
13  84  65  75   3   0  10    T  0.0    0  9.1 20 280   M    M   4 8      27 280
14  79  59  69  -3   0   4 0.00  0.0    0  8.4 20 310   M    M   5 3      27 320
15  69  54  62 -10   3   0 0.15  0.0    0  9.2 20 340   M    M   7 38     26 340
16  71  55  63  -9   2   0 0.00  0.0    0  5.6 12 310   M    M   6        15  80
17  75  58  67  -5   0   2 0.00  0.0    0  6.3 16 140   M    M   4        18 140
18  74  57  66  -6   0   1 0.00  0.0    0  6.5 17 130   M    M   3        21 130
19  77  57  67  -5   0   2 0.00  0.0    0  5.8 17 140   M    M   4        21 140
20  80  59  70  -2   0   5 0.00  0.0    0  6.5 15 140   M    M   5        21 150
21  84  64  74   2   0   9 0.00  0.0    0  9.2 17 150   M    M   2 8      21 190
22  89  63  76   4   0  11 0.01  0.0    0 13.5 23  20   M    M   5 3      30  30
23  69  57  63  -9   2   0 0.00  0.0    0 11.8 20  20   M    M   2        26  30
24  71  55  63  -9   2   0 0.00  0.0    0  6.7 12 130   M    M   2        15 120
25  75  59  67  -5   0   2    T  0.0    0  9.7 18 210   M    M   6        23 190
26  82  63  73   1   0   8 0.00  0.0    0  5.8 16 270   M    M   6        21 270
27  84  62  73   1   0   8 0.30  0.0    0 10.8 31 330   M    M   6 13     39 320
================================================================================
SM 2084 1615        16 116  2.19     0.0 229.7          M      134
================================================================================
AV 77.2 59.8                               8.5 FASTST   M    M   5    MAX(MPH)
                                 MISC ---->  # 31 330               # 39  320
================================================================================
NOTES:
# LAST OF SEVERAL OCCURRENCES

COLUMN 17 PEAK WIND IN M.P.H.

PRELIMINARY LOCAL CLIMATOLOGICAL DATA (WS FORM: F-6) , PAGE 2

                                          STATION:  MILWAUKEE WI
                                          MONTH:    JULY
                                          YEAR:     2014
                                          LATITUDE:   42 57 N
                                          LONGITUDE:  87 54 W

[TEMPERATURE DATA]      [PRECIPITATION DATA]       SYMBOLS USED IN COLUMN 16

AVERAGE MONTHLY: 68.5   TOTAL FOR MONTH:   2.19    1 = FOG OR MIST
DPTR FM NORMAL:  -3.3   DPTR FM NORMAL:   -1.03    2 = FOG REDUCING VISIBILITY
HIGHEST:    89 ON 22    GRTST 24HR  0.99 ON 12-12      TO 1/4 MILE OR LESS
LOWEST:     53 ON  2                               3 = THUNDER
                        SNOW, ICE PELLETS, HAIL    4 = ICE PELLETS
                        TOTAL MONTH:   0.0 INCH    5 = HAIL
                        GRTST 24HR     0.0         6 = FREEZING RAIN OR DRIZZLE
                        GRTST DEPTH:   0           7 = DUSTSTORM OR SANDSTORM:
                                                       VSBY 1/2 MILE OR LESS
                                                   8 = SMOKE OR HAZE
[NO. OF DAYS WITH]      [WEATHER - DAYS WITH]      9 = BLOWING SNOW
                                                   X = TORNADO
MAX 32 OR BELOW:   0    0.01 INCH OR MORE:   8
MAX 90 OR ABOVE:   0    0.10 INCH OR MORE:   4
MIN 32 OR BELOW:   0    0.50 INCH OR MORE:   2
MIN  0 OR BELOW:   0    1.00 INCH OR MORE:   0

[HDD (BASE 65) ]
TOTAL THIS MO.    16    CLEAR  (SCALE 0-3)   6
DPTR FM NORMAL    12    PTCLDY (SCALE 4-7)  19
TOTAL FM JUL 1    16    CLOUDY (SCALE 8-10)  2
DPTR FM NORMAL    12

[CDD (BASE 65) ]
TOTAL THIS MO.   116
DPTR FM NORMAL   -72    [PRESSURE DATA]
TOTAL FM JAN 1   224    HIGHEST SLP M ON M
DPTR FM NORMAL  -114    LOWEST  SLP 29.58 ON  7

[REMARKS]
