000
CXUS53 KGRR 301017
CF6MKG
PRELIMINARY LOCAL CLIMATOLOGICAL DATA (WS FORM: F-6)

                                          STATION:   MUSKEGON MI
                                          MONTH:     OCTOBER
                                          YEAR:      2014
                                          LATITUDE:   43 10 N
                                          LONGITUDE:  86 14 W

  TEMPERATURE IN F:       :PCPN:    SNOW:  WIND      :SUNSHINE: SKY     :PK WND
================================================================================
1   2   3   4   5  6A  6B    7    8   9   10  11  12  13   14  15   16   17  18
                                     12Z  AVG MX 2MIN
DY MAX MIN AVG DEP HDD CDD  WTR  SNW DPTH SPD SPD DIR MIN PSBL S-S WX    SPD DR
================================================================================

 1  63  53  58   2   7   0 0.00  0.0    0  6.4 15 120   M    M   9 8      20 110
 2  71  56  64   8   1   0 0.28  0.0    0 10.1 17 130   M    M   9 18     22 180
 3  67  48  58   3   7   0 0.93  0.0    0 16.1 35 320   M    M  10 1      44 320
 4  49  43  46  -9  19   0 0.33  0.0    0 13.6 23 290   M    M   9        32 290
 5  54  47  51  -3  14   0    T  0.0    0 12.8 23 230   M    M   9        29 240
 6  59  48  54   0  11   0 0.15  0.0    0  7.2 20 240   M    M   8 13     27 240
 7  62  51  57   3   8   0    T  0.0    0 13.3 25 200   M    M   7        31 200
 8  60  41  51  -2  14   0 0.00  0.0    0 12.8 21 270   M    M   M        33 270
 9  55  37  46  -7  19   0 0.00  0.0    0  7.4 16 290   M    M   2        22 270
10  57  34  46  -7  19   0 0.00  0.0    0  4.8 15 290   M    M   5 1      18 290
11  57  32  45  -7  20   0 0.00  0.0    0  3.6 13 220   M    M   1 1      17 230
12  63  34  49  -3  16   0 0.00  0.0    0  8.8 18 140   M    M   4        23 130
13  71  51  61   9   4   0 0.12  0.0    0  8.2 20 150   M    M  10 1238   26 140
14  70  56  63  12   2   0 0.54  0.0    0  8.8 22 170   M    M   8 1      29 170
15  66  55  61  10   4   0 0.21  0.0    0  5.9 12 140   M    M   9 1      14 140
16  57  54  56   6   9   0 0.05  0.0    0  6.4 18 220   M    M  10 18     23 220
17  59  47  53   3  12   0    T  0.0    0 14.4 23 340   M    M   9 1      32 290
18  49  36  43  -7  22   0 0.04  0.0    0 11.4 22 330   M    M   8 1      27 320
19  55  29  42  -8  23   0 0.03  0.0    0  9.8 23 220   M    M   6        29 220
20  60  48  54   5  11   0 0.01  0.0    0  9.4 21 330   M    M   8 1      25 330
21  56  37  47  -2  18   0    T  0.0    0  9.3 17  20   M    M   7 1      26 350
22  54  29  42  -7  23   0 0.00  0.0    0  3.5 10 270   M    M   0        13 280
23  57  30  44  -4  21   0 0.00  0.0    0  5.3 16 210   M    M   5 128    21 220
24  56  46  51   3  14   0 0.00  0.0    0  5.6 13 240   M    M  10 128    16 230
25  63  48  56   8   9   0 0.00  0.0    0 12.7 21 300   M    M   4 18     32 300
26  56  36  46  -1  19   0 0.00  0.0    0  5.9 15 320   M    M   1        23 320
27  75  38  57  10   8   0    T  0.0    0 14.0 28 200   M    M   7        38 210
28  68  50  59  12   6   0    T  0.0    0 16.9 29 200   M    M   7        38 200
29  51  44  48   2  17   0 0.01    M    0 10.4 24 290   0    0   0        33 290
================================================================================
SM 1740 1258       377   0  2.70     0.0 274.8            0    182
================================================================================
AV 60.0 43.4                               9.5 FASTST    0   0   7    MAX(MPH)
                                 MISC ---->  # 35 320               # 44  320
================================================================================
NOTES:
# LAST OF SEVERAL OCCURRENCES

COLUMN 17 PEAK WIND IN M.P.H.

PRELIMINARY LOCAL CLIMATOLOGICAL DATA (WS FORM: F-6) , PAGE 2

                                          STATION:  MUSKEGON MI
                                          MONTH:    OCTOBER
                                          YEAR:     2014
                                          LATITUDE:   43 10 N
                                          LONGITUDE:  86 14 W

[TEMPERATURE DATA]      [PRECIPITATION DATA]       SYMBOLS USED IN COLUMN 16

AVERAGE MONTHLY: 51.7   TOTAL FOR MONTH:   2.70    1 = FOG OR MIST
DPTR FM NORMAL:   0.7   DPTR FM NORMAL:   -0.20    2 = FOG REDUCING VISIBILITY
HIGHEST:    75 ON 27    GRTST 24HR  1.04 ON  2- 3      TO 1/4 MILE OR LESS
LOWEST:     29 ON 22,19                            3 = THUNDER
                        SNOW, ICE PELLETS, HAIL    4 = ICE PELLETS
                        TOTAL MONTH:   0.0 INCH    5 = HAIL
                        GRTST 24HR     0.0         6 = FREEZING RAIN OR DRIZZLE
                        GRTST DEPTH:   0           7 = DUSTSTORM OR SANDSTORM:
                                                       VSBY 1/2 MILE OR LESS
                                                   8 = SMOKE OR HAZE
[NO. OF DAYS WITH]      [WEATHER - DAYS WITH]      9 = BLOWING SNOW
                                                   X = TORNADO
MAX 32 OR BELOW:   0    0.01 INCH OR MORE:  12
MAX 90 OR ABOVE:   0    0.10 INCH OR MORE:   7
MIN 32 OR BELOW:   4    0.50 INCH OR MORE:   2
MIN  0 OR BELOW:   0    1.00 INCH OR MORE:   0

[HDD (BASE 65) ]
TOTAL THIS MO.   377    CLEAR  (SCALE 0-3)   5
DPTR FM NORMAL   -35    PTCLDY (SCALE 4-7)  13
TOTAL FM JUL 1   581    CLOUDY (SCALE 8-10) 10
DPTR FM NORMAL    -4

[CDD (BASE 65) ]
TOTAL THIS MO.     0
DPTR FM NORMAL    -2    [PRESSURE DATA]
TOTAL FM JAN 1   442    HIGHEST SLP  0.00 ON 29
DPTR FM NORMAL  -121    LOWEST  SLP 29.35 ON  3

[REMARKS]
