000
CXUS54 KFWD 010730
CF6MKN
PRELIMINARY LOCAL CLIMATOLOGICAL DATA (WS FORM: F-6)

                                          STATION:   COMANCHE
                                          MONTH:     APRIL
                                          YEAR:      2016
                                          LATITUDE:   31 55 N
                                          LONGITUDE:  98 36 W

  TEMPERATURE IN F:       :PCPN:    SNOW:  WIND      :SUNSHINE: SKY     :PK WND
================================================================================
1   2   3   4   5  6A  6B    7    8   9   10  11  12  13   14  15   16   17  18
                                     12Z  AVG MX 2MIN
DY MAX MIN AVG DEP HDD CDD  WTR  SNW DPTH SPD SPD DIR MIN PSBL S-S WX    SPD DR
================================================================================

 1  63  43  53   M  12   0    T  0.0    0  9.7 17 340   M    M   6        28  30
 2  69  41  55   M  10   0 0.00  0.0    0  7.7 13 330   M    M   0        22 360
 3  77  43  60   M   5   0 0.00  0.0    0  6.9 15 200   M    M   0        21 220
 4  85  55  70   M   0   5 0.00  0.0    0  8.3 13 240   M    M   0        21 250
 5  85  58  72   M   0   7 0.00  0.0    0 12.9 20 160   M    M   0        29 180
 6  76  56  66   M   0   1 0.00  0.0    0 10.9 22  10   M    M   0        33 310
 7  86  54  70   M   0   5 0.00  0.0    0  7.9 14 240   M    M   0        21 230
 8  74  53  64   M   1   0 0.00  0.0    0  6.4 12  90   M    M   1        16 130
 9  65  47  56   M   9   0 0.29  0.0    0  5.9 16 150   M    M   6 3      21 150
10  78  56  67   M   0   2 0.00  0.0    0 14.9 21 180   M    M   6        33 190
11  87  62  75   M   0  10 0.00  0.0    0 10.4 16 270   M    M   3        23 250
12  64  55  60   M   5   0 0.04  0.0    0  8.4 13  10   M    M  10 1      20  30
13  66  54  60   M   5   0 0.00  0.0    0  4.8  9 100   M    M   8 1       M  M
14  73  52  63   M   2   0 0.00  0.0    0  2.8  8 120   M    M   5 1       M  M
15  78  52  65   M   0   0 0.00  0.0    0 10.0 15 130   M    M   5 1      24 110
16  71  60  66   M   0   1 0.06  0.0    0 12.8 18 150   M    M  10        30 150
17  69  59  64   M   1   0 0.55  0.0    0  8.0 15 140   M    M  10 13     23 140
18  65  58  62   M   3   0 0.12  0.0    0  7.8 12 340   M    M  10 1      17  10
19  76  60  68   M   0   3 0.08  0.0    0  4.9 10 110   M    M   8 13      M  M
20  74  58  66   M   0   1    M  0.0    0  4.7 15  20   M    M   7 13      M  M
21  75  55  65   M   0   0 0.04  0.0    0  7.9 15 350   M    M   5 3      28 350
22  78  51  65   M   0   0 0.00  0.0    0  3.5 10  10   M    M   1         M  M
23  80  54  67   M   0   2 0.00  0.0    0  5.7 10 140   M    M   0         M  M
24  80  58  69   M   0   4 0.00  0.0    0 11.3 18 190   M    M   3        27 180
25  88  65  77   M   0  12 0.00  0.0    0 11.2 16 200   M    M   5        25 200
26  85  60  73   M   0   8    M  0.0    0 12.8 23 250   M    M   8 3      33 250
27  80  59  70   M   0   5 0.00  0.0    0  5.8 13 280   M    M   0        22 270
28  83  54  69   M   0   4 0.00  0.0    0 10.1 20 140   M    M   2        25 140
29  82  64  73   M   0   8 0.01  0.0    0  8.5 16 200   M    M   7 13     28 200
30  75  53  64   M   1   0 0.00  0.0    0  5.9 13 330   M    M   2        20 330
================================================================================
SM 2287 1649        54  78  1.19     0.0 248.8          M      128
================================================================================
AV 76.2 55.0                               8.3 FASTST   M    M   4    MAX(MPH)
                                 MISC ---->  # 23 250                 33    M
================================================================================
NOTES:
# LAST OF SEVERAL OCCURRENCES

COLUMN 17 PEAK WIND IN M.P.H.

PRELIMINARY LOCAL CLIMATOLOGICAL DATA (WS FORM: F-6) , PAGE 2

                                          STATION:  COMANCHE
                                          MONTH:    APRIL
                                          YEAR:     2016
                                          LATITUDE:   31 55 N
                                          LONGITUDE:  98 36 W

[TEMPERATURE DATA]      [PRECIPITATION DATA]       SYMBOLS USED IN COLUMN 16

AVERAGE MONTHLY: 65.6   TOTAL FOR MONTH:   1.19    1 = FOG OR MIST
DPTR FM NORMAL:     M   DPTR FM NORMAL:   -1.31    2 = FOG REDUCING VISIBILITY
HIGHEST:    88 ON 25    GRTST 24HR  0.55 ON 17-17      TO 1/4 MILE OR LESS
LOWEST:     41 ON  2                               3 = THUNDER
                        SNOW, ICE PELLETS, HAIL    4 = ICE PELLETS
                        TOTAL MONTH:   0.0 INCH    5 = HAIL
                        GRTST 24HR     0.0         6 = FREEZING RAIN OR DRIZZLE
                        GRTST DEPTH:   0           7 = DUSTSTORM OR SANDSTORM:
                                                       VSBY 1/2 MILE OR LESS
                                                   8 = SMOKE OR HAZE
[NO. OF DAYS WITH]      [WEATHER - DAYS WITH]      9 = BLOWING SNOW
                                                   X = TORNADO
MAX 32 OR BELOW:   0    0.01 INCH OR MORE:   8
MAX 90 OR ABOVE:   0    0.10 INCH OR MORE:   3
MIN 32 OR BELOW:   0    0.50 INCH OR MORE:   1
MIN  0 OR BELOW:   0    1.00 INCH OR MORE:   0

[HDD (BASE 65) ]
TOTAL THIS MO.    54    CLEAR  (SCALE 0-3)  14
DPTR FM NORMAL     M    PTCLDY (SCALE 4-7)  12
TOTAL FM JUL 1  1539    CLOUDY (SCALE 8-10)  4
DPTR FM NORMAL     M

[CDD (BASE 65) ]
TOTAL THIS MO.    78
DPTR FM NORMAL     M    [PRESSURE DATA]
TOTAL FM JAN 1   121    HIGHEST SLP M ON M
DPTR FM NORMAL     M    LOWEST  SLP M ON M

[REMARKS]
#FINAL-04-16#
