000
CXUS54 KTSA 290840
CF6MKO
PRELIMINARY LOCAL CLIMATOLOGICAL DATA (WS FORM: F-6)

                                          STATION:   MUSKOGEE OKLAHOMA
                                          MONTH:     MAY
                                          YEAR:      2015
                                          LATITUDE:   35 40 N
                                          LONGITUDE:  95 22 W

  TEMPERATURE IN F:       :PCPN:    SNOW:  WIND      :SUNSHINE: SKY     :PK WND
================================================================================
1   2   3   4   5  6A  6B    7    8   9   10  11  12  13   14  15   16   17  18
                                     12Z  AVG MX 2MIN
DY MAX MIN AVG DEP HDD CDD  WTR  SNW DPTH SPD SPD DIR MIN PSBL S-S WX    SPD DR
================================================================================

 1  78  47  63  -1   2   0 0.00  0.0    0  3.9 15 120   M    M   0        20 120
 2  81  51  66   2   0   1 0.00  0.0    0  8.0 15 180   M    M   0        20 170
 3  82  57  70   5   0   5 0.00  0.0    0 10.2 24 190   M    M   0        30 160
 4  83  60  72   7   0   7 0.00  0.0    0  7.9 17 190   M    M   1        24 180
 5  82  57  70   5   0   5 0.36  0.0    0  9.7 23 170   M    M   5 13     30 150
 6  80  60  70   4   0   5 0.88  0.0    0 11.0 22 170   M    M   6 1      30 190
 7  83  62  73   7   0   8 1.62  0.0    0  8.1 31 130   M    M   3 13     39 130
 8  77  63  70   4   0   5 1.35  0.0    0  6.8 26 170   M    M   7 13     34 130
 9  73  63  68   2   0   3 0.86  0.0    0 10.6 31 110   M    M   7 13     41 120
10  77  62  70   3   0   5 0.52  0.0    0 11.9 35 130   M    M   5 13     43 120
11  70  50  60  -7   5   0 0.00  0.0    0  8.1 22 350   M    M   1        30 350
12  72  49  61  -6   4   0 0.00  0.0    0  4.6 13  30   M    M   0        17  30
13  69  52  61  -6   4   0 0.22  0.0    0 14.0 23 130   M    M   8 1      31 130
14  82  59  71   3   0   6 0.07  0.0    0 10.6 22 200   M    M   7 1      28 200
15  77  66  72   4   0   7 0.09  0.0    0  8.0 21 130   M    M   4 13     27 130
16  84  63  74   6   0   9 1.02  0.0    0 11.7 25 240   M    M   5 138    39 290
17  80  64  72   4   0   7 0.24  0.0    0 10.4 21 140   M    M   2 13     26 200
18  87  62  75   6   0  10 0.00  0.0    0  4.5 13  20   M    M   3 12     16  20
19  78  62  70   1   0   5 0.80  0.0    0 10.6 25 140   M    M   4 13     32 130
20  69  56  63  -6   2   0 0.05  0.0    0 12.4 23 140   M    M   8 3      35 140
21  67  52  60 -10   5   0    T  0.0    0  7.2 14  30   M    M   6        19 360
22  62  51  57 -13   8   0 0.10  0.0    0  8.4 20 120   M    M   6 1      25 120
23  77  59  68  -2   0   3 1.14  0.0    0 13.8 30 180   M    M   8 13     40 200
24  71  62  67  -3   0   2 1.68  0.0    0  6.9 16 270   M    M   8 13     19 270
25  82  62  72   1   0   7 0.61  0.0    0  8.8 24 190   M    M   6 123    35 170
26  81  60  71   0   0   6    T  0.0    0  8.7 33 310   M    M   5 3      47 300
27  84  60  72   1   0   7    T  0.0    0  5.5 37 350   M    M   1 3      51 340
28  80  65  73   1   0   8 0.63  0.0    0  7.6 18 250   M    M   2 13     22 260
================================================================================
SM 2168 1636        30 121 12.24     0.0 249.9          M      118
================================================================================
AV 77.4 58.4                               8.9 FASTST   M    M   4    MAX(MPH)
                                 MISC ---->  # 37 350               # 51  340
================================================================================
NOTES:
# LAST OF SEVERAL OCCURRENCES

COLUMN 17 PEAK WIND IN M.P.H.

PRELIMINARY LOCAL CLIMATOLOGICAL DATA (WS FORM: F-6) , PAGE 2

                                          STATION:  MUSKOGEE OKLAHOMA
                                          MONTH:    MAY
                                          YEAR:     2015
                                          LATITUDE:   35 40 N
                                          LONGITUDE:  95 22 W

[TEMPERATURE DATA]      [PRECIPITATION DATA]       SYMBOLS USED IN COLUMN 16

AVERAGE MONTHLY: 67.9   TOTAL FOR MONTH:  12.24    1 = FOG OR MIST
DPTR FM NORMAL:   0.1   DPTR FM NORMAL:    6.75    2 = FOG REDUCING VISIBILITY
HIGHEST:    87 ON 18    GRTST 24HR  2.73 ON 23-24      TO 1/4 MILE OR LESS
LOWEST:     47 ON  1                               3 = THUNDER
                        SNOW, ICE PELLETS, HAIL    4 = ICE PELLETS
                        TOTAL MONTH:   0.0 INCH    5 = HAIL
                        GRTST 24HR     0.0         6 = FREEZING RAIN OR DRIZZLE
                        GRTST DEPTH:   0           7 = DUSTSTORM OR SANDSTORM:
                                                       VSBY 1/2 MILE OR LESS
                                                   8 = SMOKE OR HAZE
[NO. OF DAYS WITH]      [WEATHER - DAYS WITH]      9 = BLOWING SNOW
                                                   X = TORNADO
MAX 32 OR BELOW:   0    0.01 INCH OR MORE:  18
MAX 90 OR ABOVE:   0    0.10 INCH OR MORE:  15
MIN 32 OR BELOW:   0    0.50 INCH OR MORE:  11
MIN  0 OR BELOW:   0    1.00 INCH OR MORE:   5

[HDD (BASE 65) ]
TOTAL THIS MO.    30    CLEAR  (SCALE 0-3)  10
DPTR FM NORMAL    -7    PTCLDY (SCALE 4-7)  16
TOTAL FM JUL 1  3568    CLOUDY (SCALE 8-10)  2
DPTR FM NORMAL    68

[CDD (BASE 65) ]
TOTAL THIS MO.   121
DPTR FM NORMAL     3    [PRESSURE DATA]
TOTAL FM JAN 1   197    HIGHEST SLP M ON M
DPTR FM NORMAL    29    LOWEST  SLP 29.73 ON 25

[REMARKS]
