000
CXUS53 KMPX 251000
CF6MKT
PRELIMINARY LOCAL CLIMATOLOGICAL DATA (WS FORM: F-6)

                                          STATION:   MANKATO MN
                                          MONTH:     JUNE
                                          YEAR:      2017
                                          LATITUDE:   44 13 N
                                          LONGITUDE:  93 55 W

  TEMPERATURE IN F:       :PCPN:    SNOW:  WIND      :SUNSHINE: SKY     :PK WND
================================================================================
1   2   3   4   5  6A  6B    7    8   9   10  11  12  13   14  15   16   17  18
                                     12Z  AVG MX 2MIN
DY MAX MIN AVG DEP HDD CDD  WTR  SNW DPTH SPD SPD DIR MIN PSBL S-S WX    SPD DR
================================================================================

 1  80  50  65   1   0   0 0.00    M    M  4.4 13 120   M    M   0         M  M
 2  91  58  75  11   0  10    T    M    M 10.9 16 210   M    M   1 3      22 210
 3  90  70  80  16   0  15 0.00    M    M 11.8 18 340   M    M   1        25 230
 4  89  60  75  10   0  10 0.00    M    M  8.4 16 290   M    M   0        21  20
 5  81  60  71   6   0   6 0.00    M    M  9.2 16  60   M    M   0        17  70
 6  82  57  70   5   0   5 0.00    M    M  6.6 12 130   M    M   0         M  M
 7  87  60  74   8   0   9    T    M    M 10.5 15 160   M    M   3 3      23 190
 8  84  66  75   9   0  10 0.00    M    M  9.5 16  10   M    M   1        28 340
 9  91  59  75   9   0  10 0.00    M    M  5.3 16 180   M    M   1         M  M
10  94  72  83  16   0  18 0.00    M    M 18.7 30 230   M    M   2        45 200
11  80  62  71   4   0   6 1.03    M    M  6.8 13  80   M    M   7 13      M  M
12  76  65  71   4   0   6 0.76    M    M  7.6 14  40   M    M   6 13      M  M
13  90  66  78  10   0  13 0.18    M    M 14.5 27 160   M    M   3 3      36 160
14  83  65  74   6   0   9 0.05  0.0    0 10.5 22 150   M    M   3 3      36 190
15  86  64  75   7   0  10 0.00    M    M  9.4 15 260   M    M   1        22 250
16  85  67  76   8   0  11 0.02    M    M  5.5 12 230   M    M   3 3       M  M
17  80  61  71   2   0   6 0.20    M    M  6.2 12 300   M    M   5 123     M  M
18  73  58  66  -3   0   1 0.02    M    M 12.7 17 310   M    M   8 3      23 310
19  74  56  65  -4   0   0    T    M    M 11.1 21 300   M    M   4 3      32 290
20  75  57  66  -3   0   1 0.00    M    M  7.5 15 350   M    M   2        21 320
21  77  58  68  -2   0   3 0.20    M    M 10.8 16 150   M    M   2 13     21 160
22  75  59  67  -3   0   2 0.90    M    M  7.9 14 360   M    M   7 13      M  M
23  69  56  63  -7   2   0 0.01    M    M 13.6 24 300   M    M   4        32 280
24  66  50  58 -12   7   0    T    M    M 13.1 23 310   M    M   4 3      32 280
================================================================================
SM 1958 1456         9 161  3.37     0.0 232.5          M       68
================================================================================
AV 81.6 60.7                               9.7 FASTST   M    M   3    MAX(MPH)
                                 MISC ---->  # 30 230               # 45  200
================================================================================
NOTES:
# LAST OF SEVERAL OCCURRENCES

COLUMN 17 PEAK WIND IN M.P.H.

PRELIMINARY LOCAL CLIMATOLOGICAL DATA (WS FORM: F-6) , PAGE 2

                                          STATION:  MANKATO MN
                                          MONTH:    JUNE
                                          YEAR:     2017
                                          LATITUDE:   44 13 N
                                          LONGITUDE:  93 55 W

[TEMPERATURE DATA]      [PRECIPITATION DATA]       SYMBOLS USED IN COLUMN 16

AVERAGE MONTHLY: 71.1   TOTAL FOR MONTH:   3.37    1 = FOG OR MIST
DPTR FM NORMAL:   3.9   DPTR FM NORMAL:   -0.70    2 = FOG REDUCING VISIBILITY
HIGHEST:    94 ON 10    GRTST 24HR  1.03 ON 11-11      TO 1/4 MILE OR LESS
LOWEST:     50 ON 24, 1                            3 = THUNDER
                        SNOW, ICE PELLETS, HAIL    4 = ICE PELLETS
                        TOTAL MONTH:   0.0 INCH    5 = HAIL
                        GRTST 24HR     0.0         6 = FREEZING RAIN OR DRIZZLE
                        GRTST DEPTH:   0           7 = DUSTSTORM OR SANDSTORM:
                                                       VSBY 1/2 MILE OR LESS
                                                   8 = SMOKE OR HAZE
[NO. OF DAYS WITH]      [WEATHER - DAYS WITH]      9 = BLOWING SNOW
                                                   X = TORNADO
MAX 32 OR BELOW:   0    0.01 INCH OR MORE:  10
MAX 90 OR ABOVE:   5    0.10 INCH OR MORE:   6
MIN 32 OR BELOW:   0    0.50 INCH OR MORE:   3
MIN  0 OR BELOW:   0    1.00 INCH OR MORE:   1

[HDD (BASE 65) ]
TOTAL THIS MO.     9    CLEAR  (SCALE 0-3)  15
DPTR FM NORMAL   -39    PTCLDY (SCALE 4-7)   8
TOTAL FM JUL 1  6522    CLOUDY (SCALE 8-10)  1
DPTR FM NORMAL -1289

[CDD (BASE 65) ]
TOTAL THIS MO.   161
DPTR FM NORMAL    59    [PRESSURE DATA]
TOTAL FM JAN 1   190    HIGHEST SLP M ON M
DPTR FM NORMAL    44    LOWEST  SLP M ON M

[REMARKS]
