000
CXUS55 KDVN 241100
CF6MLI
PRELIMINARY LOCAL CLIMATOLOGICAL DATA (WS FORM: F-6)

                                          STATION:   MOLINE IL
                                          MONTH:     DECEMBER
                                          YEAR:      2014
                                          LATITUDE:   41 27 N
                                          LONGITUDE:  90 31 W

  TEMPERATURE IN F:       :PCPN:    SNOW:  WIND      :SUNSHINE: SKY     :PK WND
================================================================================
1   2   3   4   5  6A  6B    7    8   9   10  11  12  13   14  15   16   17  18
                                     12Z  AVG MX 2MIN
DY MAX MIN AVG DEP HDD CDD  WTR  SNW DPTH SPD SPD DIR MIN PSBL S-S WX    SPD DR
================================================================================

 1  21  12  17 -15  48   0 0.00  0.0    0  9.4 20 340   M    M   0        24 340
 2  32  11  22  -9  43   0 0.00  0.0    0  6.2 14 230   M    M   3        18 220
 3  37  20  29  -2  36   0 0.00  0.0    0  7.0 16 310   M    M   0        21 300
 4  34  20  27  -3  38   0 0.00  0.0    0  7.7 14 100   M    M   6 18     16 100
 5  39  32  36   6  29   0 0.01  0.0    0  5.3 10 120   M    M  10 18     13 140
 6  42  23  33   3  32   0 0.00  0.0    0  7.5 14  60   M    M   5 18     18  30
 7  36  22  29   0  36   0    T  0.0    0  8.0 16 130   M    M   1 18     20 120
 8  40  31  36   7  29   0 0.04  0.0    0 12.4 28 300   M    M  10 18     35 300
 9  37  28  33   5  32   0 0.00  0.0    0  6.9 18 310   M    M  10        25 310
10  34  27  31   3  34   0 0.00  0.0    0  4.1 10  80   M    M  10 8      12  60
11  35  20  28   0  37   0 0.00  0.0    0  4.1 12 250   M    M   6 18     13 250
12  38  22  30   3  35   0 0.00  0.0    0  2.0 10 260   M    M   8 18     12 260
13  51  25  38  11  27   0 0.00  0.0    0  3.5 10 210   M    M   7 18     15 210
14  53  46  50  23  15   0 0.00  0.0    0  6.9 12 160   M    M  10 1      16 150
15  49  46  48  22  17   0 0.18  0.0    0 10.4 21 140   M    M  10 1      27 150
16  47  21  34   8  31   0 0.07  0.0    0 17.3 29 300   M    M  10 1      37 310
17  29  18  24  -2  41   0 0.00  0.0    0  8.5 21 310   M    M   5        25 300
18  30  16  23  -3  42   0 0.00  0.0    0  2.0  8 350   M    M   4         9  10
19  32  15  24  -1  41   0 0.00  0.0    0  2.7  9  90   M    M   4 18     10  80
20  34  29  32   7  33   0 0.00  0.0    0  5.5 10 160   M    M  10 18     13 160
21  41  34  38  13  27   0    T  0.0    0 10.4 17 160   M    M  10 18     23 160
22  42  35  39  14  26   0 0.26  0.0    0 10.2 20 110   M    M  10 18     25 100
23  46  38  42  18  23   0 0.13  0.0    0 10.0 20 250   M    M  10 1      28 220
================================================================================
SM  879  591       752   0  0.69     0.0 168.0          M      159
================================================================================
AV 38.2 25.7                               7.3 FASTST   M    M   7    MAX(MPH)
                                 MISC ---->  # 29 300               # 37  310
================================================================================
NOTES:
# LAST OF SEVERAL OCCURRENCES

COLUMN 17 PEAK WIND IN M.P.H.

PRELIMINARY LOCAL CLIMATOLOGICAL DATA (WS FORM: F-6) , PAGE 2

                                          STATION:  MOLINE IL
                                          MONTH:    DECEMBER
                                          YEAR:     2014
                                          LATITUDE:   41 27 N
                                          LONGITUDE:  90 31 W

[TEMPERATURE DATA]      [PRECIPITATION DATA]       SYMBOLS USED IN COLUMN 16

AVERAGE MONTHLY: 32.0   TOTAL FOR MONTH:   0.69    1 = FOG OR MIST
DPTR FM NORMAL:   4.3   DPTR FM NORMAL:   -1.03    2 = FOG REDUCING VISIBILITY
HIGHEST:    53 ON 14    GRTST 24HR  0.39 ON 22-23      TO 1/4 MILE OR LESS
LOWEST:     11 ON  2                               3 = THUNDER
                        SNOW, ICE PELLETS, HAIL    4 = ICE PELLETS
                        TOTAL MONTH:   0.0 INCH    5 = HAIL
                        GRTST 24HR     0.0         6 = FREEZING RAIN OR DRIZZLE
                        GRTST DEPTH:   0           7 = DUSTSTORM OR SANDSTORM:
                                                       VSBY 1/2 MILE OR LESS
                                                   8 = SMOKE OR HAZE
[NO. OF DAYS WITH]      [WEATHER - DAYS WITH]      9 = BLOWING SNOW
                                                   X = TORNADO
MAX 32 OR BELOW:   5    0.01 INCH OR MORE:   6
MAX 90 OR ABOVE:   0    0.10 INCH OR MORE:   3
MIN 32 OR BELOW:  18    0.50 INCH OR MORE:   0
MIN  0 OR BELOW:   0    1.00 INCH OR MORE:   0

[HDD (BASE 65) ]
TOTAL THIS MO.   752    CLEAR  (SCALE 0-3)   4
DPTR FM NORMAL  -108    PTCLDY (SCALE 4-7)   7
TOTAL FM JUL 1  2257    CLOUDY (SCALE 8-10) 12
DPTR FM NORMAL   166

[CDD (BASE 65) ]
TOTAL THIS MO.     0
DPTR FM NORMAL     0    [PRESSURE DATA]
TOTAL FM JAN 1   839    HIGHEST SLP M ON M
DPTR FM NORMAL  -165    LOWEST  SLP 29.45 ON 23

[REMARKS]
