000
CXUS55 KBYZ 311055
CF6MLS
PRELIMINARY LOCAL CLIMATOLOGICAL DATA (WS FORM: F-6)

                                          STATION:   MILES CITY MT
                                          MONTH:     MAY
                                          YEAR:      2016
                                          LATITUDE:   46 25 N
                                          LONGITUDE: 105 53 W

  TEMPERATURE IN F:       :PCPN:    SNOW:  WIND      :SUNSHINE: SKY     :PK WND
================================================================================
1   2   3   4   5  6A  6B    7    8   9   10  11  12  13   14  15   16   17  18
                                     12Z  AVG MX 2MIN
DY MAX MIN AVG DEP HDD CDD  WTR  SNW DPTH SPD SPD DIR MIN PSBL S-S WX    SPD DR
================================================================================

 1  64  34  49  -2  16   0 0.00    M    M  3.8 10 180   M    M   0        14 330
 2  73  38  56   4   9   0 0.00    M    M  8.6 21 330   M    M   1        30 360
 3  79  46  63  11   2   0 0.00    M    M  6.7 15 250   M    M   0        18 320
 4  86  49  68  16   0   3 0.00    M    M  9.3 17 150   M    M   0        21 160
 5  88  53  71  19   0   6 0.00    M    M  7.8 15 150   M    M   0 8      17 230
 6  71  50  61   8   4   0 0.00    M    M 14.4 26  30   M    M   0 8      31  30
 7  73  45  59   6   6   0 0.00    M    M  6.8 17  70   M    M   6 8      22  70
 8  77  46  62   9   3   0 0.00    M    M 12.8 24 160   M    M   0 8      32 150
 9  73  48  61   7   4   0 0.24    M    M 10.0 24  10   M    M   4 1      29  10
10  48  35  42 -12  23   0 0.47    M    M 29.7 43 260   M    M  10 1      56 270
11  54  34  44 -10  21   0 0.13    M    M 21.7 37 310   M    M   9 18     47 300
12  67  33  50  -5  15   0 0.06    M    M 10.4 30  20   M    M   2 18     38  10
13  49  33  41 -14  24   0 0.11    M    M 10.8 23 340   M    M   6 1      28 350
14  57  29  43 -12  22   0 0.00    M    M  3.4 12  50   M    M   0        14  60
15  66  37  52  -4  13   0 0.00    M    M  7.6 18 130   M    M   0        22 160
16  71  44  58   2   7   0 0.00    M    M  8.8 18  90   M    M   1        28  60
17  74  42  58   2   7   0 0.00    M    M 10.4 23 170   M    M   0        30 170
18  78  45  62   6   3   0 0.00    M    M  7.2 15 160   M    M   0        17 170
19  84  54  69  12   0   4 0.00    M    M  8.3 17 320   M    M   2        23 320
20  80  59  70  13   0   5 0.00    M    M 10.5 25 320   M    M   0        36 310
21  83  54  69  12   0   4 0.17    M    M 15.6 32 290   M    M   2 13     43 290
22  71  51  61   3   4   0 0.01    M    M  8.6 30 260   M    M   3        37 270
23  71  44  58   0   7   0    T    M    M 12.5 32 250   M    M   2        41 240
24  71  47  59   1   6   0 0.08    M    M  6.8 20 320   M    M   5        24  10
25  67  50  59   0   6   0 0.25    M    M  5.6 26 270   M    M   8 13     34 280
26  67  48  58  -1   7   0 0.03    M    M  9.7 24 260   M    M   5 3      29 260
27  69  49  59   0   6   0 0.01    M    M  5.1 14  30   M    M   7        16  40
28  73  50  62   2   3   0    T    M    M  8.7 17 280   M    M   6        24 310
29  79  45  62   2   3   0 0.00    M    M  5.1 15 270   M    M   0        20 290
30  67  49  58  -2   7   0 0.39    M    M 14.7 35 320   M    M   6 13     40 320
================================================================================
SM 2130 1341       228  22  1.95    M    301.4          M       85
================================================================================
AV 71.0 44.7                              10.0 FASTST   M    M   3    MAX(MPH)
                                 MISC ---->  # 43 260               # 56  270
================================================================================
NOTES:
# LAST OF SEVERAL OCCURRENCES

COLUMN 17 PEAK WIND IN M.P.H.

PRELIMINARY LOCAL CLIMATOLOGICAL DATA (WS FORM: F-6) , PAGE 2

                                          STATION:  MILES CITY MT
                                          MONTH:    MAY
                                          YEAR:     2016
                                          LATITUDE:   46 25 N
                                          LONGITUDE: 105 53 W

[TEMPERATURE DATA]      [PRECIPITATION DATA]       SYMBOLS USED IN COLUMN 16

AVERAGE MONTHLY: 57.8   TOTAL FOR MONTH:   1.95    1 = FOG OR MIST
DPTR FM NORMAL:   2.1   DPTR FM NORMAL:   -0.14    2 = FOG REDUCING VISIBILITY
HIGHEST:    88 ON  5    GRTST 24HR  0.58 ON  9-10      TO 1/4 MILE OR LESS
LOWEST:     29 ON 14                               3 = THUNDER
                        SNOW, ICE PELLETS, HAIL    4 = ICE PELLETS
                        TOTAL MONTH:    M          5 = HAIL
                        GRTST 24HR    M  ON   M    6 = FREEZING RAIN OR DRIZZLE
                        GRTST DEPTH:  M  ON   M    7 = DUSTSTORM OR SANDSTORM:
                                                       VSBY 1/2 MILE OR LESS
                                                   8 = SMOKE OR HAZE
[NO. OF DAYS WITH]      [WEATHER - DAYS WITH]      9 = BLOWING SNOW
                                                   X = TORNADO
MAX 32 OR BELOW:   0    0.01 INCH OR MORE:  12
MAX 90 OR ABOVE:   0    0.10 INCH OR MORE:   7
MIN 32 OR BELOW:   1    0.50 INCH OR MORE:   0
MIN  0 OR BELOW:   0    1.00 INCH OR MORE:   0

[HDD (BASE 65) ]
TOTAL THIS MO.   228    CLEAR  (SCALE 0-3)  19
DPTR FM NORMAL   -68    PTCLDY (SCALE 4-7)   8
TOTAL FM JUL 1  6083    CLOUDY (SCALE 8-10)  3
DPTR FM NORMAL -1459

[CDD (BASE 65) ]
TOTAL THIS MO.    22
DPTR FM NORMAL     5    [PRESSURE DATA]
TOTAL FM JAN 1    24    HIGHEST SLP M ON M
DPTR FM NORMAL     6    LOWEST  SLP 29.45 ON 21

[REMARKS]
