000
CXUS55 KBYZ 241056
CF6MLS
PRELIMINARY LOCAL CLIMATOLOGICAL DATA (WS FORM: F-6)

                                          STATION:   MILES CITY MT
                                          MONTH:     FEBRUARY
                                          YEAR:      2018
                                          LATITUDE:   46 25 N
                                          LONGITUDE: 105 53 W

  TEMPERATURE IN F:       :PCPN:    SNOW:  WIND      :SUNSHINE: SKY     :PK WND
================================================================================
1   2   3   4   5  6A  6B    7    8   9   10  11  12  13   14  15   16   17  18
                                     12Z  AVG MX 2MIN
DY MAX MIN AVG DEP HDD CDD  WTR  SNW DPTH SPD SPD DIR MIN PSBL S-S WX    SPD DR
================================================================================

 1  12  -8   2 -19  63   0    T    M    M  6.2 13 330   M    M   7 1      13 150
 2  31   9  20  -1  45   0 0.13    M    M  3.4 16  20   M    M   9 16     17  20
 3  33  -3  15  -7  50   0 0.06    M    M 14.3 28 330   M    M  10 126    31 310
 4   9 -19  -5 -27  70   0 0.04    M    M  8.1 17  50   M    M   5 1      19  50
 5  11  -8   2 -20  63   0 0.02    M    M  7.7 18 320   M    M   6 1      21 360
 6  13 -13   0 -22  65   0    T    M    M  6.6 20 330   M    M   6 1      23 330
 7  19   7  13  -9  52   0 0.07    M    M  5.5 12  20   M    M   9 1      12  20
 8  15  -1   7 -15  58   0 0.13    M    M 15.5 29  40   M    M  10 12     33  40
 9   1 -19  -9 -32  74   0 0.01    M    M  6.6 14  30   M    M   7 1      15  30
10  -3 -26 -14 -37  79   0 0.00    M    M  6.1 13 250   M    M   0 18     16 220
11  13  -8   3 -20  62   0    T    M    M  8.7 18  20   M    M   9 18     21  20
12   1 -12  -5 -28  70   0    T    M    M  8.2 14  40   M    M   4 1      15  40
13  23 -13   5 -19  60   0    T    M    M  8.3 14 150   M    M   0 1      16 150
14  39  15  27   3  38   0    T    M    M  8.4 16 170   M    M   5 1      18 160
15  30  -9  11 -13  54   0    T    M    M 12.9 29 360   M    M   7 19     35 360
16  29  -8  11 -13  54   0 0.06    M    M  6.9 15 270   M    M   4 1      19 270
17  24  12  18  -7  47   0 0.01    M    M  8.3 16 340   M    M   9 18     21 340
18  19   2  11 -14  54   0    T    M    M 13.5 24  30   M    M  10 18     27  30
19   5  -2   2 -23  63   0 0.01    M    M  5.9 13  40   M    M  10 1      14  40
20   1 -15  -7 -33  72   0    T    M    M  6.3 14 250   M    M   1 1      15 250
21   3 -18  -7 -33  72   0 0.00    M    M  6.1 14 160   M    M   0        19 150
22   2 -22 -10 -36  75   0 0.00    M    M  5.7 15 290   M    M   0        16 280
23   6 -19  -6 -33  71   0 0.00    M    M  8.8 17 150   M    M   0 1      20 150
================================================================================
SM  336 -178      1411   0  0.54    M    188.0          M      128
================================================================================
AV 14.6 -7.7                               8.2 FASTST   M    M   6    MAX(MPH)
                                 MISC ---->  # 29  40               # 35  360
================================================================================
NOTES:
# LAST OF SEVERAL OCCURRENCES

COLUMN 17 PEAK WIND IN M.P.H.

PRELIMINARY LOCAL CLIMATOLOGICAL DATA (WS FORM: F-6) , PAGE 2

                                          STATION:  MILES CITY MT
                                          MONTH:    FEBRUARY
                                          YEAR:     2018
                                          LATITUDE:   46 25 N
                                          LONGITUDE: 105 53 W

[TEMPERATURE DATA]      [PRECIPITATION DATA]       SYMBOLS USED IN COLUMN 16

AVERAGE MONTHLY:  3.4   TOTAL FOR MONTH:   0.54    1 = FOG OR MIST
DPTR FM NORMAL: -20.1   DPTR FM NORMAL:    0.36    2 = FOG REDUCING VISIBILITY
HIGHEST:    39 ON 14    GRTST 24HR  0.13 ON  8- 8      TO 1/4 MILE OR LESS
LOWEST:    -26 ON 10                               3 = THUNDER
                        SNOW, ICE PELLETS, HAIL    4 = ICE PELLETS
                        TOTAL MONTH:    M          5 = HAIL
                        GRTST 24HR    M  ON   M    6 = FREEZING RAIN OR DRIZZLE
                        GRTST DEPTH:  M  ON   M    7 = DUSTSTORM OR SANDSTORM:
                                                       VSBY 1/2 MILE OR LESS
                                                   8 = SMOKE OR HAZE
[NO. OF DAYS WITH]      [WEATHER - DAYS WITH]      9 = BLOWING SNOW
                                                   X = TORNADO
MAX 32 OR BELOW:  21    0.01 INCH OR MORE:  10
MAX 90 OR ABOVE:   0    0.10 INCH OR MORE:   2
MIN 32 OR BELOW:  23    0.50 INCH OR MORE:   0
MIN  0 OR BELOW:  18    1.00 INCH OR MORE:   0

[HDD (BASE 65) ]
TOTAL THIS MO.  1411    CLEAR  (SCALE 0-3)   6
DPTR FM NORMAL   460    PTCLDY (SCALE 4-7)   9
TOTAL FM JUL 1  6023    CLOUDY (SCALE 8-10)  8
DPTR FM NORMAL   476

[CDD (BASE 65) ]
TOTAL THIS MO.     0
DPTR FM NORMAL     0    [PRESSURE DATA]
TOTAL FM JAN 1     0    HIGHEST SLP M ON M
DPTR FM NORMAL     0    LOWEST  SLP 29.47 ON 18

[REMARKS]
