000
CXUS55 KBYZ 211055
CF6MLS
PRELIMINARY LOCAL CLIMATOLOGICAL DATA (WS FORM: F-6)

                                          STATION:   MILES CITY MT
                                          MONTH:     NOVEMBER
                                          YEAR:      2017
                                          LATITUDE:   46 25 N
                                          LONGITUDE: 105 53 W

  TEMPERATURE IN F:       :PCPN:    SNOW:  WIND      :SUNSHINE: SKY     :PK WND
================================================================================
1   2   3   4   5  6A  6B    7    8   9   10  11  12  13   14  15   16   17  18
                                     12Z  AVG MX 2MIN
DY MAX MIN AVG DEP HDD CDD  WTR  SNW DPTH SPD SPD DIR MIN PSBL S-S WX    SPD DR
================================================================================

 1  42  30  36  -4  29   0 0.10    M    M 13.4 24 330   M    M  10        29 330
 2  35  29  32  -7  33   0    T    M    M  7.1 12  90   M    M   9        15 340
 3  33  29  31  -8  34   0 0.08    M    M  8.1 14  60   M    M  10 1      15  40
 4  30   9  20 -18  45   0 0.01    M    M  8.9 23 330   M    M   6 1      28 330
 5  25   7  16 -22  49   0    T    M    M  9.1 16  20   M    M   8 1      19  20
 6  19   2  11 -26  54   0 0.01    M    M  8.1 15 340   M    M   8 12     18 330
 7  32   2  17 -20  48   0 0.00    M    M  6.5 13 270   M    M   0        16 250
 8  30  12  21 -15  44   0    T    M    M  4.8 16 340   M    M   6 1      19 340
 9  30  16  23 -13  42   0 0.00    M    M 12.5 23 130   M    M   7        28 140
10  48  21  35   0  30   0 0.00    M    M  6.9 18 140   M    M   2        22 140
11  38  21  30  -4  35   0    T    M    M  5.8 12 280   M    M   6 12     14 280
12  40  24  32  -2  33   0 0.00    M    M  6.4 13 160   M    M   4 12     15 160
13  55  27  41   8  24   0 0.00    M    M  6.4 12 160   M    M   0        12 160
14  43  25  34   1  31   0 0.00    M    M  8.0 18 300   M    M   4        25 260
15  38  18  28  -4  37   0 0.00    M    M  7.3 17 140   M    M   0        21 140
16  46  29  38   6  27   0    T    M    M  9.1 22 300   M    M   5        30 300
17  49  30  40   9  25   0 0.00    M    M  7.5 17 290   M    M   3        21 290
18  43  22  33   2  32   0 0.00    M    M  7.0 20 270   M    M   5        24 280
19  46  22  34   4  31   0 0.00    M    M  6.9 13 200   M    M   0        14 140
20  51  29  40  10  25   0 0.01    M    M 10.9 22 280   M    M   4 1      27 270
================================================================================
SM  773  404       708   0  0.21    M    160.7          M       97
================================================================================
AV 38.7 20.2                               8.0 FASTST   M    M   5    MAX(MPH)
                                 MISC ---->  # 24 330               # 30  300
================================================================================
NOTES:
# LAST OF SEVERAL OCCURRENCES

COLUMN 17 PEAK WIND IN M.P.H.

PRELIMINARY LOCAL CLIMATOLOGICAL DATA (WS FORM: F-6) , PAGE 2

                                          STATION:  MILES CITY MT
                                          MONTH:    NOVEMBER
                                          YEAR:     2017
                                          LATITUDE:   46 25 N
                                          LONGITUDE: 105 53 W

[TEMPERATURE DATA]      [PRECIPITATION DATA]       SYMBOLS USED IN COLUMN 16

AVERAGE MONTHLY: 29.4   TOTAL FOR MONTH:   0.21    1 = FOG OR MIST
DPTR FM NORMAL:  -5.3   DPTR FM NORMAL:   -0.08    2 = FOG REDUCING VISIBILITY
HIGHEST:    55 ON 13    GRTST 24HR  0.10 ON  1- 1      TO 1/4 MILE OR LESS
LOWEST:      2 ON  7, 6                            3 = THUNDER
                        SNOW, ICE PELLETS, HAIL    4 = ICE PELLETS
                        TOTAL MONTH:    M          5 = HAIL
                        GRTST 24HR    M  ON   M    6 = FREEZING RAIN OR DRIZZLE
                        GRTST DEPTH:  M  ON   M    7 = DUSTSTORM OR SANDSTORM:
                                                       VSBY 1/2 MILE OR LESS
                                                   8 = SMOKE OR HAZE
[NO. OF DAYS WITH]      [WEATHER - DAYS WITH]      9 = BLOWING SNOW
                                                   X = TORNADO
MAX 32 OR BELOW:   6    0.01 INCH OR MORE:   5
MAX 90 OR ABOVE:   0    0.10 INCH OR MORE:   1
MIN 32 OR BELOW:  20    0.50 INCH OR MORE:   0
MIN  0 OR BELOW:   0    1.00 INCH OR MORE:   0

[HDD (BASE 65) ]
TOTAL THIS MO.   708    CLEAR  (SCALE 0-3)   6
DPTR FM NORMAL   102    PTCLDY (SCALE 4-7)  10
TOTAL FM JUL 1  1503    CLOUDY (SCALE 8-10)  4
DPTR FM NORMAL    86

[CDD (BASE 65) ]
TOTAL THIS MO.     0
DPTR FM NORMAL     0    [PRESSURE DATA]
TOTAL FM JAN 1   985    HIGHEST SLP M ON M
DPTR FM NORMAL   255    LOWEST  SLP 29.40 ON 16

[REMARKS]
