000
CXUS56 KPQR 281200
CF6MMV
PRELIMINARY LOCAL CLIMATOLOGICAL DATA (WS FORM: F-6)

                                          STATION:   MCMINNVILLE OR
                                          MONTH:     APRIL
                                          YEAR:      2016
                                          LATITUDE:   45 11 N
                                          LONGITUDE: 123  8 W

  TEMPERATURE IN F:       :PCPN:    SNOW:  WIND      :SUNSHINE: SKY     :PK WND
================================================================================
1   2   3   4   5  6A  6B    7    8   9   10  11  12  13   14  15   16   17  18
                                     12Z  AVG MX 2MIN
DY MAX MIN AVG DEP HDD CDD  WTR  SNW DPTH SPD SPD DIR MIN PSBL S-S WX    SPD DR
================================================================================

 1  75  41  58  10   7   0 0.00  0.0    0  3.0 14 240   M    M   0 1      17 220
 2  69  42  56   8   9   0 0.00  0.0    0  3.9 10 220   M    M   1        14 230
 3  72  42  57   8   8   0 0.32    M    0  4.4 15 200   M    M   3 1      18 190
 4  58  44  51   2  14   0 0.14    M    0  9.1 21 260   M    M   4 1      29 260
 5  61  41  51   2  14   0 0.00  0.0    0  2.6  8 350   M    M   2        12 130
 6  74  37  56   7   9   0 0.00  0.0    0  4.4 12 340   M    M   0 1      15 360
 7  87  49  68  19   0   3 0.00  0.0    0  6.9 12 330   M    M   0        14 340
 8  79  47  63  14   2   0 0.00  0.0    0  5.6 16 230   M    M   0        19 230
 9  66  45  56   7   9   0 0.00  0.0    0  6.0 16 220   M    M   3 1      19 210
10  62  45  54   5  11   0 0.00  0.0    0  4.6 12 230   M    M   7        15 210
11  63  48  56   7   9   0 0.00  0.0    0  2.8 12 220   M    M   8        16 220
12  60  46  53   3  12   0 0.17    M    0  8.1 26 260   M    M  10 1      36 260
13  60  45  53   3  12   0 0.13    M    0  8.7 32 210   M    M   7 3      40 210
14  55  44  50   0  15   0 0.45    M    0 13.5 28 170   M    M   8 1      35 160
15  61  35  48  -2  17   0 0.00  0.0    0  2.6  8 180   M    M   3 12     11 170
16  70  39  55   5  10   0 0.00  0.0    0  2.5  9 330   M    M   2 1      10 330
17  84  48  66  16   0   1 0.00  0.0    0  9.2 15  30   M    M   0        19 360
18  88  53  71  21   0   6 0.00  0.0    0  5.9 10 230   M    M   0        12 350
19  83  48  66  16   0   1 0.00  0.0    0  2.9 14 220   M    M   0        18 220
20  77  49  63  12   2   0    T    M    0  5.0 17 210   M    M   0        22 210
21  75  45  60   9   5   0 0.61    M    0  4.0 20 280   M    M   3 13     23 280
22  67  47  57   6   8   0 0.50    M    0  6.4 21 220   M    M   7 1      27 240
23  63  45  54   3  11   0 0.04    M    0  7.4 17 250   M    M   7 1      25 250
24  56  42  49  -2  16   0 0.26    M    0  6.1 20 280   M    M   4 1      25 270
25  60  36  48  -4  17   0    T    M    0  3.3 13 300   M    M   5        16 310
26  58  35  47  -5  18   0 0.01    M    0  2.7 10 240   M    M   3        13 220
27  59  44  52   0  13   0 0.06    M    0  2.5  7 240   M    M  10         9  80
================================================================================
SM 1842 1182       248  11  2.69     0.0 144.1          M       97
================================================================================
AV 68.2 43.8                               5.3 FASTST   M    M   4    MAX(MPH)
                                 MISC ---->  # 32 210               # 40  210
================================================================================
NOTES:
# LAST OF SEVERAL OCCURRENCES

COLUMN 17 PEAK WIND IN M.P.H.

PRELIMINARY LOCAL CLIMATOLOGICAL DATA (WS FORM: F-6) , PAGE 2

                                          STATION:  MCMINNVILLE OR
                                          MONTH:    APRIL
                                          YEAR:     2016
                                          LATITUDE:   45 11 N
                                          LONGITUDE: 123  8 W

[TEMPERATURE DATA]      [PRECIPITATION DATA]       SYMBOLS USED IN COLUMN 16

AVERAGE MONTHLY: 56.0   TOTAL FOR MONTH:   2.69    1 = FOG OR MIST
DPTR FM NORMAL:   6.1   DPTR FM NORMAL:   -0.02    2 = FOG REDUCING VISIBILITY
HIGHEST:    88 ON 18    GRTST 24HR  1.11 ON 21-22      TO 1/4 MILE OR LESS
LOWEST:     35 ON 26,15                            3 = THUNDER
                        SNOW, ICE PELLETS, HAIL    4 = ICE PELLETS
                        TOTAL MONTH:   0.0 INCH    5 = HAIL
                        GRTST 24HR     0.0         6 = FREEZING RAIN OR DRIZZLE
                        GRTST DEPTH:   0           7 = DUSTSTORM OR SANDSTORM:
                                                       VSBY 1/2 MILE OR LESS
                                                   8 = SMOKE OR HAZE
[NO. OF DAYS WITH]      [WEATHER - DAYS WITH]      9 = BLOWING SNOW
                                                   X = TORNADO
MAX 32 OR BELOW:   0    0.01 INCH OR MORE:  11
MAX 90 OR ABOVE:   0    0.10 INCH OR MORE:   8
MIN 32 OR BELOW:   0    0.50 INCH OR MORE:   2
MIN  0 OR BELOW:   0    1.00 INCH OR MORE:   0

[HDD (BASE 65) ]
TOTAL THIS MO.   248    CLEAR  (SCALE 0-3)  14
DPTR FM NORMAL  -161    PTCLDY (SCALE 4-7)  10
TOTAL FM JUL 1  3496    CLOUDY (SCALE 8-10)  3
DPTR FM NORMAL  -864

[CDD (BASE 65) ]
TOTAL THIS MO.    11
DPTR FM NORMAL    11    [PRESSURE DATA]
TOTAL FM JAN 1    11    HIGHEST SLP M ON M
DPTR FM NORMAL    11    LOWEST  SLP 29.58 ON 22

[REMARKS]
