000
CXUS56 KPQR 301200
CF6MMV
PRELIMINARY LOCAL CLIMATOLOGICAL DATA (WS FORM: F-6)

                                          STATION:   MCMINNVILLE OR
                                          MONTH:     MARCH
                                          YEAR:      2015
                                          LATITUDE:   45 11 N
                                          LONGITUDE: 123  8 W

  TEMPERATURE IN F:       :PCPN:    SNOW:  WIND      :SUNSHINE: SKY     :PK WND
================================================================================
1   2   3   4   5  6A  6B    7    8   9   10  11  12  13   14  15   16   17  18
                                     12Z  AVG MX 2MIN
DY MAX MIN AVG DEP HDD CDD  WTR  SNW DPTH SPD SPD DIR MIN PSBL S-S WX    SPD DR
================================================================================

 1  57  30  44   0  21   0    T    M    0  3.1  9 340   M    M   1        11 340
 2  56  36  46   2  19   0 0.02    M    0  4.7 14 340   M    M   4        17 360
 3  58  29  44  -1  21   0 0.00  0.0    0  3.3 14  30   M    M   0 1      17  30
 4  59  27  43  -2  22   0 0.00  0.0    0  2.3  9 280   M    M   0         9 140
 5  61  31  46   1  19   0 0.00  0.0    0  0.8  6 320   M    M   0         7 100
 6  65  33  49   4  16   0 0.00  0.0    0  1.1  7 310   M    M   0 1       9 330
 7  71  33  52   7  13   0 0.00  0.0    0  2.1  9  10   M    M   0 12     11 360
 8  67  33  50   4  15   0 0.00  0.0    0  1.7  7 310   M    M   0         7 140
 9  68  35  52   6  13   0 0.00  0.0    0  1.1  6 290   M    M   2 12      7 320
10  61  35  48   2  17   0 0.00  0.0    0  3.1 13 250   M    M   3 128    14 240
11  59  49  54   8  11   0 0.16    M    0  4.9 16 210   M    M  10 1      23 210
12  68  47  58  12   7   0 0.00  0.0    0  3.2  9 340   M    M   4 1      14  40
13  63  46  55   9  10   0 0.09    M    0  4.0 15 200   M    M   2 1      20 190
14  58  52  55   9  10   0 1.37  0.0    0  8.3 25 200   M    M  10 1      35 200
15  60  42  51   4  14   0 0.96    M    0 12.7 40 200   M    M   8 1      50 190
16  64  38  51   4  14   0 0.00  0.0    0  5.3 12 340   M    M   3 12     14  10
17  59  38  49   2  16   0 0.01    M    0  3.5 15 230   M    M   5        19 220
18  63  42  53   6  12   0 0.00  0.0    0  1.7  7 130   M    M   4 1       9 120
19  66  38  52   5  13   0 0.00  0.0    0  2.4  9 120   M    M   0 1      11 120
20  62  42  52   5  13   0 0.17    M    0  6.3 18 200   M    M   4 18     23 180
21  60  44  52   5  13   0 0.03    M    0  8.7 20 210   M    M   4 1      26 200
22  57  42  50   2  15   0 0.04    M    0  4.1 16 200   M    M   7        20 200
23  54  45  50   2  15   0 0.64    M    0 11.7 25 150   M    M   9 1      31 220
24  57  43  50   2  15   0 0.11    M    0  7.0 28 250   M    M   6 1      36 250
25  63  49  56   8   9   0 0.09    M    0  5.8 18 200   M    M   8 1      22 210
26  72  39  56   8   9   0 0.00  0.0    0  1.6  7 330   M    M   2 12      9 330
27  66  43  55   7  10   0 0.01    M    0  6.6 20 260   M    M   6 12     24 250
28  61  45  53   5  12   0    T    M    0  6.6 13 210   M    M   4        20 210
29  67  40  54   6  11   0 0.00  0.0    0  2.7 10 220   M    M   1 1      11 220
================================================================================
SM 1802 1146       405   0  3.70     0.0 130.4          M      107
================================================================================
AV 62.1 39.5                               4.5 FASTST   M    M   4    MAX(MPH)
                                 MISC ---->  # 40 200               # 50  190
================================================================================
NOTES:
# LAST OF SEVERAL OCCURRENCES

COLUMN 17 PEAK WIND IN M.P.H.

PRELIMINARY LOCAL CLIMATOLOGICAL DATA (WS FORM: F-6) , PAGE 2

                                          STATION:  MCMINNVILLE OR
                                          MONTH:    MARCH
                                          YEAR:     2015
                                          LATITUDE:   45 11 N
                                          LONGITUDE: 123  8 W

[TEMPERATURE DATA]      [PRECIPITATION DATA]       SYMBOLS USED IN COLUMN 16

AVERAGE MONTHLY: 50.8   TOTAL FOR MONTH:   3.70    1 = FOG OR MIST
DPTR FM NORMAL:   4.3   DPTR FM NORMAL:   -0.09    2 = FOG REDUCING VISIBILITY
HIGHEST:    72 ON 26    GRTST 24HR  1.37 ON 14-14      TO 1/4 MILE OR LESS
LOWEST:     27 ON  4                               3 = THUNDER
                        SNOW, ICE PELLETS, HAIL    4 = ICE PELLETS
                        TOTAL MONTH:   0.0 INCH    5 = HAIL
                        GRTST 24HR     0.0         6 = FREEZING RAIN OR DRIZZLE
                        GRTST DEPTH:   0           7 = DUSTSTORM OR SANDSTORM:
                                                       VSBY 1/2 MILE OR LESS
                                                   8 = SMOKE OR HAZE
[NO. OF DAYS WITH]      [WEATHER - DAYS WITH]      9 = BLOWING SNOW
                                                   X = TORNADO
MAX 32 OR BELOW:   0    0.01 INCH OR MORE:  13
MAX 90 OR ABOVE:   0    0.10 INCH OR MORE:   6
MIN 32 OR BELOW:   4    0.50 INCH OR MORE:   3
MIN  0 OR BELOW:   0    1.00 INCH OR MORE:   1

[HDD (BASE 65) ]
TOTAL THIS MO.   405    CLEAR  (SCALE 0-3)  14
DPTR FM NORMAL  -134    PTCLDY (SCALE 4-7)  12
TOTAL FM JUL 1  2882    CLOUDY (SCALE 8-10)  3
DPTR FM NORMAL -1036

[CDD (BASE 65) ]
TOTAL THIS MO.     0
DPTR FM NORMAL     0    [PRESSURE DATA]
TOTAL FM JAN 1     0    HIGHEST SLP M ON M
DPTR FM NORMAL     0    LOWEST  SLP 29.66 ON 15

[REMARKS]
