000
CXUS56 KSTO 241425
CF6MOD
PRELIMINARY LOCAL CLIMATOLOGICAL DATA (WS FORM: F-6)

                                          STATION:   MODESTO CA
                                          MONTH:     NOVEMBER
                                          YEAR:      2017
                                          LATITUDE:   37 37 N
                                          LONGITUDE: 120 57 W

  TEMPERATURE IN F:       :PCPN:    SNOW:  WIND      :SUNSHINE: SKY     :PK WND
================================================================================
1   2   3   4   5  6A  6B    7    8   9   10  11  12  13   14  15   16   17  18
                                     12Z  AVG MX 2MIN
DY MAX MIN AVG DEP HDD CDD  WTR  SNW DPTH SPD SPD DIR MIN PSBL S-S WX    SPD DR
================================================================================

 1  71  45  58  -2   7   0 0.00  0.0    0  1.3  8  10   M    M   0 18     10  10
 2  64  48  56  -4   9   0 0.00  0.0    0  2.1  8 320   M    M   6 8       9 320
 3  69  56  63   3   2   0 0.01  0.0    0  5.4 15 120   M    M   8 18     20 120
 4  69  50  60   1   5   0    T  0.0    0  7.7 16 320   M    M   7        20 320
 5  63  42  53  -6  12   0 0.00  0.0    0  3.4 13 320   M    M   1        16 310
 6  66  39  53  -5  12   0 0.00  0.0    0  3.5 12 300   M    M   1 1      15 310
 7  66  42  54  -4  11   0 0.00  0.0    0  1.5  7 110   M    M   0        10 120
 8  66  45  56  -2   9   0 0.00  0.0    0  4.8 12 280   M    M   0 1      13 270
 9  69  56  63   6   2   0 0.12  0.0    0  4.8 16 300   M    M   6 1      18 290
10  72  49  61   4   4   0 0.00  0.0    0  4.0 18 320   M    M   2 1      22 330
11  68  49  59   2   6   0 0.00  0.0    0  4.6 10 320   M    M   1 12     13 340
12  68  47  58   2   7   0 0.00  0.0    0  0.8  8 320   M    M   1 1      10 320
13  71  43  57   1   8   0 0.00  0.0    0  3.7 12 320   M    M   3 1      15 320
14  68  51  60   4   5   0 0.01  0.0    0  6.3 15 310   M    M   2 1      18 300
15  68  50  59   4   6   0    T  0.0    0  4.4 12 120   M    M   4        15 120
16  65  56  61   6   4   0 0.46  0.0    0  5.5 13 340   M    M   9 1      18 180
17  63  49  56   2   9   0    T  0.0    0  8.7 18 310   M    M   3 1      23 330
18  64  42  53  -1  12   0 0.00  0.0    0  3.2 14 290   M    M   0 18     16 300
19  64  39  52  -2  13   0 0.00  0.0    0  1.1  7 270   M    M   0 18      8 280
20  65  52  59   5   6   0 0.00  0.0    0  4.1 10 120   M    M   6 18     14 150
21  66  51  59   6   6   0 0.00  0.0    0  4.1 13 300   M    M   5 18     16 290
22  73  48  61   8   4   0 0.00  0.0    0  1.9  7 310   M    M   3 128     8 320
23  76  52  64  12   1   0 0.00  0.0    0  4.4 14 310   M    M   0 1      18 310
================================================================================
SM 1554 1101       160   0  0.60     0.0  91.3          M       68
================================================================================
AV 67.6 47.9                               4.0 FASTST   M    M   3    MAX(MPH)
                                 MISC ---->  # 18 320               # 23  330
================================================================================
NOTES:
# LAST OF SEVERAL OCCURRENCES

COLUMN 17 PEAK WIND IN M.P.H.

PRELIMINARY LOCAL CLIMATOLOGICAL DATA (WS FORM: F-6) , PAGE 2

                                          STATION:  MODESTO CA
                                          MONTH:    NOVEMBER
                                          YEAR:     2017
                                          LATITUDE:   37 37 N
                                          LONGITUDE: 120 57 W

[TEMPERATURE DATA]      [PRECIPITATION DATA]       SYMBOLS USED IN COLUMN 16

AVERAGE MONTHLY: 57.7   TOTAL FOR MONTH:   0.60    1 = FOG OR MIST
DPTR FM NORMAL:   1.4   DPTR FM NORMAL:   -0.40    2 = FOG REDUCING VISIBILITY
HIGHEST:    76 ON 23    GRTST 24HR  0.46 ON 16-16      TO 1/4 MILE OR LESS
LOWEST:     39 ON 19, 6                            3 = THUNDER
                        SNOW, ICE PELLETS, HAIL    4 = ICE PELLETS
                        TOTAL MONTH:   0.0 INCH    5 = HAIL
                        GRTST 24HR     0.0         6 = FREEZING RAIN OR DRIZZLE
                        GRTST DEPTH:   0           7 = DUSTSTORM OR SANDSTORM:
                                                       VSBY 1/2 MILE OR LESS
                                                   8 = SMOKE OR HAZE
[NO. OF DAYS WITH]      [WEATHER - DAYS WITH]      9 = BLOWING SNOW
                                                   X = TORNADO
MAX 32 OR BELOW:   0    0.01 INCH OR MORE:   4
MAX 90 OR ABOVE:   0    0.10 INCH OR MORE:   2
MIN 32 OR BELOW:   0    0.50 INCH OR MORE:   0
MIN  0 OR BELOW:   0    1.00 INCH OR MORE:   0

[HDD (BASE 65) ]
TOTAL THIS MO.   160    CLEAR  (SCALE 0-3)  15
DPTR FM NORMAL   -42    PTCLDY (SCALE 4-7)   7
TOTAL FM JUL 1   207    CLOUDY (SCALE 8-10)  1
DPTR FM NORMAL   -58

[CDD (BASE 65) ]
TOTAL THIS MO.     0
DPTR FM NORMAL     0    [PRESSURE DATA]
TOTAL FM JAN 1  2118    HIGHEST SLP M ON M
DPTR FM NORMAL   422    LOWEST  SLP 29.81 ON 15

[REMARKS]
